000
CXUS54 KJAN 240800
CF6HBG
PRELIMINARY LOCAL CLIMATOLOGICAL DATA (WS FORM: F-6)

                                          STATION:   HATTIESBURG
                                          MONTH:     APRIL
                                          YEAR:      2014
                                          LATITUDE:   31 16 N
                                          LONGITUDE:  89 15 W

  TEMPERATURE IN F:       :PCPN:    SNOW:  WIND      :SUNSHINE: SKY     :PK WND
================================================================================
1   2   3   4   5  6A  6B    7    8   9   10  11  12  13   14  15   16   17  18
                                     12Z  AVG MX 2MIN
DY MAX MIN AVG DEP HDD CDD  WTR  SNW DPTH SPD SPD DIR MIN PSBL S-S WX    SPD DR
================================================================================

 1  81  48  65   3   0   0 0.02  0.0    0  6.3 16 180   M    M   2 13     19 180
 2  84  56  70   8   0   5 0.00  0.0    0  7.6 18 180   M    M   6 12     23 170
 3  83  68  76  14   0  11 0.00  0.0    0 12.3 25 190   M    M   6        33 170
 4  75  63  69   6   0   4 0.33  0.0    0  6.1 32 280   M    M   9 13     42 280
 5  74  56  65   2   0   0    T  0.0    0  6.4 14  40   M    M   7 13     19  20
 6  74  52  63   0   2   0 0.38  0.0    0  8.5 22 190   M    M  10 13     31 180
 7  74  50  62  -1   3   0 0.52  0.0    0  9.4 21 260   M    M   3 13     29 230
 8  65  45  55  -8  10   0 0.65  0.0    0  5.6 26 290   M    M   5 13     34 290
 9  74  47  61  -3   4   0 0.00  0.0    0  5.2 15 320   M    M   0        24 270
10  78  42  60  -4   5   0 0.00  0.0    0  5.6 17 200   M    M   0        27 200
11  80  48  64   0   1   0 0.00  0.0    0  4.8 16 200   M    M   3 1      20 180
12  83  55  69   5   0   4 0.00  0.0    0  5.9 20 190   M    M   4 12     34 210
13  84  58  71   7   0   6 0.00  0.0    0 10.0 24 180   M    M   3 1      31 180
14  72  52  62  -3   3   0 2.05  0.0    0  8.5 23  20   M    M   9 13     29  30
15  59  43  51 -14  14   0 0.03  0.0    0 12.5 23 340   M    M   5 1      32 360
16  68  35  52 -13  13   0 0.00  0.0    0  3.7 14  80   M    M   0        20  90
17  68  41  55 -11  10   0    T  0.0    0  4.4 10  90   M    M   7 8      15  70
18  65  54  60  -6   5   0 0.54  0.0    0  8.0 16  20   M    M   8 1      23  10
19  79  50  65  -1   0   0 0.00  0.0    0  5.9 16 360   M    M   0        23  20
20  81  49  65  -1   0   0 0.00  0.0    0  3.2 14  10   M    M   0 1      19  20
21  79  55  67   0   0   2 0.00  0.0    0  3.9 14 170   M    M   3 1      20 200
22  75  58  67   0   0   2 0.01  0.0    M  3.1 13 250   M    M   5 18     16 250
23  85  54  70   3   0   5 0.00  0.0    0  1.2  9 330   M    M   2 1      14 340
================================================================================
SM 1740 1179        70  39  4.53     0.0 148.1          M       97
================================================================================
AV 75.7 51.3                               6.4 FASTST   M    M   4    MAX(MPH)
                                 MISC ---->  # 32 280               # 42  280
================================================================================
NOTES:
# LAST OF SEVERAL OCCURRENCES

COLUMN 17 PEAK WIND IN M.P.H.

PRELIMINARY LOCAL CLIMATOLOGICAL DATA (WS FORM: F-6) , PAGE 2

                                          STATION:  HATTIESBURG
                                          MONTH:    APRIL
                                          YEAR:     2014
                                          LATITUDE:   31 16 N
                                          LONGITUDE:  89 15 W

[TEMPERATURE DATA]      [PRECIPITATION DATA]       SYMBOLS USED IN COLUMN 16

AVERAGE MONTHLY: 63.5   TOTAL FOR MONTH:   4.53    1 = FOG OR MIST
DPTR FM NORMAL:  -0.9   DPTR FM NORMAL:    0.54    2 = FOG REDUCING VISIBILITY
HIGHEST:    85 ON 23    GRTST 24HR  2.08 ON 14-15      TO 1/4 MILE OR LESS
LOWEST:     35 ON 16                               3 = THUNDER
                        SNOW, ICE PELLETS, HAIL    4 = ICE PELLETS
                        TOTAL MONTH:   0.0 INCH    5 = HAIL
                        GRTST 24HR     0.0         6 = FREEZING RAIN OR DRIZZLE
                        GRTST DEPTH:   0           7 = DUSTSTORM OR SANDSTORM:
                                                       VSBY 1/2 MILE OR LESS
                                                   8 = SMOKE OR HAZE
[NO. OF DAYS WITH]      [WEATHER - DAYS WITH]      9 = BLOWING SNOW
                                                   X = TORNADO
MAX 32 OR BELOW:   0    0.01 INCH OR MORE:   9
MAX 90 OR ABOVE:   0    0.10 INCH OR MORE:   6
MIN 32 OR BELOW:   0    0.50 INCH OR MORE:   4
MIN  0 OR BELOW:   0    1.00 INCH OR MORE:   1

[HDD (BASE 65) ]
TOTAL THIS MO.    70    CLEAR  (SCALE 0-3)   8
DPTR FM NORMAL    -6    PTCLDY (SCALE 4-7)  11
TOTAL FM JUL 1  2265    CLOUDY (SCALE 8-10)  4
DPTR FM NORMAL   294

[CDD (BASE 65) ]
TOTAL THIS MO.    39
DPTR FM NORMAL   -22    [PRESSURE DATA]
TOTAL FM JAN 1    65    HIGHEST SLP M ON M
DPTR FM NORMAL   -44    LOWEST  SLP 29.57 ON M

[REMARKS]
