000
CXUS54 KEWX 240910
CF6HDO
PRELIMINARY LOCAL CLIMATOLOGICAL DATA (WS FORM: F-6)

                                          STATION:   HONDO
                                          MONTH:     JUNE
                                          YEAR:      2017
                                          LATITUDE:   29 21 N
                                          LONGITUDE:  99 10 W

  TEMPERATURE IN F:       :PCPN:    SNOW:  WIND      :SUNSHINE: SKY     :PK WND
================================================================================
1   2   3   4   5  6A  6B    7    8   9   10  11  12  13   14  15   16   17  18
                                     12Z  AVG MX 2MIN
DY MAX MIN AVG DEP HDD CDD  WTR  SNW DPTH SPD SPD DIR MIN PSBL S-S WX    SPD DR
================================================================================

 1  88  67  78  -2   0  13    T    M    M  6.6 13 110   M    M   5 1      17 150
 2  88  71  80   0   0  15 0.14    M    M  5.7 15 160   M    M   6 13     19 160
 3  87  68  78  -2   0  13 0.23    M    M  5.3 24  10   M    M   5 13     32 360
 4  90  67  79  -1   0  14 0.81    M    M  6.6 54 360   M    M   2 13     67  10
 5  94  67  81   1   0  16 0.36    M    M  7.1 23  30   M    M   2 13     28  30
 6  94  67  81   0   0  16 0.00    M    M  9.7 20  30   M    M   1        23  20
 7  97  64  81   0   0  16 0.00    M    M  5.6 13  50   M    M   0        17  40
 8  96  66  81   0   0  16 0.00    M    M  5.1 12 140   M    M   0 8      18 150
 9  95  72  84   3   0  19 0.00    M    M  9.9 22 130   M    M   1        27 130
10  92  71  82   1   0  17 0.00    M    M 11.2 22 140   M    M   4        28 130
11  93  74  84   3   0  19 0.00    M    M 11.1 18 150   M    M   5        26 160
12  94  71  83   2   0  18 0.00    M    M  9.5 20 140   M    M   3        24 150
13  96  75  86   4   0  21 0.00    M    M 10.9 22 140   M    M   4 1      27 140
14  96  78  87   5   0  22 0.00    M    M 12.2 17 140   M    M   7        23 130
15  98  77  88   6   0  23 0.00    M    M 11.5 20 150   M    M   4        24 140
16  99  75  87   5   0  22 0.00    M    M 10.0 21 150   M    M   4        27 130
17 102  74  88   6   0  23 0.00    M    M 10.5 20 140   M    M   3        26 140
18 102  77  90   8   0  25 0.00    M    M 12.6 22 140   M    M   3        27 140
19  94  75  85   3   0  20 0.00    M    M  8.6 16 110   M    M   4        22  80
20 101  71  86   4   0  21 0.00    M    M  5.9 17  60   M    M   2        21  50
21 101  70  86   4   0  21 0.00    M    M  6.9 18  40   M    M   0        26  30
22 102  66  84   2   0  19 0.00    M    M  4.5 10 140   M    M   0        14 210
23 105  75  90   8   0  25 0.00  0.0    0  9.0 20 140   M    M   0        26 130
================================================================================
SM 2204 1638         0 434  1.54     0.0 196.0          M       65
================================================================================
AV 95.8 71.2                               8.5 FASTST   M    M   3    MAX(MPH)
                                 MISC ---->  # 54 360               # 67   10
================================================================================
NOTES:
# LAST OF SEVERAL OCCURRENCES

COLUMN 17 PEAK WIND IN M.P.H.

PRELIMINARY LOCAL CLIMATOLOGICAL DATA (WS FORM: F-6) , PAGE 2

                                          STATION:  HONDO
                                          MONTH:    JUNE
                                          YEAR:     2017
                                          LATITUDE:   29 21 N
                                          LONGITUDE:  99 10 W

[TEMPERATURE DATA]      [PRECIPITATION DATA]       SYMBOLS USED IN COLUMN 16

AVERAGE MONTHLY: 83.5   TOTAL FOR MONTH:   1.54    1 = FOG OR MIST
DPTR FM NORMAL:   2.3   DPTR FM NORMAL:   -1.25    2 = FOG REDUCING VISIBILITY
HIGHEST:   105 ON 23    GRTST 24HR  0.81 ON  4- 4      TO 1/4 MILE OR LESS
LOWEST:     64 ON  7                               3 = THUNDER
                        SNOW, ICE PELLETS, HAIL    4 = ICE PELLETS
                        TOTAL MONTH:   0.0 INCH    5 = HAIL
                        GRTST 24HR     0.0         6 = FREEZING RAIN OR DRIZZLE
                        GRTST DEPTH:   0           7 = DUSTSTORM OR SANDSTORM:
                                                       VSBY 1/2 MILE OR LESS
                                                   8 = SMOKE OR HAZE
[NO. OF DAYS WITH]      [WEATHER - DAYS WITH]      9 = BLOWING SNOW
                                                   X = TORNADO
MAX 32 OR BELOW:   0    0.01 INCH OR MORE:   4
MAX 90 OR ABOVE:  20    0.10 INCH OR MORE:   4
MIN 32 OR BELOW:   0    0.50 INCH OR MORE:   1
MIN  0 OR BELOW:   0    1.00 INCH OR MORE:   0

[HDD (BASE 65) ]
TOTAL THIS MO.     0    CLEAR  (SCALE 0-3)  13
DPTR FM NORMAL     0    PTCLDY (SCALE 4-7)  10
TOTAL FM JUL 1   739    CLOUDY (SCALE 8-10)  0
DPTR FM NORMAL  -848

[CDD (BASE 65) ]
TOTAL THIS MO.   434
DPTR FM NORMAL    60    [PRESSURE DATA]
TOTAL FM JAN 1  1229    HIGHEST SLP M ON M
DPTR FM NORMAL   263    LOWEST  SLP 29.59 ON 22

[REMARKS]
