000
CXUS51 KLWX 300620
CF6HGR
PRELIMINARY LOCAL CLIMATOLOGICAL DATA (WS FORM: F-6)

                                          STATION:   HAGERSTOWN MD
                                          MONTH:     SEPTEMBER
                                          YEAR:      2014
                                          LATITUDE:   39 42 N
                                          LONGITUDE:  77 43 W

  TEMPERATURE IN F:       :PCPN:    SNOW:  WIND      :SUNSHINE: SKY     :PK WND
================================================================================
1   2   3   4   5  6A  6B    7    8   9   10  11  12  13   14  15   16   17  18
                                     12Z  AVG MX 2MIN
DY MAX MIN AVG DEP HDD CDD  WTR  SNW DPTH SPD SPD DIR MIN PSBL S-S WX    SPD DR
================================================================================

 1  88  72  80   9   0  15    T    M    M  5.1 17 290   M    M   5 1      24 290
 2  90  73  82  12   0  17 0.19    M    M  5.7 31 270   M    M   3 3      50 280
 3  83  69  76   6   0  11 0.00    M    M  3.8  9 340   M    M   0        11 340
 4  86  66  76   6   0  11 0.00    M    M  6.9 15 180   M    M   4 1      23 180
 5  87  70  79   9   0  14    T    M    M  2.7 13  60   M    M   1 138    15 140
 6  90  66  78   9   0  13 0.83    M    M  7.1 38 270   M    M   3 1238   51 270
 7  77  61  69   0   0   4 0.00    M    M  5.8 16  40   M    M   1        21  30
 8  76  55  66  -3   0   1 0.00    M    M  6.9 16 130   M    M   1        22 130
 9  73  59  66  -2   0   1    T    M    M  5.3 10  80   M    M  10        13  70
10  78  66  72   4   0   7 0.00    M    M  8.3 17 160   M    M   7 8      22 160
11  84  62  73   5   0   8    T    M    M  9.1 17 320   M    M   4        22 170
12  73  56  65  -2   0   0 0.00    M    M  6.0 15 330   M    M   1        17 320
13  67  52  60  -7   5   0 0.15    M    M  5.3 15 300   M    M   6 1      18 300
14  67  46  57  -9   8   0 0.00    M    M  3.6 10 340   M    M   1        13 350
15  70  48  59  -7   6   0 0.00    M    M  3.1 10 260   M    M   2        15 240
16  73  57  65  -1   0   0    T    M    M  6.0 17 320   M    M   6        22 320
17  72  48  60  -5   5   0 0.00    M    M  2.0  9 240   M    M   1        14 260
18  75  51  63  -2   2   0 0.00    M    M  4.9 13 340   M    M   3        16 310
19  71  52  62  -3   3   0 0.00    M    M  7.5 16 140   M    M   7        21 150
20  79  61  70   6   0   5 0.00    M    M  9.3 17 180   M    M   4 1      22 180
21  83  57  70   6   0   5 0.12    M    M  6.0 18 280   M    M   2        25 270
22  67  49  58  -5   7   0 0.00    M    M 12.8 25 320   M    M   4        31 320
23  71  43  57  -6   8   0 0.00    M    M  2.2  8 340   M    M   0        13 330
24  67  47  57  -5   8   0 0.06    M    M  5.7 14  80   M    M   1        18  70
25   M   M   M   M   M   M 0.43    M    M  8.1 15 330   M    M   9 1      21  30
26  76  53  65   3   0   0 0.00    M    M  4.8 15  10   M    M   2 12     19 350
27  80  53  67   6   0   2 0.00    M    M  1.7  8 270   M    M   0        12 280
28  77  53  65   4   0   0 0.00    M    M  2.4  8 160   M    M   0 18     11 170
29  76  60  68   8   0   3    T    M    M  3.3 12 130   M    M   1        14 140
================================================================================
SM 2156 1605        52 117  1.78    M    161.4          M       89
================================================================================
AV 77.0 57.3                               5.6 FASTST   M    M   3    MAX(MPH)
                                 MISC ---->  # 38 270               # 51  270
================================================================================
NOTES:
# LAST OF SEVERAL OCCURRENCES

COLUMN 17 PEAK WIND IN M.P.H.

PRELIMINARY LOCAL CLIMATOLOGICAL DATA (WS FORM: F-6) , PAGE 2

                                          STATION:  HAGERSTOWN MD
                                          MONTH:    SEPTEMBER
                                          YEAR:     2014
                                          LATITUDE:   39 42 N
                                          LONGITUDE:  77 43 W

[TEMPERATURE DATA]      [PRECIPITATION DATA]       SYMBOLS USED IN COLUMN 16

AVERAGE MONTHLY: 67.2   TOTAL FOR MONTH:   1.78    1 = FOG OR MIST
DPTR FM NORMAL:   1.3   DPTR FM NORMAL:   -1.75    2 = FOG REDUCING VISIBILITY
HIGHEST:    90 ON  6, 2 GRTST 24HR  0.83 ON  5- 6      TO 1/4 MILE OR LESS
LOWEST:     43 ON 23                               3 = THUNDER
                        SNOW, ICE PELLETS, HAIL    4 = ICE PELLETS
                        TOTAL MONTH:    M          5 = HAIL
                        GRTST 24HR    M  ON   M    6 = FREEZING RAIN OR DRIZZLE
                        GRTST DEPTH:  M  ON   M    7 = DUSTSTORM OR SANDSTORM:
                                                       VSBY 1/2 MILE OR LESS
                                                   8 = SMOKE OR HAZE
[NO. OF DAYS WITH]      [WEATHER - DAYS WITH]      9 = BLOWING SNOW
                                                   X = TORNADO
MAX 32 OR BELOW:   0    0.01 INCH OR MORE:   6
MAX 90 OR ABOVE:   2    0.10 INCH OR MORE:   5
MIN 32 OR BELOW:   0    0.50 INCH OR MORE:   1
MIN  0 OR BELOW:   0    1.00 INCH OR MORE:   0

[HDD (BASE 65) ]
TOTAL THIS MO.    52    CLEAR  (SCALE 0-3)  18
DPTR FM NORMAL    -9    PTCLDY (SCALE 4-7)   9
TOTAL FM JUL 1    54    CLOUDY (SCALE 8-10)  2
DPTR FM NORMAL   -12

[CDD (BASE 65) ]
TOTAL THIS MO.   117
DPTR FM NORMAL    27    [PRESSURE DATA]
TOTAL FM JAN 1   930    HIGHEST SLP M ON M
DPTR FM NORMAL   -28    LOWEST  SLP 29.65 ON 21

[REMARKS]
