000
CXUS54 KHGX 301415
CF6HGX
PRELIMINARY LOCAL CLIMATOLOGICAL DATA (WS FORM: F-6)

                                          STATION:   DICKINSON  WFO
                                          MONTH:     JANUARY
                                          YEAR:      2015
                                          LATITUDE:   29 28 N
                                          LONGITUDE:  95  5 W

  TEMPERATURE IN F:       :PCPN:    SNOW:  WIND      :SUNSHINE: SKY     :PK WND
================================================================================
1   2   3   4   5  6A  6B    7    8   9   10  11  12  13   14  15   16   17  18
                                     12Z  AVG MX 2MIN
DY MAX MIN AVG DEP HDD CDD  WTR  SNW DPTH SPD SPD DIR MIN PSBL S-S WX    SPD DR
================================================================================

 1  47  43  45  -7  20   0 0.06    M    M   M   M   M   M    M   M         M  M
 2  62  47  55   3  10   0 0.15  0.0    0   M   M   M   M    M   M 13      M  M
 3  65  42  54   2  11   0 1.55  0.0    M   M   M   M   M    M   M 3       M  M
 4  54  38  46  -6  19   0 0.00    M    M   M   M   M   M    M   M         M  M
 5  50  34  42 -10  23   0 0.00  0.0    M   M   M   M   M    M   M         M  M
 6  64  34  49  -3  16   0 0.00  0.0    M   M   M   M   M    M   M         M  M
 7  61  41  51  -1  14   0 0.00  0.0    M   M   M   M   M    M   M         M  M
 8  41  29  35 -17  30   0    T  0.0    M   M   M   M   M    M   M         M  M
 9  42  36  39 -13  26   0 0.06  0.0    M   M   M   M   M    M   M         M  M
10  40  37  39 -13  26   0 0.28    M    M   M   M   M   M    M   M         M  M
11  50  40  45  -7  20   0 1.23    M    M   M   M   M   M    M   M 123     M  M
12  48  43  46  -6  19   0 0.00  0.0    M   M   M   M   M    M   M 12      M  M
13  45  41  43  -9  22   0 0.02  0.0    M   M   M   M   M    M   M         M  M
14  43  40  42 -10  23   0 0.02    M    M   M   M   M   M    M   M         M  M
15  52  38  45  -7  20   0 0.06  0.0    M   M   M   M   M    M   M         M  M
16  58  33  46  -6  19   0 0.00    M    M   M   M   M   M    M   M         M  M
17  68  40  54   2  11   0 0.00    M    M   M   M   M   M    M   M         M  M
18  65  41  53   1  12   0 0.00  0.0    M   M   M   M   M    M   M         M  M
19  70  37  54   1  11   0 0.00  0.0    M   M   M   M   M    M   M         M  M
20  76  49  63  10   2   0 0.00  0.0    M   M   M   M   M    M   M         M  M
21  61  53  57   4   8   0 0.02    M    M   M   M   M   M    M   M         M  M
22  60  45  53   0  12   0 2.79  0.0    M   M   M   M   M    M   M         M  M
23  45  38  42 -11  23   0 0.02  0.0    M   M   M   M   M    M   M         M  M
24  60  35  48  -5  17   0 0.00  0.0    M   M   M   M   M    M   M         M  M
25  70  41  56   3   9   0 0.00  0.0    M   M   M   M   M    M   M         M  M
26  67  40  54   1  11   0 0.00  0.0    M   M   M   M   M    M   M         M  M
27  79  48  64  11   1   0 0.00  0.0    M   M   M   M   M    M   M         M  M
28  77  45  61   8   4   0 0.00    M    M   M   M   M   M    M   M         M  M
29  77  50  64  10   1   0 0.00  0.0    M   M   M   M   M    M   M         M  M
================================================================================
SM 1697 1178       440   0  6.26     0.0     M          M        M
================================================================================
AV 58.5 40.6                                 M FASTST   M    M   5    MAX(MPH)
                                 MISC ---->     M   M                  M    M
================================================================================
NOTES:
# LAST OF SEVERAL OCCURRENCES

COLUMN 17 PEAK WIND IN M.P.H.

PRELIMINARY LOCAL CLIMATOLOGICAL DATA (WS FORM: F-6) , PAGE 2

                                          STATION:  DICKINSON  WFO
                                          MONTH:    JANUARY
                                          YEAR:     2015
                                          LATITUDE:   29 28 N
                                          LONGITUDE:  95  5 W

[TEMPERATURE DATA]      [PRECIPITATION DATA]       SYMBOLS USED IN COLUMN 16

AVERAGE MONTHLY: 49.6   TOTAL FOR MONTH:   6.26    1 = FOG OR MIST
DPTR FM NORMAL:  -2.8   DPTR FM NORMAL:    2.05    2 = FOG REDUCING VISIBILITY
HIGHEST:    79 ON 27    GRTST 24HR  2.79 ON 22-22      TO 1/4 MILE OR LESS
LOWEST:     29 ON  8                               3 = THUNDER
                        SNOW, ICE PELLETS, HAIL    4 = ICE PELLETS
                        TOTAL MONTH:   0.0 INCH    5 = HAIL
                        GRTST 24HR     0.0         6 = FREEZING RAIN OR DRIZZLE
                        GRTST DEPTH:   0           7 = DUSTSTORM OR SANDSTORM:
                                                       VSBY 1/2 MILE OR LESS
                                                   8 = SMOKE OR HAZE
[NO. OF DAYS WITH]      [WEATHER - DAYS WITH]      9 = BLOWING SNOW
                                                   X = TORNADO
MAX 32 OR BELOW:   0    0.01 INCH OR MORE:  12
MAX 90 OR ABOVE:   0    0.10 INCH OR MORE:   5
MIN 32 OR BELOW:   1    0.50 INCH OR MORE:   3
MIN  0 OR BELOW:   0    1.00 INCH OR MORE:   3

[HDD (BASE 65) ]
TOTAL THIS MO.   440    CLEAR  (SCALE 0-3)   0
DPTR FM NORMAL    71    PTCLDY (SCALE 4-7)   0
TOTAL FM JUL 1   954    CLOUDY (SCALE 8-10)  0
DPTR FM NORMAL    37

[CDD (BASE 65) ]
TOTAL THIS MO.     0
DPTR FM NORMAL     0    [PRESSURE DATA]
TOTAL FM JAN 1     0    HIGHEST SLP M ON M
DPTR FM NORMAL     0    LOWEST  SLP M ON M

[REMARKS]
