000
CXUS55 KLOX 221655
CF6HHR
PRELIMINARY LOCAL CLIMATOLOGICAL DATA (WS FORM: F-6)

                                          STATION:   HAWTHORNE AIRPORT CA
                                          MONTH:     SEPTEMBER
                                          YEAR:      2017
                                          LATITUDE:   33 55 N
                                          LONGITUDE: 118 20 W

  TEMPERATURE IN F:       :PCPN:    SNOW:  WIND      :SUNSHINE: SKY     :PK WND
================================================================================
1   2   3   4   5  6A  6B    7    8   9   10  11  12  13   14  15   16   17  18
                                     12Z  AVG MX 2MIN
DY MAX MIN AVG DEP HDD CDD  WTR  SNW DPTH SPD SPD DIR MIN PSBL S-S WX    SPD DR
================================================================================

 1  94  74  84  12   0  19 0.00  0.0    0  4.6 16 260   M    M   1 8      19 260
 2  96  75  86  15   0  21 0.00  0.0    0  4.3 12 130   M    M   0        16 130
 3  96  75  86  15   0  21    T  0.0    0  5.0 16 270   M    M   0 8      20 250
 4  80  73  77   6   0  12 0.01  0.0    0  3.0 10 150   M    M   7        16 160
 5  80  71  76   5   0  11 0.00  0.0    0  7.4 17 260   M    M   1 18     20 270
 6  76  68  72   1   0   7 0.00  0.0    0  7.9 18 260   M    M   0 1      24 260
 7  79  67  73   2   0   8 0.00  0.0    0  6.4 21 260   M    M   0 8      26 260
 8  77  67  72   1   0   7 0.00  0.0    0  5.0 14 260   M    M   1        18 250
 9  77  66  72   1   0   7 0.00  0.0    0  5.3 14 270   M    M   4        18 260
10  83  66  75   4   0  10 0.00  0.0    0  4.8 17 260   M    M   1 8      22 270
11  88  69  79   8   0  14 0.00  0.0    0  5.4 21 250   M    M   1 8      25 250
12  75  67  71   0   0   6 0.00  0.0    0  8.7 16 260   M    M   4 18     21 250
13  74  66  70  -1   0   5 0.00  0.0    0  8.8 16 250   M    M   5        23 240
14  76  64  70  -1   0   5 0.00  0.0    0  6.8 17 270   M    M   3 8      22 260
15  75  66  71   0   0   6 0.00  0.0    0  4.6 15 260   M    M   3        20 260
16  77  65  71   1   0   6 0.00  0.0    0  4.2 16 250   M    M   4        20 250
17  74  66  70   0   0   5 0.00  0.0    0  5.1 14 270   M    M   6 8      18 250
18  74  64  69  -1   0   4 0.00  0.0    0  5.7 14 250   M    M   6 8      19 250
19  76  67  72   2   0   7    T  0.0    0  3.7 14 260   M    M   7        17 270
20  76  65  71   1   0   6 0.00  0.0    0  5.2 14 260   M    M   5 8      18 250
21  73  63  68  -2   0   3    T  0.0    0  8.2 20 260   M    M   5        28 260
================================================================================
SM 1676 1424         0 190  0.01     0.0 120.1          M       64
================================================================================
AV 79.8 67.8                               5.7 FASTST   M    M   3    MAX(MPH)
                                 MISC ---->  # 21 260               # 28  260
================================================================================
NOTES:
# LAST OF SEVERAL OCCURRENCES

COLUMN 17 PEAK WIND IN M.P.H.

PRELIMINARY LOCAL CLIMATOLOGICAL DATA (WS FORM: F-6) , PAGE 2

                                          STATION:  HAWTHORNE AIRPORT CA
                                          MONTH:    SEPTEMBER
                                          YEAR:     2017
                                          LATITUDE:   33 55 N
                                          LONGITUDE: 118 20 W

[TEMPERATURE DATA]      [PRECIPITATION DATA]       SYMBOLS USED IN COLUMN 16

AVERAGE MONTHLY: 73.8   TOTAL FOR MONTH:   0.01    1 = FOG OR MIST
DPTR FM NORMAL:   3.0   DPTR FM NORMAL:   -0.08    2 = FOG REDUCING VISIBILITY
HIGHEST:    96 ON  3, 2 GRTST 24HR  0.01 ON  4- 4      TO 1/4 MILE OR LESS
LOWEST:     63 ON 21                               3 = THUNDER
                        SNOW, ICE PELLETS, HAIL    4 = ICE PELLETS
                        TOTAL MONTH:   0.0 INCH    5 = HAIL
                        GRTST 24HR     0.0         6 = FREEZING RAIN OR DRIZZLE
                        GRTST DEPTH:   0           7 = DUSTSTORM OR SANDSTORM:
                                                       VSBY 1/2 MILE OR LESS
                                                   8 = SMOKE OR HAZE
[NO. OF DAYS WITH]      [WEATHER - DAYS WITH]      9 = BLOWING SNOW
                                                   X = TORNADO
MAX 32 OR BELOW:   0    0.01 INCH OR MORE:   1
MAX 90 OR ABOVE:   3    0.10 INCH OR MORE:   0
MIN 32 OR BELOW:   0    0.50 INCH OR MORE:   0
MIN  0 OR BELOW:   0    1.00 INCH OR MORE:   0

[HDD (BASE 65) ]
TOTAL THIS MO.     0    CLEAR  (SCALE 0-3)  10
DPTR FM NORMAL     0    PTCLDY (SCALE 4-7)  11
TOTAL FM JUL 1     0    CLOUDY (SCALE 8-10)  0
DPTR FM NORMAL    -1

[CDD (BASE 65) ]
TOTAL THIS MO.   190
DPTR FM NORMAL    70    [PRESSURE DATA]
TOTAL FM JAN 1   893    HIGHEST SLP M ON M
DPTR FM NORMAL   257    LOWEST  SLP 29.67 ON  1

[REMARKS]
