000
CXUS56 KHNX 301146
CF6HJO
PRELIMINARY LOCAL CLIMATOLOGICAL DATA (WS FORM: F-6)

                                          STATION:   HANFORD CA AIRPORT
                                          MONTH:     SEPTEMBER
                                          YEAR:      2014
                                          LATITUDE:   36 19 N
                                          LONGITUDE: 119 38 W

  TEMPERATURE IN F:       :PCPN:    SNOW:  WIND      :SUNSHINE: SKY     :PK WND
================================================================================
1   2   3   4   5  6A  6B    7    8   9   10  11  12  13   14  15   16   17  18
                                     12Z  AVG MX 2MIN
DY MAX MIN AVG DEP HDD CDD  WTR  SNW DPTH SPD SPD DIR MIN PSBL S-S WX    SPD DR
================================================================================

 1  98  60  79   3   0  14 0.00  0.0    0  4.1 12 300   M    M   0 8      14 340
 2 103  63  83   7   0  18 0.00  0.0    0  4.7 17 320   M    M   0 8      20 320
 3  96  62  79   3   0  14 0.00  0.0    0  6.1 13 320   M    M   0         M  M
 4  97  61  79   3   0  14 0.00  0.0    0  4.8 12 290   M    M   0 8      15 320
 5  99  65  82   6   0  17 0.00  0.0    0  5.5 12 320   M    M   0 8      15 320
 6  99  64  82   6   0  17 0.00  0.0    0  5.7 14 300   M    M   0 8      19 310
 7 101  64  83   7   0  18 0.00  0.0    0  6.3 14 320   M    M   0        23 330
 8  93  70  82   7   0  17    T  0.0    0  6.6 15 310   M    M   3         M  M
 9  93  57  75   0   0  10 0.00  0.0    0  6.0 13 300   M    M   0 8      18 310
10  97  56  77   2   0  12 0.00  0.0    0  4.1 13 310   M    M   0 8      15 330
11 100  59  80   5   0  15 0.00  0.0    0  3.5 12 310   M    M   0 8      14 310
12 101  60  81   7   0  16 0.00  0.0    0  3.6  9 360   M    M   1 8      13 320
13 103  61  82   8   0  17 0.00  0.0    0  4.1 12 320   M    M   1 8      14 270
14 102  65  84  10   0  19 0.00  0.0    0  6.4 13 310   M    M   2        17 310
15 103  68  86  12   0  21 0.00  0.0    0  6.1 16 310   M    M   2        21 310
16  96  65  81   7   0  16 0.00  0.0    0  6.6 16 310   M    M   1 8      22 310
17  99  64  82   9   0  17 0.00  0.0    0  5.9 14 170   M    M   2 8      18 220
18  90  64  77   4   0  12 0.00  0.0    0  7.9 18 310   M    M   1        25 300
19  87  65  76   3   0  11 0.00  0.0    0  7.4 20 310   M    M   0 8      24 300
20  93  65  79   7   0  14 0.00  0.0    0  7.8 15 320   M    M   1        19 320
21  89  62  76   4   0  11 0.00  0.0    0  7.5 14 310   M    M   0        17 320
22  91  62  77   5   0  12 0.00  0.0    0  5.1 15 310   M    M   1 8      19 300
23  94  64  79   7   0  14 0.00  0.0    0  4.9 12 310   M    M   0        15 310
24  94  63  79   8   0  14 0.00  0.0    0  5.8 16 320   M    M   0        20 320
25  86  62  74   3   0   9 0.00  0.0    0 10.4 24 320   M    M   2 8      29 320
26  80  62  71   0   0   6 0.00  0.0    0 10.1 17 320   M    M   5 8      21 310
27  79  52  66  -4   0   1 0.00  0.0    0  5.1 15  50   M    M   1        18  60
28  80  56  68  -2   0   3 0.01  0.0    0  5.7 13  10   M    M   5        19  10
29  82  57  70   0   0   5 0.00  0.0    0  4.2 10 300   M    M   0 18     17 330
================================================================================
SM 2725 1798         0 384  0.01     0.0 172.0          M       28
================================================================================
AV 94.0 62.0                               5.9 FASTST   M    M   1    MAX(MPH)
                                 MISC ---->  # 24 320               # 29  320
================================================================================
NOTES:
# LAST OF SEVERAL OCCURRENCES

COLUMN 17 PEAK WIND IN M.P.H.

PRELIMINARY LOCAL CLIMATOLOGICAL DATA (WS FORM: F-6) , PAGE 2

                                          STATION:  HANFORD CA AIRPORT
                                          MONTH:    SEPTEMBER
                                          YEAR:     2014
                                          LATITUDE:   36 19 N
                                          LONGITUDE: 119 38 W

[TEMPERATURE DATA]      [PRECIPITATION DATA]       SYMBOLS USED IN COLUMN 16

AVERAGE MONTHLY: 78.0   TOTAL FOR MONTH:   0.01    1 = FOG OR MIST
DPTR FM NORMAL:   4.5   DPTR FM NORMAL:   -0.15    2 = FOG REDUCING VISIBILITY
HIGHEST:   103 ON 15,13 GRTST 24HR  0.01 ON 28-28      TO 1/4 MILE OR LESS
LOWEST:     52 ON 27                               3 = THUNDER
                        SNOW, ICE PELLETS, HAIL    4 = ICE PELLETS
                        TOTAL MONTH:   0.0 INCH    5 = HAIL
                        GRTST 24HR     0.0         6 = FREEZING RAIN OR DRIZZLE
                        GRTST DEPTH:   0           7 = DUSTSTORM OR SANDSTORM:
                                                       VSBY 1/2 MILE OR LESS
                                                   8 = SMOKE OR HAZE
[NO. OF DAYS WITH]      [WEATHER - DAYS WITH]      9 = BLOWING SNOW
                                                   X = TORNADO
MAX 32 OR BELOW:   0    0.01 INCH OR MORE:   1
MAX 90 OR ABOVE:  22    0.10 INCH OR MORE:   0
MIN 32 OR BELOW:   0    0.50 INCH OR MORE:   0
MIN  0 OR BELOW:   0    1.00 INCH OR MORE:   0

[HDD (BASE 65) ]
TOTAL THIS MO.     0    CLEAR  (SCALE 0-3)  27
DPTR FM NORMAL    -3    PTCLDY (SCALE 4-7)   2
TOTAL FM JUL 1     0    CLOUDY (SCALE 8-10)  0
DPTR FM NORMAL    -3

[CDD (BASE 65) ]
TOTAL THIS MO.   384
DPTR FM NORMAL   133    [PRESSURE DATA]
TOTAL FM JAN 1  2141    HIGHEST SLP M ON M
DPTR FM NORMAL   559    LOWEST  SLP 29.61 ON  3

[REMARKS]
