000
CXUS52 KGSP 270817
CF6HKY
PRELIMINARY LOCAL CLIMATOLOGICAL DATA (WS FORM: F-6)

                                          STATION:   HICKORY NC
                                          MONTH:     AUGUST
                                          YEAR:      2016
                                          LATITUDE:   35 45 N
                                          LONGITUDE:  81 23 W

  TEMPERATURE IN F:       :PCPN:    SNOW:  WIND      :SUNSHINE: SKY     :PK WND
================================================================================
1   2   3   4   5  6A  6B    7    8   9   10  11  12  13   14  15   16   17  18
                                     12Z  AVG MX 2MIN
DY MAX MIN AVG DEP HDD CDD  WTR  SNW DPTH SPD SPD DIR MIN PSBL S-S WX    SPD DR
================================================================================

 1  89  71  80   3   0  15    T    M    M  2.7 12 190   M    M   5 1      16 210
 2  86  71  79   2   0  14 0.14    M    M  2.9 15 360   M    M   4 13     21 340
 3  84  73  79   2   0  14 0.01    M    M  5.9 12  70   M    M   8 1      16  70
 4  77  70  74  -3   0   9    T    M    M  4.8 13  60   M    M  10 1      15  60
 5  86  71  79   2   0  14 0.12    M    M  3.0 20 270   M    M   7 13     25 270
 6  90  69  80   3   0  15 0.00    M    M  3.4 12 240   M    M   3 12     15 230
 7  88  71  80   3   0  15 0.59    M    M  3.5 16  20   M    M   5 13     19  20
 8  82  71  77   0   0  12 0.12    M    M  7.0 16  60   M    M  10 13     22  50
 9  87  71  79   2   0  14 0.02    M    M  3.5 15 190   M    M   8 1      21 190
10  85  73  79   2   0  14 0.27    M    M  2.3  9 240   M    M   8 1      14 170
11  87  73  80   3   0  15 0.00    M    M  2.5  9 290   M    M   7 1      12 170
12  88  73  81   4   0  16    T    M    M  3.1 13 210   M    M   3 1      19 200
13  89  73  81   4   0  16 0.00    M    M  5.4 16 230   M    M   2 1      22 180
14  91  71  81   4   0  16 0.00    M    M  3.2 14 200   M    M   1        20 190
15  91  71  81   4   0  16 0.00    M    M  3.9 14 230   M    M   1 3      18 220
16  91  72  82   5   0  17 0.00    M    M  4.0 14 200   M    M   1        19 230
17  92  72  82   5   0  17 0.01    M    M  3.3 23 300   M    M   1 13     34 320
18  90  70  80   4   0  15 0.59    M    M  3.0 15 300   M    M   3 13     20 310
19  87  70  79   3   0  14 0.18    M    M  3.5 13 220   M    M   3 13     17 220
20  85  71  78   2   0  13 0.03    M    M  2.6 14 240   M    M   7 1      17 250
21  88  71  80   4   0  15 0.55    M    M  3.5 13 210   M    M   4 123    18 200
22  83  66  75  -1   0  10 0.00    M    M  2.3 10  70   M    M   2        14  70
23  85  66  76   0   0  11 0.00    M    M  1.9  8 100   M    M   4        12 100
24  82  64  73  -3   0   8 0.00    M    M  2.4 12 240   M    M   6 12     13 240
25  91  67  79   3   0  14 0.00    M    M  1.3  8 230   M    M   4 12     11 250
26  94  72  83   7   0  18 0.00    M    M  4.0 10  60   M    M   0 1      14  60
================================================================================
SM 2268 1833         0 367  2.63    M     88.9          M      117
================================================================================
AV 87.2 70.5                               3.4 FASTST   M    M   5    MAX(MPH)
                                 MISC ---->  # 23 300               # 34  320
================================================================================
NOTES:
# LAST OF SEVERAL OCCURRENCES

COLUMN 17 PEAK WIND IN M.P.H.

PRELIMINARY LOCAL CLIMATOLOGICAL DATA (WS FORM: F-6) , PAGE 2

                                          STATION:  HICKORY NC
                                          MONTH:    AUGUST
                                          YEAR:     2016
                                          LATITUDE:   35 45 N
                                          LONGITUDE:  81 23 W

[TEMPERATURE DATA]      [PRECIPITATION DATA]       SYMBOLS USED IN COLUMN 16

AVERAGE MONTHLY: 78.9   TOTAL FOR MONTH:   2.63    1 = FOG OR MIST
DPTR FM NORMAL:   2.2   DPTR FM NORMAL:   -0.83    2 = FOG REDUCING VISIBILITY
HIGHEST:    94 ON 26    GRTST 24HR  1.00 ON 31- 1      TO 1/4 MILE OR LESS
LOWEST:     64 ON 24                               3 = THUNDER
                        SNOW, ICE PELLETS, HAIL    4 = ICE PELLETS
                        TOTAL MONTH:    M          5 = HAIL
                        GRTST 24HR    M  ON   M    6 = FREEZING RAIN OR DRIZZLE
                        GRTST DEPTH:  M  ON   M    7 = DUSTSTORM OR SANDSTORM:
                                                       VSBY 1/2 MILE OR LESS
                                                   8 = SMOKE OR HAZE
[NO. OF DAYS WITH]      [WEATHER - DAYS WITH]      9 = BLOWING SNOW
                                                   X = TORNADO
MAX 32 OR BELOW:   0    0.01 INCH OR MORE:  12
MAX 90 OR ABOVE:   8    0.10 INCH OR MORE:   8
MIN 32 OR BELOW:   0    0.50 INCH OR MORE:   3
MIN  0 OR BELOW:   0    1.00 INCH OR MORE:   0

[HDD (BASE 65) ]
TOTAL THIS MO.     0    CLEAR  (SCALE 0-3)   8
DPTR FM NORMAL     0    PTCLDY (SCALE 4-7)  15
TOTAL FM JUL 1     0    CLOUDY (SCALE 8-10)  3
DPTR FM NORMAL     0

[CDD (BASE 65) ]
TOTAL THIS MO.   367
DPTR FM NORMAL    63    [PRESSURE DATA]
TOTAL FM JAN 1  1360    HIGHEST SLP M ON M
DPTR FM NORMAL   246    LOWEST  SLP 29.82 ON  6

[REMARKS]
