000
CXHW50 PHFO 011250
CF6HNL
PRELIMINARY LOCAL CLIMATOLOGICAL DATA (WS FORM: F-6)

                                          STATION:   HONOLULU HI
                                          MONTH:     JANUARY
                                          YEAR:      2015
                                          LATITUDE:   21 21 N
                                          LONGITUDE: 157 56 W

  TEMPERATURE IN F:       :PCPN:    SNOW:  WIND      :SUNSHINE: SKY     :PK WND
================================================================================
1   2   3   4   5  6A  6B    7    8   9   10  11  12  13   14  15   16   17  18
                                     12Z  AVG MX 2MIN
DY MAX MIN AVG DEP HDD CDD  WTR  SNW DPTH SPD SPD DIR MIN PSBL S-S WX    SPD DR
================================================================================

 1  76  63  70  -4   0   5 0.00  0.0    0  6.6 18 270   M    M   6        22 260
 2  77  64  71  -3   0   6 0.71  0.0    0 11.0 38 230   M    M   7 13     47 230
 3  76  62  69  -5   0   4 0.02  0.0    0 12.1 37 330   M    M   5 1      48 310
 4  78  58  68  -5   0   3 0.00  0.0    0  6.5 21 340   M    M   5        26 350
 5  76  57  67  -6   0   2 0.00  0.0    0  4.4 12 330   M    M   3        15 220
 6  79  64  72  -1   0   7    T  0.0    0  7.5 17  60   M    M   3        20  40
 7  78  64  71  -2   0   6 0.00  0.0    0  7.8 18  30   M    M   5        24  30
 8  80  61  71  -2   0   6 0.00  0.0    0  5.9 13  80   M    M   5        16  70
 9  80  66  73   0   0   8 0.00  0.0    0  4.3 10  30   M    M   5        14  40
10  80  68  74   1   0   9 0.00  0.0    0  5.1 14 150   M    M   4        20 160
11  79  63  71  -2   0   6 0.00  0.0    0  4.2 10 210   M    M   4        14 230
12  79  65  72  -1   0   7 0.00  0.0    0  4.4 13 220   M    M   4        15 230
13  79  63  71  -2   0   6 0.00  0.0    0  2.3  9 220   M    M   3        13 220
14  80  66  73   0   0   8 0.00  0.0    0  3.1  9 130   M    M   6        13 140
15  80  68  74   1   0   9    T  0.0    0  5.9 14 160   M    M   7 8      17 160
16  80  71  76   3   0  11 0.03  0.0    0  4.6 13 190   M    M   7 1      17 330
17  80  70  75   2   0  10 0.00  0.0    0  4.3 12 160   M    M   7        15 160
18  85  65  75   2   0  10 0.00  0.0    0  4.8 14 130   M    M   3        17 150
19  81  67  74   1   0   9 0.00  0.0    0  4.2 14 130   M    M   3        21 140
20  83  65  74   1   0   9 0.00  0.0    0  4.7 15 150   M    M   3        18 150
21  81  65  73   0   0   8 0.00  0.0    0  4.5 13 160   M    M   3        16 150
22  81  67  74   1   0   9 0.00  0.0    0  4.7 10 170   M    M   4        14 170
23  80  71  76   3   0  11 0.10  0.0    0  5.8 17 190   M    M   7 1      21 180
24  79   M   M   M   M   M    T  0.0    0  8.8 18  10   M    M   6 1      26  10
25  77  67  72  -1   0   7 0.00  0.0    0 11.1 25  40   M    M   5        31  40
26  81  67  74   1   0   9 0.00  0.0    0 11.4 24  70   M    M   3        29  70
27  81  64  73   0   0   8 0.00  0.0    0  6.3 20  70   M    M   4        23  70
28  80  69  75   2   0  10 0.02  0.0    0  4.3 12 210   M    M   6        16 220
29  80  71  76   3   0  11 0.05  0.0    0  9.7 17 230   M    M   7 18     21 210
30  80  65  73   0   0   8 0.00  0.0    0  5.2 13 220   M    M   4        15 200
31  80  64  72  -1   0   7 0.01  0.0    0  5.9 13 230   M    M   5        16 250
================================================================================
SM 2466 1960         0 229  0.94     0.0 191.4          M      149
================================================================================
AV 79.5 65.3                               6.2 FASTST   M    M   5    MAX(MPH)
                                 MISC ---->  # 38 230               # 48  310
================================================================================
NOTES:
# LAST OF SEVERAL OCCURRENCES

COLUMN 17 PEAK WIND IN M.P.H.

PRELIMINARY LOCAL CLIMATOLOGICAL DATA (WS FORM: F-6) , PAGE 2

                                          STATION:  HONOLULU HI
                                          MONTH:    JANUARY
                                          YEAR:     2015
                                          LATITUDE:   21 21 N
                                          LONGITUDE: 157 56 W

[TEMPERATURE DATA]      [PRECIPITATION DATA]       SYMBOLS USED IN COLUMN 16

AVERAGE MONTHLY: 72.4   TOTAL FOR MONTH:   0.94    1 = FOG OR MIST
DPTR FM NORMAL:  -0.8   DPTR FM NORMAL:   -1.37    2 = FOG REDUCING VISIBILITY
HIGHEST:    85 ON 18    GRTST 24HR  0.72 ON  2- 3      TO 1/4 MILE OR LESS
LOWEST:     57 ON  5                               3 = THUNDER
                        SNOW, ICE PELLETS, HAIL    4 = ICE PELLETS
                        TOTAL MONTH:   0.0 INCH    5 = HAIL
                        GRTST 24HR     0.0         6 = FREEZING RAIN OR DRIZZLE
                        GRTST DEPTH:   0           7 = DUSTSTORM OR SANDSTORM:
                                                       VSBY 1/2 MILE OR LESS
                                                   8 = SMOKE OR HAZE
[NO. OF DAYS WITH]      [WEATHER - DAYS WITH]      9 = BLOWING SNOW
                                                   X = TORNADO
MAX 32 OR BELOW:   0    0.01 INCH OR MORE:   7
MAX 90 OR ABOVE:   0    0.10 INCH OR MORE:   2
MIN 32 OR BELOW:   0    0.50 INCH OR MORE:   1
MIN  0 OR BELOW:   0    1.00 INCH OR MORE:   0

[HDD (BASE 65) ]
TOTAL THIS MO.     0    CLEAR  (SCALE 0-3)   5
DPTR FM NORMAL     0    PTCLDY (SCALE 4-7)  26
TOTAL FM JUL 1     0    CLOUDY (SCALE 8-10)  0
DPTR FM NORMAL     0

[CDD (BASE 65) ]
TOTAL THIS MO.   229
DPTR FM NORMAL   -25    [PRESSURE DATA]
TOTAL FM JAN 1   229    HIGHEST SLP 30.10 ON 16
DPTR FM NORMAL   -21    LOWEST  SLP 29.50 ON  2

[REMARKS]
#FINAL-01-15#
