000
CXUS54 KMAF 281100
CF6HOB
PRELIMINARY LOCAL CLIMATOLOGICAL DATA (WS FORM: F-6)

                                          STATION:   Lea Airport, Hobbs
                                          MONTH:     NOVEMBER
                                          YEAR:      2014
                                          LATITUDE:   32 40 N
                                          LONGITUDE: 103-12 E

  TEMPERATURE IN F:       :PCPN:    SNOW:  WIND      :SUNSHINE: SKY     :PK WND
================================================================================
1   2   3   4   5  6A  6B    7    8   9   10  11  12  13   14  15   16   17  18
                                     12Z  AVG MX 2MIN
DY MAX MIN AVG DEP HDD CDD  WTR  SNW DPTH SPD SPD DIR MIN PSBL S-S WX    SPD DR
================================================================================

 1  66  39  53   M  12   0 0.00  0.0    0 11.5 17 140   M    M   0        22 140
 2  64  50  57   M   8   0 0.00  0.0    M 13.3 17 140   M    M   2        28 140
 3  70  55  63   M   2   0 0.77  0.0    M 11.7 17 100   M    M   6 3      23 350
 4   M   M   M   M   M   M 0.00  0.0    M 13.7 27  20   M    M  10 13     38  20
 5  55  45  50   M  15   0 0.00  0.0    0  3.9  9 320   M    M   5         M  M
 6  63  43  53   M  12   0 0.00  0.0    0  5.9 12 360   M    M   1         M  M
 7  63  41  52   M  13   0 0.00  0.0    0  8.7 17 190   M    M   0        23 200
 8  59  43  51   M  14   0 0.00  0.0    0 12.2 24  10   M    M   0        30  10
 9  72  39  56   M   9   0 0.00  0.0    0  9.6 14 220   M    M   0        20 200
10  75  43  59   M   6   0 0.00  0.0    0 15.7 29 240   M    M   0        37 360
11  41  27  34   M  31   0 0.00  0.0    0 12.2 23  10   M    M   0        32  10
12  32  23  28   M  37   0 0.00  0.0    0 12.5 15  40   M    M   6        22  50
13   M   M   M   M   M   M 0.00  0.0    0  7.6 13  40   M    M  10        17  40
14  45  23  34   M  31   0 0.00  0.0    0  7.8 13 150   M    M   0        16 140
15  68  32  50   M  15   0 0.00  0.0    0  8.7 17 240   M    M   0        20 240
16   M   M   M   M   M   M 0.00  0.0    0 15.4 21 360   M    M   5        30  30
17  39  18  29   M  36   0 0.00  0.0    0  7.0 13 170   M    M   0        17 140
18  54  19  37   M  28   0 0.00  0.0    0  6.0 14 180   M    M   0        16 190
19  64  27  46   M  19   0 0.00  0.0    0  6.4 12 270   M    M   0         M  M
20  70  32  51   M  14   0 0.00  0.0    0  4.6 12 240   M    M   0         M  M
21  68  34  51   M  14   0 0.00  0.0    0  4.7 10 130   M    M   1         M  M
22   M   M   M   M   M   M 0.00  0.0    0  6.7 14 250   M    M   4 1      17 260
23  66  34  50   M  15   0 0.00  0.0    0 18.6 37 290   M    M   0 7      46 280
24  55  28  42   M  23   0 0.00  0.0    0  9.8 21 290   M    M   0        25 300
25  54  27  41   M  24   0 0.00  0.0    0 11.5 21 230   M    M   0        27 210
26  57  37  47   M  18   0 0.00  0.0    0  9.3 23 310   M    M   0        30 310
27  59  28  44   M  21   0 0.00  0.0    0  6.9 15 170   M    M   0        17 170
================================================================================
SM 1359  787       417   0  0.77     0.0 261.9          M       50
================================================================================
AV 59.1 34.2                               9.7 FASTST   M    M   2    MAX(MPH)
                                 MISC ---->    37   M               # 46  280
================================================================================
NOTES:
# LAST OF SEVERAL OCCURRENCES

COLUMN 17 PEAK WIND IN M.P.H.

PRELIMINARY LOCAL CLIMATOLOGICAL DATA (WS FORM: F-6) , PAGE 2

                                          STATION:  Lea Airport, Hobbs
                                          MONTH:    NOVEMBER
                                          YEAR:     2014
                                          LATITUDE:   32 40 N
                                          LONGITUDE: 103-12 E

[TEMPERATURE DATA]      [PRECIPITATION DATA]       SYMBOLS USED IN COLUMN 16

AVERAGE MONTHLY: 46.7   TOTAL FOR MONTH:   0.77    1 = FOG OR MIST
DPTR FM NORMAL:     M   DPTR FM NORMAL:       M    2 = FOG REDUCING VISIBILITY
HIGHEST:    75 ON 10    GRTST 24HR  0.77 ON  3- 3      TO 1/4 MILE OR LESS
LOWEST:     18 ON 17                               3 = THUNDER
                        SNOW, ICE PELLETS, HAIL    4 = ICE PELLETS
                        TOTAL MONTH:   0.0 INCH    5 = HAIL
                        GRTST 24HR     0.0         6 = FREEZING RAIN OR DRIZZLE
                        GRTST DEPTH:   0           7 = DUSTSTORM OR SANDSTORM:
                                                       VSBY 1/2 MILE OR LESS
                                                   8 = SMOKE OR HAZE
[NO. OF DAYS WITH]      [WEATHER - DAYS WITH]      9 = BLOWING SNOW
                                                   X = TORNADO
MAX 32 OR BELOW:   1    0.01 INCH OR MORE:   1
MAX 90 OR ABOVE:   0    0.10 INCH OR MORE:   1
MIN 32 OR BELOW:  11    0.50 INCH OR MORE:   1
MIN  0 OR BELOW:   0    1.00 INCH OR MORE:   0

[HDD (BASE 65) ]
TOTAL THIS MO.   417    CLEAR  (SCALE 0-3)  20
DPTR FM NORMAL     M    PTCLDY (SCALE 4-7)   5
TOTAL FM JUL 1   498    CLOUDY (SCALE 8-10)  2
DPTR FM NORMAL     M

[CDD (BASE 65) ]
TOTAL THIS MO.     0
DPTR FM NORMAL     M    [PRESSURE DATA]
TOTAL FM JAN 1  1469    HIGHEST SLP M ON M
DPTR FM NORMAL     M    LOWEST  SLP M ON M

[REMARKS]
