000
CXUS55 KFSD 190905
CF6HON
PRELIMINARY LOCAL CLIMATOLOGICAL DATA (WS FORM: F-6)

                                          STATION:   HURON
                                          MONTH:     FEBRUARY
                                          YEAR:      2018
                                          LATITUDE:   44 22 N
                                          LONGITUDE:  98 13 W

  TEMPERATURE IN F:       :PCPN:    SNOW:  WIND      :SUNSHINE: SKY     :PK WND
================================================================================
1   2   3   4   5  6A  6B    7    8   9   10  11  12  13   14  15   16   17  18
                                     12Z  AVG MX 2MIN
DY MAX MIN AVG DEP HDD CDD  WTR  SNW DPTH SPD SPD DIR MIN PSBL S-S WX    SPD DR
================================================================================

 1  12   0   6 -12  59   0 0.00  0.0    T 11.3 24 330   M    M   0        31 330
 2  29   1  15  -3  50   0 0.00  0.0    0  8.7 16 160   M    M   6        20 150
 3  29   0  15  -3  50   0 0.01    T    T 13.8 29 350   M    M   9 19     35 360
 4   7  -6   1 -17  64   0    T    T    T 11.5 25 350   M    M   3 1      32 350
 5  14  -6   4 -15  61   0    T    T    T 11.9 28 330   M    M   4        33 330
 6  10  -9   1 -18  64   0    T    T    T  8.2 17 190   M    M   7        22 180
 7  15  -8   4 -15  61   0 0.03  0.8    T  8.5 24 330   M    M   4 1      30 320
 8  16  -1   8 -11  57   0 0.24  2.8    1  6.7 17  50   M    M   8 1      22  50
 9   6  -5   1 -19  64   0 0.01  0.1    3  8.7 16 310   M    M   6 1      19 360
10   7 -17  -5 -25  70   0 0.00  0.0    3  6.8 12 280   M    M   1        13 220
11  19 -15   2 -18  63   0 0.00  0.0    3  5.6 14 350   M    M   1        16 360
12  15  -7   4 -16  61   0 0.00  0.0    3  7.9 18 160   M    M   8        25 150
13  27  10  19  -2  46   0 0.00  0.0    2 11.6 21 150   M    M   3 1      28 150
14  42   7  25   4  40   0 0.00  0.0    2  6.2 12 260   M    M   2 1      14 160
15  31   2  17  -4  48   0 0.01  0.7    T 14.2 31 340   M    M   7 19     37 340
16  29  -5  12 -10  53   0 0.00  0.0    1 10.7 22 190   M    M   1        28 190
17  33  14  24   2  41   0 0.01  0.1    1  8.7 18 290   M    M   5 1      21 290
18  39  12  26   4  39   0    T    T    T 18.7 30 360   M    M   4 1      39 140
================================================================================
SM  380  -33       991   0  0.31     4.5 179.7          M       79
================================================================================
AV 21.1 -1.8                              10.0 FASTST   M    M   4    MAX(MPH)
                                 MISC ---->  # 31 340               # 39  140
================================================================================
NOTES:
# LAST OF SEVERAL OCCURRENCES

COLUMN 17 PEAK WIND IN M.P.H.

PRELIMINARY LOCAL CLIMATOLOGICAL DATA (WS FORM: F-6) , PAGE 2

                                          STATION:  HURON
                                          MONTH:    FEBRUARY
                                          YEAR:     2018
                                          LATITUDE:   44 22 N
                                          LONGITUDE:  98 13 W

[TEMPERATURE DATA]      [PRECIPITATION DATA]       SYMBOLS USED IN COLUMN 16

AVERAGE MONTHLY:  9.6   TOTAL FOR MONTH:   0.31    1 = FOG OR MIST
DPTR FM NORMAL: -10.2   DPTR FM NORMAL:   -0.04    2 = FOG REDUCING VISIBILITY
HIGHEST:    42 ON 14    GRTST 24HR  0.24 ON  8- 8      TO 1/4 MILE OR LESS
LOWEST:    -17 ON 10                               3 = THUNDER
                        SNOW, ICE PELLETS, HAIL    4 = ICE PELLETS
                        TOTAL MONTH:   4.5 INCHES  5 = HAIL
                        GRTST 24HR   2.8 ON  8- 8  6 = FREEZING RAIN OR DRIZZLE
                        GRTST DEPTH:   3 ON 12,11  7 = DUSTSTORM OR SANDSTORM:
                                                       VSBY 1/2 MILE OR LESS
                                                   8 = SMOKE OR HAZE
[NO. OF DAYS WITH]      [WEATHER - DAYS WITH]      9 = BLOWING SNOW
                                                   X = TORNADO
MAX 32 OR BELOW:  15    0.01 INCH OR MORE:   6
MAX 90 OR ABOVE:   0    0.10 INCH OR MORE:   1
MIN 32 OR BELOW:  18    0.50 INCH OR MORE:   0
MIN  0 OR BELOW:  12    1.00 INCH OR MORE:   0

[HDD (BASE 65) ]
TOTAL THIS MO.   991    CLEAR  (SCALE 0-3)   7
DPTR FM NORMAL   180    PTCLDY (SCALE 4-7)  10
TOTAL FM JUL 1  5422    CLOUDY (SCALE 8-10)  1
DPTR FM NORMAL    -6

[CDD (BASE 65) ]
TOTAL THIS MO.     0
DPTR FM NORMAL     0    [PRESSURE DATA]
TOTAL FM JAN 1     0    HIGHEST SLP M ON M
DPTR FM NORMAL     0    LOWEST  SLP 29.52 ON 18

[REMARKS]
