000
CXUS54 KLZK 241130
CF6HOT
PRELIMINARY LOCAL CLIMATOLOGICAL DATA (WS FORM: F-6)

                                          STATION:   Hot Springs Memorial Field
                                          MONTH:     SEPTEMBER
                                          YEAR:      2017
                                          LATITUDE:   34 28 N
                                          LONGITUDE:  93  6 W

  TEMPERATURE IN F:       :PCPN:    SNOW:  WIND      :SUNSHINE: SKY     :PK WND
================================================================================
1   2   3   4   5  6A  6B    7    8   9   10  11  12  13   14  15   16   17  18
                                     12Z  AVG MX 2MIN
DY MAX MIN AVG DEP HDD CDD  WTR  SNW DPTH SPD SPD DIR MIN PSBL S-S WX    SPD DR
================================================================================

 1  88  65  77  -3   0  12 0.00    M    M  3.9 10 300   M    M   2        16 320
 2  88  62  75  -4   0  10 0.00    M    M  1.4  9  10   M    M   0        14 300
 3  90  66  78  -1   0  13 0.00    M    M  2.4 13 250   M    M   2 1      16 250
 4  94  71  83   4   0  18 0.00    M    M  5.1 18 240   M    M   1 1      22 250
 5  86  66  76  -2   0  11    T    M    M  4.2 16  50   M    M   3 13     20  50
 6  78  56  67 -11   0   2 0.00    M    M  4.5 15  40   M    M   1        23  30
 7  82  51  67 -11   0   2 0.00    M    M  2.5 10 160   M    M   0        14 180
 8  85  54  70  -7   0   5 0.00    M    M  2.6 12 210   M    M   0        16 170
 9  84  56  70  -7   0   5 0.00    M    M  6.1 16  40   M    M   0        22  90
10  84  59  72  -5   0   7 0.00    M    M  5.8 21  80   M    M   2        29  40
11  82  55  69  -7   0   4 0.00    M    M  4.6 18  50   M    M   1 1      25  50
12  74  59  67  -9   0   2 0.02    M    M  3.7 18  60   M    M   5 1      23  60
13  86  62  74  -2   0   9 0.00    M    M  2.9 10 300   M    M   5        16 250
14  91  60  76   1   0  11 0.00    M    M  4.1 14 140   M    M   0        19 140
15  90  64  77   2   0  12 0.00    M    M  5.1 14 150   M    M   1        19 160
16  94  67  81   7   0  16 0.00    M    M  3.9 13 170   M    M   1 1      17 230
17  94  66  80   6   0  15 0.00  0.0    0  3.2 10 170   M    M   2 1      14 180
18  94  71  83   9   0  18 0.00  0.0    0  3.4 17 220   M    M   2 3      25 230
19  94  68  81   8   0  16 0.00  0.0    0  4.6 14 210   M    M   1        19 160
20  93  76  85  12   0  20 0.00  0.0    0  5.8 15 190   M    M   2        20 240
21  93  71  82  10   0  17 0.00  0.0    0  4.5 15 150   M    M   2        22 130
22  94  70  82  10   0  17 0.00  0.0    0  3.2 12 130   M    M   1        16 170
23  95  67  81   9   0  16 0.00  0.0    0  3.6 17  60   M    M   1 1      26 140
================================================================================
SM 2033 1462         0 258  0.02     0.0  91.1          M       35
================================================================================
AV 88.4 63.6                               4.0 FASTST   M    M   2    MAX(MPH)
                                 MISC ---->  # 21  80               # 29   40
================================================================================
NOTES:
# LAST OF SEVERAL OCCURRENCES

COLUMN 17 PEAK WIND IN M.P.H.

PRELIMINARY LOCAL CLIMATOLOGICAL DATA (WS FORM: F-6) , PAGE 2

                                          STATION:  Hot Springs Memorial Field
                                          MONTH:    SEPTEMBER
                                          YEAR:     2017
                                          LATITUDE:   34 28 N
                                          LONGITUDE:  93  6 W

[TEMPERATURE DATA]      [PRECIPITATION DATA]       SYMBOLS USED IN COLUMN 16

AVERAGE MONTHLY: 76.0   TOTAL FOR MONTH:   0.02    1 = FOG OR MIST
DPTR FM NORMAL:   0.2   DPTR FM NORMAL:   -2.73    2 = FOG REDUCING VISIBILITY
HIGHEST:    95 ON 23    GRTST 24HR  0.03 ON 31- 1      TO 1/4 MILE OR LESS
LOWEST:     51 ON  7                               3 = THUNDER
                        SNOW, ICE PELLETS, HAIL    4 = ICE PELLETS
                        TOTAL MONTH:   0.0 INCH    5 = HAIL
                        GRTST 24HR     0.0         6 = FREEZING RAIN OR DRIZZLE
                        GRTST DEPTH:   0           7 = DUSTSTORM OR SANDSTORM:
                                                       VSBY 1/2 MILE OR LESS
                                                   8 = SMOKE OR HAZE
[NO. OF DAYS WITH]      [WEATHER - DAYS WITH]      9 = BLOWING SNOW
                                                   X = TORNADO
MAX 32 OR BELOW:   0    0.01 INCH OR MORE:   1
MAX 90 OR ABOVE:  12    0.10 INCH OR MORE:   0
MIN 32 OR BELOW:   0    0.50 INCH OR MORE:   0
MIN  0 OR BELOW:   0    1.00 INCH OR MORE:   0

[HDD (BASE 65) ]
TOTAL THIS MO.     0    CLEAR  (SCALE 0-3)  21
DPTR FM NORMAL    -3    PTCLDY (SCALE 4-7)   2
TOTAL FM JUL 1     0    CLOUDY (SCALE 8-10)  0
DPTR FM NORMAL    -3

[CDD (BASE 65) ]
TOTAL THIS MO.   258
DPTR FM NORMAL     5    [PRESSURE DATA]
TOTAL FM JAN 1  1985    HIGHEST SLP M ON M
DPTR FM NORMAL   -27    LOWEST  SLP 29.73 ON 20

[REMARKS]
