000
CXUS54 KHGX 241415
CF6HOU
PRELIMINARY LOCAL CLIMATOLOGICAL DATA (WS FORM: F-6)

                                          STATION:   HOUSTON/HOBBY AIRPORT
                                          MONTH:     FEBRUARY
                                          YEAR:      2018
                                          LATITUDE:   29 38 N
                                          LONGITUDE:  95 17 W

  TEMPERATURE IN F:       :PCPN:    SNOW:  WIND      :SUNSHINE: SKY     :PK WND
================================================================================
1   2   3   4   5  6A  6B    7    8   9   10  11  12  13   14  15   16   17  18
                                     12Z  AVG MX 2MIN
DY MAX MIN AVG DEP HDD CDD  WTR  SNW DPTH SPD SPD DIR MIN PSBL S-S WX    SPD DR
================================================================================

 1  79  52  66  11   0   1 0.00  0.0    0  8.6 22 220   M    M   7 1      28 230
 2  64  50  57   2   8   0 0.00  0.0    0 15.0 26  30   M    M   9        32  40
 3  57  45  51  -4  14   0    T  0.0    0  6.7 14 100   M    M  10 12     19 110
 4  72  55  64   9   1   0 0.00  0.0    0  7.0 18  40   M    M   9 1      28 170
 5  59  52  56   0   9   0 0.00  0.0    0  7.6 13 100   M    M   8 12     16 110
 6  75  58  67  11   0   2 0.04  0.0    0  7.9 17 160   M    M  10 12     24 180
 7  70  43  57   1   8   0 0.28  0.0    0 14.4 22 350   M    M  10 13     28 360
 8  55  40  48  -8  17   0 0.00  0.0    0  6.7 18  20   M    M   9        25  20
 9  74  53  64   8   1   0    T  0.0    0  4.7 15 160   M    M  10 12     19 170
10  70  53  62   6   3   0 2.05  0.0    0  5.7 14 150   M    M   9 13     19 160
11  53  39  46 -10  19   0 0.01  0.0    0 14.8 23 350   M    M  10 1      28 340
12  46  37  42 -15  23   0 0.00  0.0    0 11.4 18 360   M    M  10 1      22  10
13  55  45  50  -7  15   0 0.01  0.0    0  7.1 12  50   M    M  10 12     15  60
14  80  55  68  11   0   3 0.01  0.0    0  7.1 17 200   M    M   8 12     22 190
15  81  67  74  17   0   9 0.00  0.0    0 11.1 23 190   M    M   8 1      29 210
16  83  66  75  18   0  10    T  0.0    0  7.2 16 240   M    M   7 1      21 190
17  80  61  71  13   0   6 0.01  0.0    0  8.2 17 210   M    M   9 1      22 200
18  80  60  70  12   0   5 0.00  0.0    0  9.3 18 160   M    M   9 1      24 150
19  79  67  73  15   0   8 0.00  0.0    0 14.5 24 160   M    M   9        30 190
20  77  70  74  16   0   9 0.00  0.0    0 14.2 24 160   M    M   9        34 160
21  77  55  66   8   0   1 1.31  0.0    0  9.5 23 170   M    M  10 13     32 160
22  76  52  64   5   1   0 0.06  0.0    0  6.8 16 170   M    M  10 1      21 170
23  80  61  71  12   0   6    T  0.0    0  8.8 20 160   M    M   8 1      26 160
================================================================================
SM 1622 1236       119  60  3.78     0.0 214.3          M      208
================================================================================
AV 70.5 53.7                               9.3 FASTST   M    M   9    MAX(MPH)
                                 MISC ---->  # 26  30               # 34  160
================================================================================
NOTES:
# LAST OF SEVERAL OCCURRENCES

COLUMN 17 PEAK WIND IN M.P.H.

PRELIMINARY LOCAL CLIMATOLOGICAL DATA (WS FORM: F-6) , PAGE 2

                                          STATION:  HOUSTON/HOBBY AIRPORT
                                          MONTH:    FEBRUARY
                                          YEAR:     2018
                                          LATITUDE:   29 38 N
                                          LONGITUDE:  95 17 W

[TEMPERATURE DATA]      [PRECIPITATION DATA]       SYMBOLS USED IN COLUMN 16

AVERAGE MONTHLY: 62.1   TOTAL FOR MONTH:   3.78    1 = FOG OR MIST
DPTR FM NORMAL:   5.4   DPTR FM NORMAL:    1.10    2 = FOG REDUCING VISIBILITY
HIGHEST:    83 ON 16    GRTST 24HR  2.05 ON 10-10      TO 1/4 MILE OR LESS
LOWEST:     37 ON 12                               3 = THUNDER
                        SNOW, ICE PELLETS, HAIL    4 = ICE PELLETS
                        TOTAL MONTH:   0.0 INCH    5 = HAIL
                        GRTST 24HR     0.0         6 = FREEZING RAIN OR DRIZZLE
                        GRTST DEPTH:   0           7 = DUSTSTORM OR SANDSTORM:
                                                       VSBY 1/2 MILE OR LESS
                                                   8 = SMOKE OR HAZE
[NO. OF DAYS WITH]      [WEATHER - DAYS WITH]      9 = BLOWING SNOW
                                                   X = TORNADO
MAX 32 OR BELOW:   0    0.01 INCH OR MORE:   9
MAX 90 OR ABOVE:   0    0.10 INCH OR MORE:   3
MIN 32 OR BELOW:   0    0.50 INCH OR MORE:   2
MIN  0 OR BELOW:   0    1.00 INCH OR MORE:   2

[HDD (BASE 65) ]
TOTAL THIS MO.   119    CLEAR  (SCALE 0-3)   0
DPTR FM NORMAL   -86    PTCLDY (SCALE 4-7)   3
TOTAL FM JUL 1  1038    CLOUDY (SCALE 8-10) 20
DPTR FM NORMAL     2

[CDD (BASE 65) ]
TOTAL THIS MO.    60
DPTR FM NORMAL    37    [PRESSURE DATA]
TOTAL FM JAN 1    63    HIGHEST SLP M ON M
DPTR FM NORMAL    24    LOWEST  SLP 29.80 ON 10

[REMARKS]
