000
CXUS55 KSEW 010930
CF6HQM
PRELIMINARY LOCAL CLIMATOLOGICAL DATA (WS FORM: F-6)

                                          STATION:   HOQUIAM WA AIRPORT
                                          MONTH:     FEBRUARY
                                          YEAR:      2015
                                          LATITUDE:   46 58 N
                                          LONGITUDE: 123 56 W

  TEMPERATURE IN F:       :PCPN:    SNOW:  WIND      :SUNSHINE: SKY     :PK WND
================================================================================
1   2   3   4   5  6A  6B    7    8   9   10  11  12  13   14  15   16   17  18
                                     12Z  AVG MX 2MIN
DY MAX MIN AVG DEP HDD CDD  WTR  SNW DPTH SPD SPD DIR MIN PSBL S-S WX    SPD DR
================================================================================

 1  53  42  48   5  17   0 0.11  0.0    0  7.7 23 170   M    M   8 1      28 180
 2  55  45  50   7  15   0 0.37  0.0    0  9.8 25 230   M    M   8 1      31 230
 3  52  44  48   5  17   0 0.15  0.0    0  3.6  7  60   M    M   9 12      9 230
 4  50  45  48   5  17   0 0.22  0.0    0 10.3 17  60   M    M   9 1      23  50
 5  58  49  54  11  11   0 1.12  0.0    0 22.5 35 170   M    M  10 1      46 180
 6  58  54  56  13   9   0 0.67  0.0    0 19.5 36 170   M    M  10 1      49 170
 7  55  50  53  10  12   0 1.07  0.0    0 13.6 33 180   M    M  10 1      40 170
 8  56  49  53  10  12   0 0.22  0.0    0 10.5 21  50   M    M   7 1      27  40
 9  59  50  55  12  10   0 0.59  0.0    0  9.1 22 210   M    M  10 1      27 220
10  53  45  49   6  16   0 0.02  0.0    0  6.6 22 260   M    M   7 1      25 260
11  56  45  51   7  14   0 0.05  0.0    0  5.9 14  70   M    M   4 1      16  70
12  59  49  54  10  11   0 0.04  0.0    0  6.0 16 140   M    M  10 1      20 140
13  61  46  54  10  11   0    T  0.0    0  7.2 15  70   M    M   5 12     17  80
14  58  42  50   6  15   0 0.00  0.0    0  6.6 16 260   M    M   6 1      20 270
15  61  39  50   6  15   0 0.00  0.0    0 10.1 17  60   M    M   0 1      23  40
16  62  43  53   9  12   0 0.00  0.0    0 11.3 23  50   M    M   0        29  50
17  63  42  53   9  12   0 0.00  0.0    0  9.8 20  80   M    M   0 1      25  80
18  56  40  48   4  17   0    T  0.0    0  6.0 13 220   M    M   8 1      18 170
19  54  47  51   7  14   0    T  0.0    0  6.2 14 270   M    M  10 1      16 270
20  52  40  46   2  19   0 0.00  0.0    0  6.0 15 270   M    M   6 1      19 270
21  59  35  47   3  18   0 0.00  0.0    0  5.1 16  40   M    M   3 1      22  50
22  58  36  47   3  18   0 0.00  0.0    0  8.5 14  50   M    M   0 1      18  40
23  58  33  46   2  19   0 0.00  0.0    0  5.8 14  70   M    M   0 1      16  70
24  54  31  43  -1  22   0    T  0.0    0  6.2 18 260   M    M   3 1      22 260
25  52  47  50   6  15   0 0.03  0.0    0  4.7 13 230   M    M   8 1      18 270
26  55  48  52   8  13   0 0.17  0.0    0  5.8 17 270   M    M   9 1      25 260
27  54  47  51   7  14   0 0.04  0.0    0  8.6 18  30   M    M   9 1      25  40
28  60  36  48   3  17   0 0.00  0.0    0  6.4 17  80   M    M   0        21 310
================================================================================
SM 1581 1219       412   0  4.87     0.0 239.4          M      169
================================================================================
AV 56.5 43.5                               8.6 FASTST   M    M   6    MAX(MPH)
                                 MISC ---->  # 36 170               # 49  170
================================================================================
NOTES:
# LAST OF SEVERAL OCCURRENCES

COLUMN 17 PEAK WIND IN M.P.H.

PRELIMINARY LOCAL CLIMATOLOGICAL DATA (WS FORM: F-6) , PAGE 2

                                          STATION:  HOQUIAM WA AIRPORT
                                          MONTH:    FEBRUARY
                                          YEAR:     2015
                                          LATITUDE:   46 58 N
                                          LONGITUDE: 123 56 W

[TEMPERATURE DATA]      [PRECIPITATION DATA]       SYMBOLS USED IN COLUMN 16

AVERAGE MONTHLY: 50.0   TOTAL FOR MONTH:   4.87    1 = FOG OR MIST
DPTR FM NORMAL:   6.3   DPTR FM NORMAL:   -2.34    2 = FOG REDUCING VISIBILITY
HIGHEST:    63 ON 17    GRTST 24HR  1.33 ON  5- 6      TO 1/4 MILE OR LESS
LOWEST:     31 ON 24                               3 = THUNDER
                        SNOW, ICE PELLETS, HAIL    4 = ICE PELLETS
                        TOTAL MONTH:   0.0 INCH    5 = HAIL
                        GRTST 24HR     0.0         6 = FREEZING RAIN OR DRIZZLE
                        GRTST DEPTH:   0           7 = DUSTSTORM OR SANDSTORM:
                                                       VSBY 1/2 MILE OR LESS
                                                   8 = SMOKE OR HAZE
[NO. OF DAYS WITH]      [WEATHER - DAYS WITH]      9 = BLOWING SNOW
                                                   X = TORNADO
MAX 32 OR BELOW:   0    0.01 INCH OR MORE:  15
MAX 90 OR ABOVE:   0    0.10 INCH OR MORE:  10
MIN 32 OR BELOW:   1    0.50 INCH OR MORE:   4
MIN  0 OR BELOW:   0    1.00 INCH OR MORE:   2

[HDD (BASE 65) ]
TOTAL THIS MO.   412    CLEAR  (SCALE 0-3)   7
DPTR FM NORMAL  -184    PTCLDY (SCALE 4-7)   9
TOTAL FM JUL 1  2636    CLOUDY (SCALE 8-10) 12
DPTR FM NORMAL  -857

[CDD (BASE 65) ]
TOTAL THIS MO.     0
DPTR FM NORMAL     0    [PRESSURE DATA]
TOTAL FM JAN 1     0    HIGHEST SLP M ON M
DPTR FM NORMAL     0    LOWEST  SLP 29.19 ON  6

[REMARKS]
#FINAL-02-15#
