000
CXUS54 KLZK 181130
CF6HRO
PRELIMINARY LOCAL CLIMATOLOGICAL DATA (WS FORM: F-6)

                                          STATION:   Harrison
                                          MONTH:     AUGUST
                                          YEAR:      2017
                                          LATITUDE:   36 15 N
                                          LONGITUDE:  93  9 W

  TEMPERATURE IN F:       :PCPN:    SNOW:  WIND      :SUNSHINE: SKY     :PK WND
================================================================================
1   2   3   4   5  6A  6B    7    8   9   10  11  12  13   14  15   16   17  18
                                     12Z  AVG MX 2MIN
DY MAX MIN AVG DEP HDD CDD  WTR  SNW DPTH SPD SPD DIR MIN PSBL S-S WX    SPD DR
================================================================================

 1  76  65  71  -8   0   6 0.01  0.0    0  1.7  8 340   M    M   7        10 330
 2  88  62  75  -4   0  10 0.00  0.0    0  3.2 14  20   M    M   2 1      18  30
 3  89  65  77  -2   0  12 0.06  0.0    0  5.5 17 350   M    M   2 3      25 340
 4  82  60  71  -8   0   6    T  0.0    0  4.4 10  60   M    M   2        15 320
 5  80  62  71  -8   0   6    T  0.0    0  9.1 22  40   M    M   7        31  40
 6  80  62  71  -8   0   6 0.59  0.0    0  5.9 15 140   M    M  10 13     18 130
 7  82  68  75  -4   0  10 0.01  0.0    0  4.5 12  40   M    M   8 1      14  50
 8  82  66  74  -5   0   9 0.00  0.0    0  4.7 10  40   M    M   6        13  80
 9  84  61  73  -6   0   8 0.00  0.0    0  4.0 10 150   M    M   1 1      14 140
10  83  66  75  -4   0  10 0.05  0.0    0  4.6 13 180   M    M   3 138    26  40
11  81  68  75  -4   0  10 0.14  0.0    0  3.4 15 280   M    M   7 13     20 280
12  81  68  75  -3   0  10    T  0.0    0  5.2 12 130   M    M   6 12     14  50
13  73  64  69  -9   0   4 0.20  0.0    0  8.4 17 140   M    M   8 12     21 140
14  77  68  73  -5   0   8    T  0.0    0  3.0  8 180   M    M   4 12      9 190
15  89  68  79   1   0  14 0.11  0.0    0  5.4 12  70   M    M   6 13     17 290
16  88  66  77  -1   0  12 0.27  0.0    0  7.7 29 320   M    M   4 1      42 340
17  84  66  75  -3   0  10 0.40  0.0    0  5.1 13 250   M    M   5 13     18 260
================================================================================
SM 1399 1105         0 151  1.84     0.0  85.8          M       88
================================================================================
AV 82.3 65.0                               5.0 FASTST   M    M   5    MAX(MPH)
                                 MISC ---->  # 29 320               # 42  340
================================================================================
NOTES:
# LAST OF SEVERAL OCCURRENCES

COLUMN 17 PEAK WIND IN M.P.H.

PRELIMINARY LOCAL CLIMATOLOGICAL DATA (WS FORM: F-6) , PAGE 2

                                          STATION:  Harrison
                                          MONTH:    AUGUST
                                          YEAR:     2017
                                          LATITUDE:   36 15 N
                                          LONGITUDE:  93  9 W

[TEMPERATURE DATA]      [PRECIPITATION DATA]       SYMBOLS USED IN COLUMN 16

AVERAGE MONTHLY: 73.7   TOTAL FOR MONTH:   1.84    1 = FOG OR MIST
DPTR FM NORMAL:  -5.0   DPTR FM NORMAL:   -0.21    2 = FOG REDUCING VISIBILITY
HIGHEST:    89 ON 15, 3 GRTST 24HR  0.59 ON  6- 6      TO 1/4 MILE OR LESS
LOWEST:     60 ON  4                               3 = THUNDER
                        SNOW, ICE PELLETS, HAIL    4 = ICE PELLETS
                        TOTAL MONTH:   0.0 INCH    5 = HAIL
                        GRTST 24HR     0.0         6 = FREEZING RAIN OR DRIZZLE
                        GRTST DEPTH:   0           7 = DUSTSTORM OR SANDSTORM:
                                                       VSBY 1/2 MILE OR LESS
                                                   8 = SMOKE OR HAZE
[NO. OF DAYS WITH]      [WEATHER - DAYS WITH]      9 = BLOWING SNOW
                                                   X = TORNADO
MAX 32 OR BELOW:   0    0.01 INCH OR MORE:  10
MAX 90 OR ABOVE:   0    0.10 INCH OR MORE:   6
MIN 32 OR BELOW:   0    0.50 INCH OR MORE:   1
MIN  0 OR BELOW:   0    1.00 INCH OR MORE:   0

[HDD (BASE 65) ]
TOTAL THIS MO.     0    CLEAR  (SCALE 0-3)   5
DPTR FM NORMAL     0    PTCLDY (SCALE 4-7)  11
TOTAL FM JUL 1     0    CLOUDY (SCALE 8-10)  1
DPTR FM NORMAL     0

[CDD (BASE 65) ]
TOTAL THIS MO.   151
DPTR FM NORMAL   -82    [PRESSURE DATA]
TOTAL FM JAN 1   975    HIGHEST SLP 30.00 ON 16
DPTR FM NORMAL   -76    LOWEST  SLP 29.84 ON 15

[REMARKS]
ALL SNOWFALL DATA IS FROM THE HARRISON COOPERATIVE OBSERVER SITE
