000
CXUS54 KLZK 311130
CF6HRO
PRELIMINARY LOCAL CLIMATOLOGICAL DATA (WS FORM: F-6)

                                          STATION:   Harrison
                                          MONTH:     JULY
                                          YEAR:      2015
                                          LATITUDE:   36 15 N
                                          LONGITUDE:  93  9 W

  TEMPERATURE IN F:       :PCPN:    SNOW:  WIND      :SUNSHINE: SKY     :PK WND
================================================================================
1   2   3   4   5  6A  6B    7    8   9   10  11  12  13   14  15   16   17  18
                                     12Z  AVG MX 2MIN
DY MAX MIN AVG DEP HDD CDD  WTR  SNW DPTH SPD SPD DIR MIN PSBL S-S WX    SPD DR
================================================================================

 1  86  73  80   3   0  15 0.07  0.0    0  7.9 16 150   M    M   3        25 250
 2  86  67  77   0   0  12 2.26  0.0    0  7.2 24  50   M    M   5 138    32  40
 3  85  67  76  -1   0  11 0.20  0.0    0  3.5 15  20   M    M   4 123    20  20
 4  83  67  75  -2   0  10 0.00  0.0    0  4.8 10 110   M    M   6 12     13  80
 5  85  67  76  -2   0  11 0.35  0.0    0  6.5 17 160   M    M   4 123    22 160
 6  84  70  77  -1   0  12 0.00  0.0    0  7.5 16 180   M    M   3 1      22 190
 7  78  70  74  -4   0   9 0.41  0.0    0  4.7 16 320   M    M   7 13     23 320
 8  82  69  76  -2   0  11 0.58  0.0    0  6.7 16 180   M    M   5 13     23 190
 9  85  68  77  -1   0  12 0.47  0.0    0  5.0 15 280   M    M   6 13     22 270
10  89  66  78   0   0  13 0.00  0.0    0  3.9 12 240   M    M   1 1      15 240
11  89  71  80   2   0  15 0.00  0.0    0  5.1 13 230   M    M   0        19 230
12  91  73  82   4   0  17 0.00  0.0    0  4.9 12 240   M    M   0        18 210
13  94  75  85   7   0  20 0.00  0.0    0  5.8 13 190   M    M   0        18 260
14  90  75  83   5   0  18 0.00  0.0    0  5.5 16 330   M    M   1 8      21 330
15  94  72  83   5   0  18 0.00  0.0    0  4.4 20 150   M    M   1 13     28 130
16  91  70  81   3   0  16 0.00  0.0    0  5.7 15 250   M    M   0        20 240
17  91  74  83   4   0  18 0.00  0.0    0  5.7 13 240   M    M   0        19 240
18  92  75  84   5   0  19 0.00  0.0    0  5.3 14 170   M    M   1        18 230
19  92  74  83   4   0  18 0.00  0.0    0  5.2 14 260   M    M   0        20 250
20  92  71  82   3   0  17 0.04  0.0    0  6.2 24 320   M    M   1 13     36 310
21  83  71  77  -2   0  12 0.04  0.0    0  3.9 12  10   M    M   6 13     17  30
22  84  69  77  -2   0  12 1.38  0.0    0  4.5 14 240   M    M   6 13     17 230
23  89  72  81   2   0  16 0.41  0.0    0  2.5 10 290   M    M   3 1      16 280
24  93  71  82   3   0  17 0.41  0.0    0  3.6 38  30   M    M   2 13     55  30
25  93  69  81   2   0  16 0.00  0.0    0  3.1  9 150   M    M   1        11 130
26  93  75  84   5   0  19 0.00  0.0    0  3.9 12 150   M    M   0        15 160
27  94  76  85   6   0  20 0.00  0.0    0  3.8 16 140   M    M   1 18     20 140
28  93  74  84   5   0  19 0.00  0.0    0  4.6 12 180   M    M   1 8      16 170
29  93  74  84   5   0  19 0.00  0.0    0  3.6 14  20   M    M   1        20  20
30  87  67  77  -2   0  12 0.00  0.0    0  4.1 12 120   M    M   1        23  80
================================================================================
SM 2661 2132         0 454  6.62     0.0 149.1          M       70
================================================================================
AV 88.7 71.1                               5.0 FASTST   M    M   2    MAX(MPH)
                                 MISC ---->  # 38  30               # 55   30
================================================================================
NOTES:
# LAST OF SEVERAL OCCURRENCES

COLUMN 17 PEAK WIND IN M.P.H.

PRELIMINARY LOCAL CLIMATOLOGICAL DATA (WS FORM: F-6) , PAGE 2

                                          STATION:  Harrison
                                          MONTH:    JULY
                                          YEAR:     2015
                                          LATITUDE:   36 15 N
                                          LONGITUDE:  93  9 W

[TEMPERATURE DATA]      [PRECIPITATION DATA]       SYMBOLS USED IN COLUMN 16

AVERAGE MONTHLY: 79.9   TOTAL FOR MONTH:   6.62    1 = FOG OR MIST
DPTR FM NORMAL:   1.5   DPTR FM NORMAL:    3.58    2 = FOG REDUCING VISIBILITY
HIGHEST:    94 ON 27,15 GRTST 24HR  2.26 ON  2- 2      TO 1/4 MILE OR LESS
LOWEST:     66 ON 10                               3 = THUNDER
                        SNOW, ICE PELLETS, HAIL    4 = ICE PELLETS
                        TOTAL MONTH:   0.0 INCH    5 = HAIL
                        GRTST 24HR     0.0         6 = FREEZING RAIN OR DRIZZLE
                        GRTST DEPTH:   0           7 = DUSTSTORM OR SANDSTORM:
                                                       VSBY 1/2 MILE OR LESS
                                                   8 = SMOKE OR HAZE
[NO. OF DAYS WITH]      [WEATHER - DAYS WITH]      9 = BLOWING SNOW
                                                   X = TORNADO
MAX 32 OR BELOW:   0    0.01 INCH OR MORE:  12
MAX 90 OR ABOVE:  15    0.10 INCH OR MORE:   9
MIN 32 OR BELOW:   0    0.50 INCH OR MORE:   3
MIN  0 OR BELOW:   0    1.00 INCH OR MORE:   2

[HDD (BASE 65) ]
TOTAL THIS MO.     0    CLEAR  (SCALE 0-3)  19
DPTR FM NORMAL     0    PTCLDY (SCALE 4-7)  11
TOTAL FM JUL 1     0    CLOUDY (SCALE 8-10)  0
DPTR FM NORMAL     0

[CDD (BASE 65) ]
TOTAL THIS MO.   454
DPTR FM NORMAL    53    [PRESSURE DATA]
TOTAL FM JAN 1   907    HIGHEST SLP M ON M
DPTR FM NORMAL   102    LOWEST  SLP 29.76 ON 14

[REMARKS]
ALL SNOWFALL DATA IS FROM THE HARRISON COOPERATIVE OBSERVER SITE
ALL SNOWFALL DATA IS FROM THE HARRISON COOPERATIVE OBSERVER SITE
