000
CXUS52 KMHX 240700
CF6HSE
PRELIMINARY LOCAL CLIMATOLOGICAL DATA (WS FORM: F-6)

                                          STATION:   CAPE HATTERAS NC
                                          MONTH:     JULY
                                          YEAR:      2017
                                          LATITUDE:   35 13 N
                                          LONGITUDE:  75 37 W

  TEMPERATURE IN F:       :PCPN:    SNOW:  WIND      :SUNSHINE: SKY     :PK WND
================================================================================
1   2   3   4   5  6A  6B    7    8   9   10  11  12  13   14  15   16   17  18
                                     12Z  AVG MX 2MIN
DY MAX MIN AVG DEP HDD CDD  WTR  SNW DPTH SPD SPD DIR MIN PSBL S-S WX    SPD DR
================================================================================

 1  86  76  81   3   0  16 0.08  0.0    0 11.4 18 230   M    M   1 1      26 220
 2  86  78  82   4   0  17 0.00  0.0    0 10.4 15 230   M    M   2        20 220
 3  88  78  83   5   0  18 0.02  0.0    0  8.9 17 230   M    M   1        24 230
 4  88  75  82   3   0  17 0.24  0.0    0  5.7 15 280   M    M   2        25 270
 5  89  77  83   4   0  18 0.00  0.0    0  3.2  9 220   M    M   2        12 220
 6  89  78  84   5   0  19    T  0.0    0  8.2 16 240   M    M   1        24 240
 7  87  74  81   2   0  16 0.60  0.0    0 14.5 25 240   M    M   2        34 240
 8  86  74  80   1   0  15 0.09  0.0    0 14.2 24 280   M    M   1        39 270
 9  85  73  79   0   0  14 0.07  0.0    0  5.8 13 220   M    M   1 3      20 360
10  84  74  79   0   0  14 0.17  0.0    0  9.2 16 190   M    M   2 3      22 240
11  87  79  83   4   0  18 0.00  0.0    0 10.1 17 210   M    M   0        23 220
12  87  79  83   4   0  18 0.00  0.0    0  9.7 15 220   M    M   0        21 210
13  87  79  83   4   0  18 0.00  0.0    0  9.6 15 220   M    M   0        20 210
14  87  78  83   4   0  18 0.00  0.0    0 10.6 16 220   M    M   1        23 210
15  86  77  82   3   0  17 0.01  0.0    0  9.7 15 280   M    M   2        29 290
16  81  75  78  -1   0  13 0.17  0.0    0  5.1 15 170   M    M   5        21 300
17  82  72  77  -2   0  12 1.52  0.0    0  4.6 10 140   M    M   4         M  M
18  82  73  78  -1   0  13 0.37  0.0    0  3.6 16 200   M    M   3        21 200
19  88  72  80   1   0  15 0.00  0.0    0  4.5 10 170   M    M   0        13 170
20  88  74  81   2   0  16 0.00  0.0    0  4.5 12 230   M    M   1        15 230
21  87  78  83   4   0  18 0.00  0.0    0  8.6 13 230   M    M   0        18 230
22  85  76  81   2   0  16 0.00  0.0    0 11.4 16 230   M    M   0        23 220
23  86  76  81   2   0  16 0.00  0.0    0 12.2 20 310   M    M   1        29 320
================================================================================
SM 1981 1745         0 372  3.34     0.0 195.7          M       32
================================================================================
AV 86.1 75.9                               8.5 FASTST   M    M   1    MAX(MPH)
                                 MISC ---->  # 25 240               # 39  270
================================================================================
NOTES:
# LAST OF SEVERAL OCCURRENCES

COLUMN 17 PEAK WIND IN M.P.H.

PRELIMINARY LOCAL CLIMATOLOGICAL DATA (WS FORM: F-6) , PAGE 2

                                          STATION:  CAPE HATTERAS NC
                                          MONTH:    JULY
                                          YEAR:     2017
                                          LATITUDE:   35 13 N
                                          LONGITUDE:  75 37 W

[TEMPERATURE DATA]      [PRECIPITATION DATA]       SYMBOLS USED IN COLUMN 16

AVERAGE MONTHLY: 81.0   TOTAL FOR MONTH:   3.34    1 = FOG OR MIST
DPTR FM NORMAL:   2.1   DPTR FM NORMAL:   -0.21    2 = FOG REDUCING VISIBILITY
HIGHEST:    89 ON  6, 5 GRTST 24HR  1.52 ON 17-17      TO 1/4 MILE OR LESS
LOWEST:     72 ON 19,17                            3 = THUNDER
                        SNOW, ICE PELLETS, HAIL    4 = ICE PELLETS
                        TOTAL MONTH:   0.0 INCH    5 = HAIL
                        GRTST 24HR     0.0         6 = FREEZING RAIN OR DRIZZLE
                        GRTST DEPTH:   0           7 = DUSTSTORM OR SANDSTORM:
                                                       VSBY 1/2 MILE OR LESS
                                                   8 = SMOKE OR HAZE
[NO. OF DAYS WITH]      [WEATHER - DAYS WITH]      9 = BLOWING SNOW
                                                   X = TORNADO
MAX 32 OR BELOW:   0    0.01 INCH OR MORE:  11
MAX 90 OR ABOVE:   0    0.10 INCH OR MORE:   6
MIN 32 OR BELOW:   0    0.50 INCH OR MORE:   2
MIN  0 OR BELOW:   0    1.00 INCH OR MORE:   1

[HDD (BASE 65) ]
TOTAL THIS MO.     0    CLEAR  (SCALE 0-3)  21
DPTR FM NORMAL     0    PTCLDY (SCALE 4-7)   2
TOTAL FM JUL 1     0    CLOUDY (SCALE 8-10)  0
DPTR FM NORMAL     0

[CDD (BASE 65) ]
TOTAL THIS MO.   372
DPTR FM NORMAL    53    [PRESSURE DATA]
TOTAL FM JAN 1  1194    HIGHEST SLP M ON M
DPTR FM NORMAL   424    LOWEST  SLP 29.83 ON 23

[REMARKS]
