000
CXUS54 KHUN 301015
CF6HSV
PRELIMINARY LOCAL CLIMATOLOGICAL DATA (WS FORM: F-6)

                                          STATION:   HUNTSVILLE
                                          MONTH:     AUGUST
                                          YEAR:      2015
                                          LATITUDE:   34 39 N
                                          LONGITUDE:  86 46 W

  TEMPERATURE IN F:       :PCPN:    SNOW:  WIND      :SUNSHINE: SKY     :PK WND
================================================================================
1   2   3   4   5  6A  6B    7    8   9   10  11  12  13   14  15   16   17  18
                                     12Z  AVG MX 2MIN
DY MAX MIN AVG DEP HDD CDD  WTR  SNW DPTH SPD SPD DIR MIN PSBL S-S WX    SPD DR
================================================================================

 1  95  65  80  -1   0  15 0.00  0.0    0  8.3 18  40   M    M   1        25  60
 2  96  68  82   1   0  17 0.00  0.0    0  2.3 10 340   M    M   3        14 330
 3  98  64  81   0   0  16 0.00  0.0    0  2.3 12  60   M    M   3 8      15  50
 4  99  72  86   5   0  21    T  0.0    0  2.3 14 120   M    M   4        17 120
 5 100  73  87   6   0  22 0.01  0.0    0  4.9 18 290   M    M   5 3      29 290
 6  80  72  76  -5   0  11 2.23  0.0    0  5.1 15 230   M    M   7 138    22 220
 7  89  70  80  -1   0  15 0.00  0.0    0  3.8 10 310   M    M   5 18     13 310
 8  93  69  81   0   0  16 0.00  0.0    0  4.0 10  20   M    M   2 1      13  10
 9  95  70  83   2   0  18 0.00  0.0    0  1.8  8 180   M    M   2        13 200
10  94  74  84   3   0  19    T  0.0    0  5.2 14 180   M    M   5 18     20 260
11  93  73  83   2   0  18 0.00  0.0    0  4.5 15 320   M    M   3        20 320
12  92  68  80  -1   0  15 0.00  0.0    0  6.8 15  30   M    M   1        19 360
13  92  61  77  -4   0  12 0.00  0.0    0  5.8 13  40   M    M   1        16  50
14  90  68  79  -1   0  14 1.32  0.0    0  5.5 25 120   M    M   6 3      34 130
15  90  73  82   2   0  17 0.16  0.0    0  4.5 16  90   M    M   7 13     20 310
16  90  73  82   2   0  17    T  0.0    0  6.2 17  40   M    M   7        22  30
17  82  73  78  -2   0  13 0.31  0.0    0  4.1 15 150   M    M   7 1      18 140
18  86  74  80   0   0  15 1.08  0.0    0  5.1 17 320   M    M   5 13     22 320
19  90  75  83   3   0  18 0.67  0.0    0  6.8 16 210   M    M   7 13     21 200
20  83  73  78  -2   0  13 0.00  0.0    0  3.1 10  10   M    M   7        14  20
21  90  71  81   1   0  16 0.00  0.0    0  2.7  9 120   M    M   8         7 130
22  89  72  81   1   0  16 1.05  0.0    0  3.6 15 250   M    M   6 13     26 260
23  87  74  81   1   0  16 0.00  0.0    0  2.9 13 330   M    M   4 1      16 330
24  87  68  78  -2   0  13 0.00  0.0    0  5.4 13 330   M    M   5 1      16 330
25  83  58  71  -9   0   6 0.00  0.0    0  6.6 16  20   M    M   0        22  20
26  83  59  71  -9   0   6 0.00  0.0    0  7.6 16  10   M    M   1        22  20
27  88  58  73  -6   0   8 0.00  0.0    0  4.8 12  60   M    M   1        14  50
28  88  64  76  -3   0  11 0.00  0.0    0  6.5 15 110   M    M   2        26 110
29  87  71  79   0   0  14 0.35  0.0    0  7.0 16 150   M    M   8 1      20 150
================================================================================
SM 2609 2003         0 428  7.18     0.0 139.5          M      123
================================================================================
AV 90.0 69.1                               4.8 FASTST   M    M   4    MAX(MPH)
                                 MISC ---->  # 25 120               # 34  130
================================================================================
NOTES:
# LAST OF SEVERAL OCCURRENCES

COLUMN 17 PEAK WIND IN M.P.H.

PRELIMINARY LOCAL CLIMATOLOGICAL DATA (WS FORM: F-6) , PAGE 2

                                          STATION:  HUNTSVILLE
                                          MONTH:    AUGUST
                                          YEAR:     2015
                                          LATITUDE:   34 39 N
                                          LONGITUDE:  86 46 W

[TEMPERATURE DATA]      [PRECIPITATION DATA]       SYMBOLS USED IN COLUMN 16

AVERAGE MONTHLY: 79.5   TOTAL FOR MONTH:   7.18    1 = FOG OR MIST
DPTR FM NORMAL:  -0.8   DPTR FM NORMAL:    3.79    2 = FOG REDUCING VISIBILITY
HIGHEST:   100 ON  5    GRTST 24HR  2.24 ON  5- 6      TO 1/4 MILE OR LESS
LOWEST:     58 ON 27,25                            3 = THUNDER
                        SNOW, ICE PELLETS, HAIL    4 = ICE PELLETS
                        TOTAL MONTH:   0.0 INCH    5 = HAIL
                        GRTST 24HR     0.0         6 = FREEZING RAIN OR DRIZZLE
                        GRTST DEPTH:   0           7 = DUSTSTORM OR SANDSTORM:
                                                       VSBY 1/2 MILE OR LESS
                                                   8 = SMOKE OR HAZE
[NO. OF DAYS WITH]      [WEATHER - DAYS WITH]      9 = BLOWING SNOW
                                                   X = TORNADO
MAX 32 OR BELOW:   0    0.01 INCH OR MORE:   9
MAX 90 OR ABOVE:  16    0.10 INCH OR MORE:   8
MIN 32 OR BELOW:   0    0.50 INCH OR MORE:   5
MIN  0 OR BELOW:   0    1.00 INCH OR MORE:   4

[HDD (BASE 65) ]
TOTAL THIS MO.     0    CLEAR  (SCALE 0-3)  11
DPTR FM NORMAL     0    PTCLDY (SCALE 4-7)  17
TOTAL FM JUL 1     0    CLOUDY (SCALE 8-10)  1
DPTR FM NORMAL     0

[CDD (BASE 65) ]
TOTAL THIS MO.   428
DPTR FM NORMAL   -17    [PRESSURE DATA]
TOTAL FM JAN 1  1826    HIGHEST SLP M ON M
DPTR FM NORMAL   256    LOWEST  SLP 29.80 ON  6

[REMARKS]
