000
CXUS53 KAPX 250631
CF6HTL
PRELIMINARY LOCAL CLIMATOLOGICAL DATA (WS FORM: F-6)

                                          STATION:   HOUGHTON LAKE MI
                                          MONTH:     SEPTEMBER
                                          YEAR:      2016
                                          LATITUDE:   44 22 N
                                          LONGITUDE:  84 41 W

  TEMPERATURE IN F:       :PCPN:    SNOW:  WIND      :SUNSHINE: SKY     :PK WND
================================================================================
1   2   3   4   5  6A  6B    7    8   9   10  11  12  13   14  15   16   17  18
                                     12Z  AVG MX 2MIN
DY MAX MIN AVG DEP HDD CDD  WTR  SNW DPTH SPD SPD DIR MIN PSBL S-S WX    SPD DR
================================================================================

 1  73  45  59  -3   6   0 0.00  0.0    0  8.1 16  20   M    M   3        22  50
 2  75  44  60  -2   5   0 0.00  0.0    0  3.7 12  60   M    M   1 1      15  60
 3  76  41  59  -3   6   0 0.00  0.0    0  2.3 10 200   M    M   1 12     12 180
 4  78  44  61   0   4   0 0.00  0.0    0  4.8 12 160   M    M   2 12     15 150
 5  83  54  69   8   0   4 0.00  0.0    0  7.4 16 180   M    M   1 1      20 170
 6  90  69  80  19   0  15 0.07  0.0    0  7.1 26 310   M    M   1 13     34 320
 7  82  70  76  16   0  11 0.79  0.0    0  4.5 13 210   M    M   7 1      18 210
 8  79  68  74  14   0   9    T  0.0    0  9.4 20 280   M    M   7 1      24 280
 9  77  53  65   5   0   0 0.00  0.0    0  5.4 12 180   M    M   2 12     15 160
10  72  55  64   5   1   0 0.30  0.0    0  8.8 37 300   M    M   7 123    48 290
11  71  50  61   2   4   0 0.00  0.0    0  7.0 13 260   M    M   1        17 250
12  76  56  66   7   0   1 0.00  0.0    0  8.3 16 190   M    M   0        22 200
13  72  57  65   7   0   0 0.14  0.0    0  7.8 15 320   M    M   6 13     19 330
14  69  48  59   1   6   0 0.01  0.0    0  4.6 15 110   M    M   3        19 110
15  71  40  56  -2   9   0 0.00  0.0    0  4.0 10 180   M    M   1 1      13 170
16  75  45  60   3   5   0 0.46  0.0    0  8.9 17 150   M    M   2 13     24 170
17  77  64  71  14   0   6 0.19  0.0    0  7.3 15 250   M    M   5 1      20 240
18  74  50  62   6   3   0 0.00  0.0    0  6.2 12 250   M    M   3 1      14 280
19  81  48  65   9   0   0 0.08    M    0  6.9 18 240   M    M   1 13     25 240
20  78  47  63   7   2   0 0.00  0.0    0  3.0 12 280   M    M   1 12     15 260
21  74  52  63   8   2   0 0.05  0.0    0  4.6 30 180   M    M   3 1      40 180
22  74  59  67  12   0   2 0.07  0.0    0  3.2 13 320   M    M   7 12     16 310
23  64  46  55   1  10   0 0.00  0.0    0  8.0 17  70   M    M   8 1      21  40
24  66  40  53  -1  12   0 0.00  0.0    0  5.2 15  80   M    M   0 1      19  70
================================================================================
SM 1807 1245        75  48  2.16     0.0 146.5          M       73
================================================================================
AV 75.3 51.9                               6.1 FASTST   M    M   3    MAX(MPH)
                                 MISC ---->  # 37 300               # 48  290
================================================================================
NOTES:
# LAST OF SEVERAL OCCURRENCES

COLUMN 17 PEAK WIND IN M.P.H.

PRELIMINARY LOCAL CLIMATOLOGICAL DATA (WS FORM: F-6) , PAGE 2

                                          STATION:  HOUGHTON LAKE MI
                                          MONTH:    SEPTEMBER
                                          YEAR:     2016
                                          LATITUDE:   44 22 N
                                          LONGITUDE:  84 41 W

[TEMPERATURE DATA]      [PRECIPITATION DATA]       SYMBOLS USED IN COLUMN 16

AVERAGE MONTHLY: 63.6   TOTAL FOR MONTH:   2.16    1 = FOG OR MIST
DPTR FM NORMAL:   5.2   DPTR FM NORMAL:   -0.33    2 = FOG REDUCING VISIBILITY
HIGHEST:    90 ON  6    GRTST 24HR  0.79 ON  7- 7      TO 1/4 MILE OR LESS
LOWEST:     40 ON 24,15                            3 = THUNDER
                        SNOW, ICE PELLETS, HAIL    4 = ICE PELLETS
                        TOTAL MONTH:   0.0 INCH    5 = HAIL
                        GRTST 24HR     0.0         6 = FREEZING RAIN OR DRIZZLE
                        GRTST DEPTH:   0           7 = DUSTSTORM OR SANDSTORM:
                                                       VSBY 1/2 MILE OR LESS
                                                   8 = SMOKE OR HAZE
[NO. OF DAYS WITH]      [WEATHER - DAYS WITH]      9 = BLOWING SNOW
                                                   X = TORNADO
MAX 32 OR BELOW:   0    0.01 INCH OR MORE:  10
MAX 90 OR ABOVE:   1    0.10 INCH OR MORE:   5
MIN 32 OR BELOW:   0    0.50 INCH OR MORE:   1
MIN  0 OR BELOW:   0    1.00 INCH OR MORE:   0

[HDD (BASE 65) ]
TOTAL THIS MO.    75    CLEAR  (SCALE 0-3)  16
DPTR FM NORMAL  -103    PTCLDY (SCALE 4-7)   8
TOTAL FM JUL 1   108    CLOUDY (SCALE 8-10)  0
DPTR FM NORMAL  -197

[CDD (BASE 65) ]
TOTAL THIS MO.    48
DPTR FM NORMAL    30    [PRESSURE DATA]
TOTAL FM JAN 1   457    HIGHEST SLP M ON M
DPTR FM NORMAL   174    LOWEST  SLP 29.60 ON 10

[REMARKS]
