000
CXUS51 KCAR 300600
CF6HUL
PRELIMINARY LOCAL CLIMATOLOGICAL DATA (WS FORM: F-6)

                                          STATION:   HOULTON ME
                                          MONTH:     JANUARY
                                          YEAR:      2015
                                          LATITUDE:   46  7 N
                                          LONGITUDE:  67 48 W

  TEMPERATURE IN F:       :PCPN:    SNOW:  WIND      :SUNSHINE: SKY     :PK WND
================================================================================
1   2   3   4   5  6A  6B    7    8   9   10  11  12  13   14  15   16   17  18
                                     12Z  AVG MX 2MIN
DY MAX MIN AVG DEP HDD CDD  WTR  SNW DPTH SPD SPD DIR MIN PSBL S-S WX    SPD DR
================================================================================

 1  25   9  17   3  48   0 0.00    M    M  8.7 20 230   M    M   6        25 220
 2  26   3  15   1  50   0    T    M    M 11.1 28 250   M    M   5 18     36 260
 3   8  -4   2 -11  63   0 0.04    M    M  3.8 12 290   M    M   3 8      17 290
 4  25   7  16   3  49   0 0.47    M    M  4.6 14 220   M    M  10 168    21 110
 5  30  -4  13   0  52   0    T    M    M 16.9 31 260   M    M   7 8      43 270
 6   0 -11  -5 -17  70   0 0.00    M    M  6.9 20 280   M    M   3 8      27 280
 7  13  -6   4  -8  61   0    T    M    M  6.1 20 340   M    M   9 18     27 330
 8   1 -17  -8 -20  73   0 0.00    M    M  7.7 15 300   M    M   1 8      21 190
 9  19   1  10  -2  55   0    T    M    M  7.9 21 220   M    M   8 18     28 230
10  17   2  10  -2  55   0 0.00    M    M  7.6 22 240   M    M   3        29 230
11  21   3  12   0  53   0 0.00    M    M  7.7 16 240   M    M   3        21 240
12  23  17  20   8  45   0 0.12    M    M  6.1 20 350   M    M  10 18     29 340
13  16 -20  -2 -13  67   0 0.00    M    M  8.2 22  10   M    M   2 8      29 360
14  15 -28  -6 -17  71   0 0.00    M    M  2.4  9 180   M    M   1        13 190
15  19 -18   1 -10  64   0 0.00    M    M  0.1  8 220   M    M   6        11 220
16  28   0  14   3  51   0 0.03    M    M  8.2 26 290   M    M   7 128    38 280
17   6  -9  -1 -12  66   0 0.00    M    M  8.8 21 300   M    M   1        31 290
18  42   4  23  12  42   0 0.05    M    M  9.7 16 150   M    M   9 18     27 150
19  47  29  38  27  27   0 0.43    M    M  8.2 18 280   M    M   8 1      26 130
20  29   4  17   6  48   0    T    M    M 14.4 23 270   M    M   5        33 270
21  22  -2  10  -1  55   0 0.00    M    M  4.7 14 320   M    M   0        20 320
22  23  -2  11   0  54   0 0.00    M    M  0.9  7  30   M    M   0         9  10
23  26   1  14   3  51   0 0.00    M    M  7.4 16 270   M    M   5        21 200
24  31  23  27  16  38   0 0.07    M    M  6.6 13 340   M    M   7 18     18 200
25  31   6  19   8  46   0    T    M    M 11.7 26 280   M    M   3 8      38 270
26  11  -4   4  -7  61   0 0.00    M    M  5.9 15 290   M    M   0        23 290
27   9   3   6  -5  59   0 0.11    M    M 17.9 25  30   M    M   9 12     33  10
28  16  -2   7  -4  58   0    T    M    M 13.0 24 360   M    M   8 18     30 350
29  26 -15   6  -5  59   0 0.00    M    M  0.9  7 150   M    M   0 18     12 140
================================================================================
SM  605  -30      1591   0  1.32    M    224.1          M      139
================================================================================
AV 20.9 -1.0                               7.7 FASTST   M    M   5    MAX(MPH)
                                 MISC ---->  # 31 260               # 43  270
================================================================================
NOTES:
# LAST OF SEVERAL OCCURRENCES

COLUMN 17 PEAK WIND IN M.P.H.

PRELIMINARY LOCAL CLIMATOLOGICAL DATA (WS FORM: F-6) , PAGE 2

                                          STATION:  HOULTON ME
                                          MONTH:    JANUARY
                                          YEAR:     2015
                                          LATITUDE:   46  7 N
                                          LONGITUDE:  67 48 W

[TEMPERATURE DATA]      [PRECIPITATION DATA]       SYMBOLS USED IN COLUMN 16

AVERAGE MONTHLY:  9.9   TOTAL FOR MONTH:   1.32    1 = FOG OR MIST
DPTR FM NORMAL:  -1.7   DPTR FM NORMAL:   -1.36    2 = FOG REDUCING VISIBILITY
HIGHEST:    47 ON 19    GRTST 24HR  0.51 ON  3- 4      TO 1/4 MILE OR LESS
LOWEST:    -28 ON 14                               3 = THUNDER
                        SNOW, ICE PELLETS, HAIL    4 = ICE PELLETS
                        TOTAL MONTH:    M          5 = HAIL
                        GRTST 24HR    M  ON   M    6 = FREEZING RAIN OR DRIZZLE
                        GRTST DEPTH:  M  ON   M    7 = DUSTSTORM OR SANDSTORM:
                                                       VSBY 1/2 MILE OR LESS
                                                   8 = SMOKE OR HAZE
[NO. OF DAYS WITH]      [WEATHER - DAYS WITH]      9 = BLOWING SNOW
                                                   X = TORNADO
MAX 32 OR BELOW:  27    0.01 INCH OR MORE:   8
MAX 90 OR ABOVE:   0    0.10 INCH OR MORE:   4
MIN 32 OR BELOW:  29    0.50 INCH OR MORE:   0
MIN  0 OR BELOW:  15    1.00 INCH OR MORE:   0

[HDD (BASE 65) ]
TOTAL THIS MO.  1591    CLEAR  (SCALE 0-3)  11
DPTR FM NORMAL    43    PTCLDY (SCALE 4-7)  12
TOTAL FM JUL 1  4732    CLOUDY (SCALE 8-10)  6
DPTR FM NORMAL  -336

[CDD (BASE 65) ]
TOTAL THIS MO.     0
DPTR FM NORMAL     0    [PRESSURE DATA]
TOTAL FM JAN 1     0    HIGHEST SLP M ON M
DPTR FM NORMAL     0    LOWEST  SLP 29.02 ON 25

[REMARKS]
