000
CXUS54 KHGX 281415
CF6IAH
PRELIMINARY LOCAL CLIMATOLOGICAL DATA (WS FORM: F-6)

                                          STATION:   HOUSTON INTERCONTINENTAL
                                          MONTH:     JULY
                                          YEAR:      2017
                                          LATITUDE:   29 58 N
                                          LONGITUDE:  95 21 W

  TEMPERATURE IN F:       :PCPN:    SNOW:  WIND      :SUNSHINE: SKY     :PK WND
================================================================================
1   2   3   4   5  6A  6B    7    8   9   10  11  12  13   14  15   16   17  18
                                     12Z  AVG MX 2MIN
DY MAX MIN AVG DEP HDD CDD  WTR  SNW DPTH SPD SPD DIR MIN PSBL S-S WX    SPD DR
================================================================================

 1  94  77  86   2   0  21 0.00  0.0    0  7.7 16 160   M    M   4 18     21 150
 2  94  76  85   1   0  20 0.00  0.0    0  8.5 21 130   M    M   4 18     26 130
 3  95  78  87   3   0  22 0.00  0.0    0  8.1 18 150   M    M   4        23 150
 4  96  79  88   4   0  23 0.00  0.0    0  6.3 18 150   M    M   4        23 140
 5  95  77  86   2   0  21 0.00  0.0    0  7.5 21 150   M    M   4 3      25 140
 6  94  76  85   1   0  20 0.00  0.0    0  6.3 16 170   M    M   4 3      29 140
 7  95  76  86   2   0  21 0.00  0.0    0  4.2 17 180   M    M   4 3      24 180
 8  96  76  86   2   0  21    T  0.0    0  3.8 20  50   M    M   4 3      22  50
 9  96  73  85   1   0  20 2.30  0.0    0  6.4 28 150   M    M   6 13     34 160
10  84  73  79  -5   0  14 0.51  0.0    0  6.9 15 330   M    M   8 13     22 330
11  93  75  84   0   0  19 0.00  0.0    0  4.7 21 150   M    M   6        25 150
12  90  75  83  -1   0  18 0.02  0.0    0  5.8 18 130   M    M   6 3      25 120
13  93  75  84   0   0  19 0.01  0.0    0  4.2 15  80   M    M   5 3      17 110
14  96  76  86   2   0  21 0.00  0.0    0  4.3 20 130   M    M   5        24 130
15  93  73  83  -1   0  18 1.20  0.0    0  4.0 28  50   M    M   8 13     32  50
16  92  73  83  -1   0  18 0.00  0.0    0  4.6 13 150   M    M   6 1      16 140
17  92  78  85   1   0  20 0.00  0.0    0  4.4 16 160   M    M   6        20 160
18  92  77  85   1   0  20 0.68  0.0    0  3.8 18 130   M    M   5 3      20 140
19  94  75  85   1   0  20 0.00  0.0    0  3.8 15 130   M    M   4        19 140
20  97  77  87   2   0  22 0.00  0.0    0  4.6 14 180   M    M   4        17 170
21  96  76  86   1   0  21 0.50  0.0    0  4.0 20 120   M    M   5 38     23 130
22  94  74  84  -1   0  19 0.90  0.0    0  5.0 30 290   M    M   6 13     53 280
23  94  78  86   1   0  21 0.17  0.0    0  6.5 17 170   M    M   6 3      22 170
24  96  80  88   3   0  23 0.00  0.0    0  6.9 13 180   M    M   7        20 160
25  95  77  86   1   0  21 0.00  0.0    0  7.9 15 160   M    M   8        19 160
26  97  77  87   2   0  22 0.00  0.0    0  6.5 24 150   M    M   5 3      29 160
27  98  76  87   2   0  22 0.00  0.0    0  5.6 22 140   M    M   3        26 150
================================================================================
SM 2541 2053         0 547  6.29     0.0 152.3          M      141
================================================================================
AV 94.1 76.0                               5.6 FASTST   M    M   5    MAX(MPH)
                                 MISC ---->  # 30 290               # 53  280
================================================================================
NOTES:
# LAST OF SEVERAL OCCURRENCES

COLUMN 17 PEAK WIND IN M.P.H.

PRELIMINARY LOCAL CLIMATOLOGICAL DATA (WS FORM: F-6) , PAGE 2

                                          STATION:  HOUSTON INTERCONTINENTAL
                                          MONTH:    JULY
                                          YEAR:     2017
                                          LATITUDE:   29 58 N
                                          LONGITUDE:  95 21 W

[TEMPERATURE DATA]      [PRECIPITATION DATA]       SYMBOLS USED IN COLUMN 16

AVERAGE MONTHLY: 85.1   TOTAL FOR MONTH:   6.29    1 = FOG OR MIST
DPTR FM NORMAL:   0.8   DPTR FM NORMAL:    2.88    2 = FOG REDUCING VISIBILITY
HIGHEST:    98 ON 27    GRTST 24HR  2.30 ON  9- 9      TO 1/4 MILE OR LESS
LOWEST:     73 ON 16,15                            3 = THUNDER
                        SNOW, ICE PELLETS, HAIL    4 = ICE PELLETS
                        TOTAL MONTH:   0.0 INCH    5 = HAIL
                        GRTST 24HR     0.0         6 = FREEZING RAIN OR DRIZZLE
                        GRTST DEPTH:   0           7 = DUSTSTORM OR SANDSTORM:
                                                       VSBY 1/2 MILE OR LESS
                                                   8 = SMOKE OR HAZE
[NO. OF DAYS WITH]      [WEATHER - DAYS WITH]      9 = BLOWING SNOW
                                                   X = TORNADO
MAX 32 OR BELOW:   0    0.01 INCH OR MORE:   9
MAX 90 OR ABOVE:  26    0.10 INCH OR MORE:   7
MIN 32 OR BELOW:   0    0.50 INCH OR MORE:   6
MIN  0 OR BELOW:   0    1.00 INCH OR MORE:   2

[HDD (BASE 65) ]
TOTAL THIS MO.     0    CLEAR  (SCALE 0-3)   1
DPTR FM NORMAL     0    PTCLDY (SCALE 4-7)  25
TOTAL FM JUL 1     0    CLOUDY (SCALE 8-10)  1
DPTR FM NORMAL     0

[CDD (BASE 65) ]
TOTAL THIS MO.   547
DPTR FM NORMAL    25    [PRESSURE DATA]
TOTAL FM JAN 1  1977    HIGHEST SLP M ON M
DPTR FM NORMAL   283    LOWEST  SLP 29.85 ON M

[REMARKS]
