000
CXUS53 KUNR 290945
CF6ICR
PRELIMINARY LOCAL CLIMATOLOGICAL DATA (WS FORM: F-6)

                                          STATION:   WINNER REGIONAL AIRPORT SD
                                          MONTH:     APRIL
                                          YEAR:      2016
                                          LATITUDE:   43 23 N
                                          LONGITUDE:  99 50 W

  TEMPERATURE IN F:       :PCPN:    SNOW:  WIND      :SUNSHINE: SKY     :PK WND
================================================================================
1   2   3   4   5  6A  6B    7    8   9   10  11  12  13   14  15   16   17  18
                                     12Z  AVG MX 2MIN
DY MAX MIN AVG DEP HDD CDD  WTR  SNW DPTH SPD SPD DIR MIN PSBL S-S WX    SPD DR
================================================================================

 1  46  32  39  -4  26   0    T    M    M 17.2 32 340   M    M   6 1      38 340
 2  67  37  52   9  13   0 0.00    M    M 12.1 22 290   M    M   2        27 290
 3  78  43  61  18   4   0    T    M    M 16.1 36 310   M    M   2        45 300
 4  62  29  46   2  19   0 0.00    M    M 12.1 25 120   M    M   2        34 140
 5  66  43  55  11  10   0 0.00    M    M 21.9 48 180   M    M   1 8      60 180
 6  63  39  51   7  14   0    T    M    M 24.2 41 310   M    M   7        53 310
 7  58  30  44  -1  21   0 0.00    M    M 19.9 41 330   M    M   2        51 330
 8  52  29  41  -4  24   0 0.00    M    M 10.5 23 350   M    M   2        31  10
 9  70  30  50   5  15   0 0.00    M    M 22.2 46 180   M    M   0        56 180
10  63  30  47   1  18   0    T    M    M 12.9 28 330   M    M   3        34 320
11  51  22  37  -9  28   0 0.00    M    M  7.2 16 350   M    M   1        20 340
12  80  31  56  10   9   0 0.00    M    M 17.2 37 200   M    M   1        44 200
13  77  36  57  10   8   0 0.00    M    M  9.5 20 190   M    M   1        26 190
14  80  57  69  22   0   4 0.00    M    M 22.6 36 180   M    M   0        45 180
15  67  53  60  12   5   0 0.20    M    M 12.8 39 180   M    M   7 13     47 180
16  53  38  46  -2  19   0 0.50    M    M 16.1 24 320   M    M  10 1      29 320
17  43  36  40  -8  25   0 0.94    M    M 14.3 23 360   M    M  10 1      27 360
18  45  38  42  -7  23   0 0.42    M    M 14.3 22 310   M    M  10 18     26 320
19  61  34  48  -1  17   0 0.00    M    M  6.9 14 190   M    M   2        18 210
20  57  47  52   3  13   0 0.06    M    M  5.8 10 150   M    M   9        13 150
21  67  43  55   5  10   0 0.00    M    M 11.4 24 350   M    M   1        33 330
22  75  34  55   5  10   0 0.00    M    M 12.9 25 170   M    M   0        32 160
23  83  54  69  19   0   4 0.00    M    M 22.6 32 180   M    M   0        44 170
24  77  50  64  13   1   0    T    M    M 12.3 26 190   M    M   3 8      35 190
25  58  37  48  -3  17   0 0.00    M    M 15.1 29 290   M    M   9 18     39 290
26  50  37  44  -8  21   0 0.36    M    M  9.5 40  50   M    M   9 18     49  50
27  46  39  43  -9  22   0 2.04    M    M 15.5 26  20   M    M  10 1      34 350
28  45  37  41 -11  24   0    T    M    M  9.6 17 330   M    M   9 1      21 360
================================================================================
SM 1740 1065       416   8  4.52    M    404.7          M      119
================================================================================
AV 62.1 38.0                              14.5 FASTST   M    M   4    MAX(MPH)
                                 MISC ---->  # 48 180               # 60  180
================================================================================
NOTES:
# LAST OF SEVERAL OCCURRENCES

COLUMN 17 PEAK WIND IN M.P.H.

PRELIMINARY LOCAL CLIMATOLOGICAL DATA (WS FORM: F-6) , PAGE 2

                                          STATION:  WINNER REGIONAL AIRPORT SD
                                          MONTH:    APRIL
                                          YEAR:     2016
                                          LATITUDE:   43 23 N
                                          LONGITUDE:  99 50 W

[TEMPERATURE DATA]      [PRECIPITATION DATA]       SYMBOLS USED IN COLUMN 16

AVERAGE MONTHLY: 50.1   TOTAL FOR MONTH:   4.52    1 = FOG OR MIST
DPTR FM NORMAL:   2.7   DPTR FM NORMAL:    2.26    2 = FOG REDUCING VISIBILITY
HIGHEST:    83 ON 23    GRTST 24HR  2.30 ON 26-27      TO 1/4 MILE OR LESS
LOWEST:     22 ON 11                               3 = THUNDER
                        SNOW, ICE PELLETS, HAIL    4 = ICE PELLETS
                        TOTAL MONTH:    M          5 = HAIL
                        GRTST 24HR    M  ON   M    6 = FREEZING RAIN OR DRIZZLE
                        GRTST DEPTH:  M  ON   M    7 = DUSTSTORM OR SANDSTORM:
                                                       VSBY 1/2 MILE OR LESS
                                                   8 = SMOKE OR HAZE
[NO. OF DAYS WITH]      [WEATHER - DAYS WITH]      9 = BLOWING SNOW
                                                   X = TORNADO
MAX 32 OR BELOW:   0    0.01 INCH OR MORE:   7
MAX 90 OR ABOVE:   0    0.10 INCH OR MORE:   6
MIN 32 OR BELOW:   8    0.50 INCH OR MORE:   3
MIN  0 OR BELOW:   0    1.00 INCH OR MORE:   1

[HDD (BASE 65) ]
TOTAL THIS MO.   416    CLEAR  (SCALE 0-3)  16
DPTR FM NORMAL   -78    PTCLDY (SCALE 4-7)   4
TOTAL FM JUL 1  5350    CLOUDY (SCALE 8-10)  8
DPTR FM NORMAL -1029

[CDD (BASE 65) ]
TOTAL THIS MO.     8
DPTR FM NORMAL     8    [PRESSURE DATA]
TOTAL FM JAN 1     9    HIGHEST SLP M ON M
DPTR FM NORMAL     9    LOWEST  SLP 29.12 ON 24

[REMARKS]
