000
CXUS53 KICT 300800
CF6ICT
PRELIMINARY LOCAL CLIMATOLOGICAL DATA (WS FORM: F-6)

                                          STATION:   WICHITA EISENHOWER NATIONAL
                                          MONTH:     JULY
                                          YEAR:      2015
                                          LATITUDE:   37 39 N
                                          LONGITUDE:  97 25 W

  TEMPERATURE IN F:       :PCPN:    SNOW:  WIND      :SUNSHINE: SKY     :PK WND
================================================================================
1   2   3   4   5  6A  6B    7    8   9   10  11  12  13   14  15   16   17  18
                                     12Z  AVG MX 2MIN
DY MAX MIN AVG DEP HDD CDD  WTR  SNW DPTH SPD SPD DIR MIN PSBL S-S WX    SPD DR
================================================================================

 1  98  73  86   6   0  21    T  0.0    0  8.8 23 230   M    M   6        27 220
 2  81  69  75  -5   0  10 0.17  0.0    0  6.0 18  60   M    M   7 1      23  60
 3  86  66  76  -4   0  11 0.00  0.0    0  8.6 20 340   M    M   4 1      24 360
 4  91  64  78  -2   0  13 0.00  0.0    0  7.7 15 140   M    M   2 8      23 150
 5 100  73  87   7   0  22 0.00  0.0    0 15.0 24 190   M    M   4        30 170
 6  96  72  84   3   0  19 3.06  0.0    0 13.6 29 350   M    M   8 123    38 340
 7  72  63  68 -13   0   3 0.74  0.0    0 14.0 26  20   M    M  10 18     32  20
 8  76  63  70 -11   0   5    T  0.0    0  6.8 13  30   M    M   9 18     15 350
 9  79  66  73  -8   0   8 0.27  0.0    0  7.0 14 160   M    M   8 1      17  50
10  85  70  78  -3   0  13 0.63  0.0    0 10.5 33 200   M    M   7 13     44 200
11  91  74  83   2   0  18 0.00  0.0    0 16.1 25 210   M    M   4        31 200
12  95  73  84   3   0  19 0.00  0.0    0 12.3 21 180   M    M   4        25 180
13  98  75  87   6   0  22 0.00  0.0    0 10.6 18 170   M    M   5        21 180
14  95  78  87   6   0  22 0.00  0.0    0 10.2 18  90   M    M   5        25  20
15  96  77  87   6   0  22 0.00  0.0    0 13.3 22 170   M    M   6        26 170
16  96  75  86   5   0  21    T  0.0    0 10.7 22 230   M    M   5        29 210
17  94  76  85   4   0  20    T  0.0    0 14.1 28 170   M    M   6        35 180
18 100  77  89   8   0  24 0.00  0.0    0 16.3 25 180   M    M   4        33 180
19  96  77  87   6   0  22    T  0.0    0  7.9 15 210   M    M   5        20 130
20  97  76  87   6   0  22 0.02  0.0    0  6.9 23 170   M    M   7 3      34 160
21  83  73  78  -3   0  13 0.71  0.0    0  9.6 20  60   M    M   7 13     24  50
22  87  70  79  -2   0  14 0.00  0.0    0  6.8 12 150   M    M   8        15 140
23  95  73  84   3   0  19 0.00  0.0    0  7.4 13 150   M    M   4 3      17 180
24 100  77  89   8   0  24 0.00  0.0    0  9.9 20 180   M    M   2        23 180
25  97  76  87   6   0  22    T  0.0    0  9.5 20 160   M    M   5        25 150
26  96  79  88   7   0  23    T  0.0    0  9.5 18 140   M    M   5        25 210
27  97  77  87   6   0  22    T  0.0    0 12.2 23 170   M    M   6        28 180
28 100  77  89   8   0  24 0.00  0.0    0 15.6 26 170   M    M   1        34 170
29  84  74  79  -2   0  14 0.13  0.0    0 10.6 26  50   M    M   8 13     32  30
================================================================================
SM 2661 2113         0 512  5.73     0.0 307.5          M      162
================================================================================
AV 91.8 72.9                              10.6 FASTST   M    M   6    MAX(MPH)
                                 MISC ---->  # 33 200               # 44  200
================================================================================
NOTES:
# LAST OF SEVERAL OCCURRENCES

COLUMN 17 PEAK WIND IN M.P.H.

PRELIMINARY LOCAL CLIMATOLOGICAL DATA (WS FORM: F-6) , PAGE 2

                                          STATION:  WICHITA EISENHOWER NATIONAL
                                          MONTH:    JULY
                                          YEAR:     2015
                                          LATITUDE:   37 39 N
                                          LONGITUDE:  97 25 W

[TEMPERATURE DATA]      [PRECIPITATION DATA]       SYMBOLS USED IN COLUMN 16

AVERAGE MONTHLY: 82.3   TOTAL FOR MONTH:   5.73    1 = FOG OR MIST
DPTR FM NORMAL:   1.5   DPTR FM NORMAL:    2.61    2 = FOG REDUCING VISIBILITY
HIGHEST:   100 ON 28,24 GRTST 24HR  3.76 ON  6- 7      TO 1/4 MILE OR LESS
LOWEST:     63 ON  8, 7                            3 = THUNDER
                        SNOW, ICE PELLETS, HAIL    4 = ICE PELLETS
                        TOTAL MONTH:   0.0 INCH    5 = HAIL
                        GRTST 24HR     0.0         6 = FREEZING RAIN OR DRIZZLE
                        GRTST DEPTH:   0           7 = DUSTSTORM OR SANDSTORM:
                                                       VSBY 1/2 MILE OR LESS
                                                   8 = SMOKE OR HAZE
[NO. OF DAYS WITH]      [WEATHER - DAYS WITH]      9 = BLOWING SNOW
                                                   X = TORNADO
MAX 32 OR BELOW:   0    0.01 INCH OR MORE:   8
MAX 90 OR ABOVE:  20    0.10 INCH OR MORE:   7
MIN 32 OR BELOW:   0    0.50 INCH OR MORE:   4
MIN  0 OR BELOW:   0    1.00 INCH OR MORE:   1

[HDD (BASE 65) ]
TOTAL THIS MO.     0    CLEAR  (SCALE 0-3)   3
DPTR FM NORMAL     0    PTCLDY (SCALE 4-7)  23
TOTAL FM JUL 1     0    CLOUDY (SCALE 8-10)  3
DPTR FM NORMAL     0

[CDD (BASE 65) ]
TOTAL THIS MO.   512
DPTR FM NORMAL    53    [PRESSURE DATA]
TOTAL FM JAN 1  1084    HIGHEST SLP M ON M
DPTR FM NORMAL   160    LOWEST  SLP 29.66 ON 13

[REMARKS]
