000
CXUS55 KVEF 250940
CF6IGM
PRELIMINARY LOCAL CLIMATOLOGICAL DATA (WS FORM: F-6)

                                          STATION:   KINGMAN AZ
                                          MONTH:     JUNE
                                          YEAR:      2017
                                          LATITUDE:   35 16 N
                                          LONGITUDE: 113 57 W

  TEMPERATURE IN F:       :PCPN:    SNOW:  WIND      :SUNSHINE: SKY     :PK WND
================================================================================
1   2   3   4   5  6A  6B    7    8   9   10  11  12  13   14  15   16   17  18
                                     12Z  AVG MX 2MIN
DY MAX MIN AVG DEP HDD CDD  WTR  SNW DPTH SPD SPD DIR MIN PSBL S-S WX    SPD DR
================================================================================

 1  89  58  74   0   0   9 0.00  0.0    0 11.5 24 230   M    M   0        40 240
 2  95  54  75   1   0  10 0.00  0.0    0  9.1 18 230   M    M   0        24 240
 3 100  57  79   5   0  14 0.00  0.0    M  7.2 21 240   M    M   0        27 250
 4  99  63  81   7   0  16 0.00  0.0    0 11.9 24 250   M    M   0        32 210
 5  98  63  81   6   0  16 0.00  0.0    0 10.7 25 220   M    M   0        35 200
 6  99  70  85  10   0  20 0.00  0.0    0 13.1 28 220   M    M   0        33 210
 7  97  63  80   5   0  15 0.00  0.0    0 12.4 29 210   M    M   0        38 200
 8  95  62  79   3   0  14 0.00  0.0    0 12.9 26 210   M    M   0        32 200
 9  94  63  79   3   0  14 0.00  0.0    0 18.4 36 200   M    M   0        43 200
10  92  64  78   2   0  13 0.00  0.0    0 17.7 31 200   M    M   0        42 220
11  87  64  76   0   0  11 0.00  0.0    0 19.2 35 210   M    M   0        45 210
12  78  53  66 -11   0   1 0.00  0.0    0 15.9 29 210   M    M   0        40 200
13  87  44  66 -11   0   1 0.00  0.0    0  5.6 15 200   M    M   0        22 220
14  96  49  73  -4   0   8 0.00  0.0    0  6.3 17 250   M    M   0        23 230
15 100  57  79   1   0  14 0.00  0.0    0  6.7 20 250   M    M   0        27 250
16 102  59  81   3   0  16 0.00  0.0    0  6.9 22 230   M    M   0        40 250
17 104  62  83   5   0  18 0.00  0.0    0  8.9 20 250   M    M   0        31 310
18 109  66  88  10   0  23 0.00  0.0    0  5.4 20 290   M    M   0        26 300
19 111  71  91  12   0  26 0.00  0.0    0  7.7 25  30   M    M   0        30  30
20 113  72  93  14   0  28 0.00  0.0    0  7.7 22 230   M    M   0        26 240
21 111  70  91  12   0  26 0.00  0.0    0 10.3 25 250   M    M   0        31 250
22 107  76  92  12   0  27 0.00  0.0    0 12.7 28 220   M    M   0        36 250
23 108  73  91  11   0  26 0.00  0.0    0 11.0 22 240   M    M   0        29 240
24 112  71  92  12   0  27 0.00  0.0    0  7.7 17 200   M    M   0        22 290
================================================================================
SM 2383 1504         0 393  0.00     0.0 256.9          M        0
================================================================================
AV 99.3 62.7                              10.7 FASTST   M    M   0    MAX(MPH)
                                 MISC ---->  # 36 200               # 45  210
================================================================================
NOTES:
# LAST OF SEVERAL OCCURRENCES

COLUMN 17 PEAK WIND IN M.P.H.

PRELIMINARY LOCAL CLIMATOLOGICAL DATA (WS FORM: F-6) , PAGE 2

                                          STATION:  KINGMAN AZ
                                          MONTH:    JUNE
                                          YEAR:     2017
                                          LATITUDE:   35 16 N
                                          LONGITUDE: 113 57 W

[TEMPERATURE DATA]      [PRECIPITATION DATA]       SYMBOLS USED IN COLUMN 16

AVERAGE MONTHLY: 81.0   TOTAL FOR MONTH:   0.00    1 = FOG OR MIST
DPTR FM NORMAL:   4.1   DPTR FM NORMAL:   -0.04    2 = FOG REDUCING VISIBILITY
HIGHEST:   113 ON 20    GRTST 24HR  0.00 ON 24-24      TO 1/4 MILE OR LESS
LOWEST:     44 ON 13                               3 = THUNDER
                        SNOW, ICE PELLETS, HAIL    4 = ICE PELLETS
                        TOTAL MONTH:   0.0 INCH    5 = HAIL
                        GRTST 24HR     0.0         6 = FREEZING RAIN OR DRIZZLE
                        GRTST DEPTH:   0           7 = DUSTSTORM OR SANDSTORM:
                                                       VSBY 1/2 MILE OR LESS
                                                   8 = SMOKE OR HAZE
[NO. OF DAYS WITH]      [WEATHER - DAYS WITH]      9 = BLOWING SNOW
                                                   X = TORNADO
MAX 32 OR BELOW:   0    0.01 INCH OR MORE:   0
MAX 90 OR ABOVE:  20    0.10 INCH OR MORE:   0
MIN 32 OR BELOW:   0    0.50 INCH OR MORE:   0
MIN  0 OR BELOW:   0    1.00 INCH OR MORE:   0

[HDD (BASE 65) ]
TOTAL THIS MO.     0    CLEAR  (SCALE 0-3)  24
DPTR FM NORMAL     0    PTCLDY (SCALE 4-7)   0
TOTAL FM JUL 1  2491    CLOUDY (SCALE 8-10)  0
DPTR FM NORMAL  -609

[CDD (BASE 65) ]
TOTAL THIS MO.   393
DPTR FM NORMAL   104    [PRESSURE DATA]
TOTAL FM JAN 1   553    HIGHEST SLP M ON M
DPTR FM NORMAL    66    LOWEST  SLP 29.52 ON 11

[REMARKS]
