000
CXUS55 KVEF 300940
CF6IGM
PRELIMINARY LOCAL CLIMATOLOGICAL DATA (WS FORM: F-6)

                                          STATION:   KINGMAN AZ
                                          MONTH:     JULY
                                          YEAR:      2016
                                          LATITUDE:   35 16 N
                                          LONGITUDE: 113 57 W

  TEMPERATURE IN F:       :PCPN:    SNOW:  WIND      :SUNSHINE: SKY     :PK WND
================================================================================
1   2   3   4   5  6A  6B    7    8   9   10  11  12  13   14  15   16   17  18
                                     12Z  AVG MX 2MIN
DY MAX MIN AVG DEP HDD CDD  WTR  SNW DPTH SPD SPD DIR MIN PSBL S-S WX    SPD DR
================================================================================

 1  90  67  79  -3   0  14 0.02  0.0    0  8.0 25 130   M    M   3 3      28 130
 2  93  63  78  -4   0  13 0.30  0.0    0  9.2 39 360   M    M   2 138    52  20
 3  97  70  84   2   0  19 0.00  0.0    0 11.2 24 240   M    M   0        34 230
 4 100  71  86   4   0  21 0.00  0.0    0 11.6 23 220   M    M   0        31 230
 5 100  70  85   2   0  20 0.00  0.0    0 14.6 28 210   M    M   0        40 200
 6  97  73  85   2   0  20 0.00  0.0    0 16.3 30 220   M    M   0        38 220
 7  97  68  83   0   0  18 0.00  0.0    0 15.4 29 200   M    M   0        40 220
 8  99  69  84   1   0  19 0.00  0.0    0 17.1 28 210   M    M   0        40 230
 9 101  69  85   2   0  20 0.00  0.0    0 17.1 32 230   M    M   0        41 220
10  99  73  86   3   0  21 0.00  0.0    0 17.6 33 220   M    M   0        49 220
11  98  66  82  -2   0  17 0.00  0.0    0 10.8 23 260   M    M   0        33 220
12  99  70  85   1   0  20 0.00  0.0    0 12.8 25 240   M    M   0        33 240
13 100  65  83  -1   0  18 0.00  0.0    0 11.4 24 230   M    M   0        54 210
14 102  70  86   2   0  21 0.00  0.0    0 11.1 23 250   M    M   0        29 220
15 104  69  87   3   0  22 0.00  0.0    0 13.0 26 230   M    M   0        32 230
16 100  73  87   3   0  22 0.00  0.0    0 14.6 30 220   M    M   0        37 190
17  96  76  86   2   0  21 0.00  0.0    0 14.5 30 210   M    M   0        38 220
18  99  77  88   4   0  23 0.00  0.0    0 12.1 26 240   M    M   2        32 240
19 100  71  86   2   0  21 0.00  0.0    0 12.3 26 220   M    M   0        36 230
20 101  74  88   4   0  23 0.00  0.0    0 14.5 32 140   M    M   1 38     40 140
21 104  73  89   5   0  24 0.00  0.0    0 10.0 22 130   M    M   0        25 130
22 106  78  92   8   0  27 0.00  0.0    0 11.4 23 230   M    M   0        29 230
23 105  78  92   8   0  27 0.00  0.0    0 13.8 24 230   M    M   0        34 220
24  99  76  88   4   0  23 0.00  0.0    0 12.7 30 230   M    M   0        36 220
25 101  76  89   5   0  24 0.00  0.0    0 12.5 37 120   M    M   0 8      43 130
26 104  76  90   6   0  25 0.00  0.0    0  7.9 24 130   M    M   0        28 120
27 107  78  93   9   0  28    T  0.0    0  8.5 44 350   M    M   0 38     55 360
28 108  79  94  10   0  29 0.01  0.0    0 10.7 43  80   M    M   0 38     48  80
29 107  77  92   8   0  27 0.00  0.0    0  9.5 24  40   M    M   0 3      30  40
================================================================================
SM 2913 2095         0 627  0.33     0.0 362.2          M        8
================================================================================
AV100.4 72.2                              12.5 FASTST   M    M   0    MAX(MPH)
                                 MISC ---->  # 44 350               # 55  360
================================================================================
NOTES:
# LAST OF SEVERAL OCCURRENCES

COLUMN 17 PEAK WIND IN M.P.H.

PRELIMINARY LOCAL CLIMATOLOGICAL DATA (WS FORM: F-6) , PAGE 2

                                          STATION:  KINGMAN AZ
                                          MONTH:    JULY
                                          YEAR:     2016
                                          LATITUDE:   35 16 N
                                          LONGITUDE: 113 57 W

[TEMPERATURE DATA]      [PRECIPITATION DATA]       SYMBOLS USED IN COLUMN 16

AVERAGE MONTHLY: 86.3   TOTAL FOR MONTH:   0.33    1 = FOG OR MIST
DPTR FM NORMAL:   2.8   DPTR FM NORMAL:   -0.36    2 = FOG REDUCING VISIBILITY
HIGHEST:   108 ON 28    GRTST 24HR  0.57 ON 30- 1      TO 1/4 MILE OR LESS
LOWEST:     63 ON  2                               3 = THUNDER
                        SNOW, ICE PELLETS, HAIL    4 = ICE PELLETS
                        TOTAL MONTH:   0.0 INCH    5 = HAIL
                        GRTST 24HR     0.0         6 = FREEZING RAIN OR DRIZZLE
                        GRTST DEPTH:   0           7 = DUSTSTORM OR SANDSTORM:
                                                       VSBY 1/2 MILE OR LESS
                                                   8 = SMOKE OR HAZE
[NO. OF DAYS WITH]      [WEATHER - DAYS WITH]      9 = BLOWING SNOW
                                                   X = TORNADO
MAX 32 OR BELOW:   0    0.01 INCH OR MORE:   3
MAX 90 OR ABOVE:  29    0.10 INCH OR MORE:   1
MIN 32 OR BELOW:   0    0.50 INCH OR MORE:   0
MIN  0 OR BELOW:   0    1.00 INCH OR MORE:   0

[HDD (BASE 65) ]
TOTAL THIS MO.     0    CLEAR  (SCALE 0-3)  29
DPTR FM NORMAL     0    PTCLDY (SCALE 4-7)   0
TOTAL FM JUL 1     0    CLOUDY (SCALE 8-10)  0
DPTR FM NORMAL     0

[CDD (BASE 65) ]
TOTAL THIS MO.   627
DPTR FM NORMAL    90    [PRESSURE DATA]
TOTAL FM JAN 1  1329    HIGHEST SLP M ON M
DPTR FM NORMAL   209    LOWEST  SLP 29.59 ON 10

[REMARKS]
