000
CXUS51 KPHI 260800
CF6ILG
PRELIMINARY LOCAL CLIMATOLOGICAL DATA (WS FORM: F-6)

                                          STATION:   WILMINGTON DE
                                          MONTH:     DECEMBER
                                          YEAR:      2014
                                          LATITUDE:   39 40 N
                                          LONGITUDE:  75 36 W

  TEMPERATURE IN F:       :PCPN:    SNOW:  WIND      :SUNSHINE: SKY     :PK WND
================================================================================
1   2   3   4   5  6A  6B    7    8   9   10  11  12  13   14  15   16   17  18
                                     12Z  AVG MX 2MIN
DY MAX MIN AVG DEP HDD CDD  WTR  SNW DPTH SPD SPD DIR MIN PSBL S-S WX    SPD DR
================================================================================

 1  65  42  54  13  11   0 0.14  0.0    0  8.0 25 340   M    M   6 1      33 320
 2  42  35  39  -2  26   0 0.39    T    0  8.4 16  10   M    M  10 14     20  10
 3  47  37  42   2  23   0 0.05  0.0    0  7.1 21 320   M    M   8 1      25 310
 4  45  29  37  -3  28   0 0.00  0.0    0  6.2 17 310   M    M   1        22 300
 5  43  37  40   0  25   0 0.04  0.0    0  5.3 14  60   M    M  10 1      17  60
 6  49  42  46   6  19   0 0.74  0.0    0  7.1 24  10   M    M   9 1      30  10
 7  47  33  40   1  25   0 0.01  0.0    0 15.0 25  30   M    M   2        33  10
 8  37  28  33  -6  32   0    T  0.0    0 13.9 21  40   M    M   7        26  40
 9  46  37  42   4  23   0 0.34  0.0    0 16.5 25  40   M    M  10 1      33  40
10  44  35  40   2  25   0    T    T    0 17.6 29 310   M    M   9        37 320
11  39  32  36  -2  29   0 0.03  0.2    0 12.9 26 270   M    M  10 1      35 260
12  40  33  37  -1  28   0 0.00  0.0    0  9.2 18 300   M    M  10        23 300
13  42  33  38   1  27   0 0.00  0.0    0 14.4 24 330   M    M   5        34 330
14  47  32  40   3  25   0 0.00  0.0    0  7.3 22 330   M    M   9 8      27 330
15  48  33  41   4  24   0 0.00  0.0    0  4.9 15 340   M    M   6 1      19 330
16  49  30  40   4  25   0 0.10  0.0    0  5.1 14 170   M    M   6 18     18 170
17  54  36  45   9  20   0 0.00  0.0    0 10.5 25 290   M    M   6 1      31 290
18  42  35  39   3  26   0 0.00  0.0    0 15.1 26 310   M    M   5        36 310
19  43  27  35  -1  30   0 0.00  0.0    0 11.1 20 320   M    M   6        24 300
20  37  28  33  -2  32   0 0.00  0.0    0  3.1 12  30   M    M   8        14  30
21  41  25  33  -2  32   0 0.00  0.0    0  4.9 13 300   M    M   4 18     16 330
22  44  22  33  -2  32   0 0.05  0.0    0  6.6 15  50   M    M   6 18     20  60
23  52  44  48  13  17   0 0.07  0.0    0  9.5 17  70   M    M   9 12     22  60
24  65  47  56  22   9   0 0.95  0.0    0  7.6 18 200   M    M  10 12     25 200
25  65  39  52  18  13   0 0.04  0.0    0 14.2 29 290   M    M   5 1      37 270
================================================================================
SM 1173  851       606   0  2.95     0.2 241.5          M      177
================================================================================
AV 46.9 34.0                               9.7 FASTST   M    M   7    MAX(MPH)
                                 MISC ---->  # 29 310               # 37  320
================================================================================
NOTES:
# LAST OF SEVERAL OCCURRENCES

COLUMN 17 PEAK WIND IN M.P.H.

PRELIMINARY LOCAL CLIMATOLOGICAL DATA (WS FORM: F-6) , PAGE 2

                                          STATION:  WILMINGTON DE
                                          MONTH:    DECEMBER
                                          YEAR:     2014
                                          LATITUDE:   39 40 N
                                          LONGITUDE:  75 36 W

[TEMPERATURE DATA]      [PRECIPITATION DATA]       SYMBOLS USED IN COLUMN 16

AVERAGE MONTHLY: 40.5   TOTAL FOR MONTH:   2.95    1 = FOG OR MIST
DPTR FM NORMAL:   3.1   DPTR FM NORMAL:    0.04    2 = FOG REDUCING VISIBILITY
HIGHEST:    65 ON 25,24 GRTST 24HR  0.95 ON 23-24      TO 1/4 MILE OR LESS
LOWEST:     22 ON 22                               3 = THUNDER
                        SNOW, ICE PELLETS, HAIL    4 = ICE PELLETS
                        TOTAL MONTH:   0.2 INCH    5 = HAIL
                        GRTST 24HR   0.2 ON   M    6 = FREEZING RAIN OR DRIZZLE
                        GRTST DEPTH:   0           7 = DUSTSTORM OR SANDSTORM:
                                                       VSBY 1/2 MILE OR LESS
                                                   8 = SMOKE OR HAZE
[NO. OF DAYS WITH]      [WEATHER - DAYS WITH]      9 = BLOWING SNOW
                                                   X = TORNADO
MAX 32 OR BELOW:   0    0.01 INCH OR MORE:  13
MAX 90 OR ABOVE:   0    0.10 INCH OR MORE:   6
MIN 32 OR BELOW:   9    0.50 INCH OR MORE:   2
MIN  0 OR BELOW:   0    1.00 INCH OR MORE:   0

[HDD (BASE 65) ]
TOTAL THIS MO.   606    CLEAR  (SCALE 0-3)   2
DPTR FM NORMAL   -84    PTCLDY (SCALE 4-7)  12
TOTAL FM JUL 1  1495    CLOUDY (SCALE 8-10) 11
DPTR FM NORMAL   -93

[CDD (BASE 65) ]
TOTAL THIS MO.     0
DPTR FM NORMAL     0    [PRESSURE DATA]
TOTAL FM JAN 1  1073    HIGHEST SLP M ON M
DPTR FM NORMAL   -72    LOWEST  SLP 29.55 ON 25

[REMARKS]
