000
CXUS52 KILM 261000
CF6ILM
PRELIMINARY LOCAL CLIMATOLOGICAL DATA (WS FORM: F-6)

                                          STATION:   WILMINGTON NORTH CAROLINA
                                          MONTH:     MARCH
                                          YEAR:      2017
                                          LATITUDE:   34 16 N
                                          LONGITUDE:  77 55 W

  TEMPERATURE IN F:       :PCPN:    SNOW:  WIND      :SUNSHINE: SKY     :PK WND
================================================================================
1   2   3   4   5  6A  6B    7    8   9   10  11  12  13   14  15   16   17  18
                                     12Z  AVG MX 2MIN
DY MAX MIN AVG DEP HDD CDD  WTR  SNW DPTH SPD SPD DIR MIN PSBL S-S WX    SPD DR
================================================================================

 1  79  67  73  22   0   8 0.00  0.0    0 16.2 29 220   M    M   5        40 220
 2  71  42  57   5   8   0 0.09  0.0    0 10.9 30 330   M    M   4 13     38 340
 3  62  34  48  -4  17   0 0.00  0.0    0  8.8 25 260   M    M   0        34 280
 4  56  28  42 -10  23   0 0.00  0.0    0  4.9 15  10   M    M   0 8      20  50
 5  53  30  42 -10  23   0 0.00  0.0    0  5.0 14 110   M    M   0        19 110
 6  63  32  48  -4  17   0 0.00  0.0    0  4.3 15 130   M    M   0        20 130
 7  73  45  59   6   6   0    T  0.0    0  8.1 17 190   M    M   5        24 180
 8  74  45  60   7   5   0 0.00  0.0    0 10.0 22 220   M    M   4        27 270
 9  75  38  57   4   8   0 0.00  0.0    0  5.4 17 160   M    M   0        22 190
10  76  46  61   7   4   0    T  0.0    0 13.1 28 310   M    M   2        36 260
11  58  32  45  -9  20   0 0.00  0.0    0  4.8 16  30   M    M   4        21 320
12  48  31  40 -14  25   0 0.49  1.1    0  8.0 16  20   M    M   9 1      21  30
13  57  32  45  -9  20   0 1.26  0.0    0 10.6 20  60   M    M   8 1      28  60
14  57  39  48  -6  17   0 0.03  0.0    0 14.8 25 320   M    M  10 1      32 290
15  44  28  36 -19  29   0 0.00  0.0    0 15.9 29 290   M    M   1        37 280
16  50  26  38 -17  27   0 0.00  0.0    0  8.1 20 300   M    M   0        27 300
17  56  25  41 -14  24   0 0.00  0.0    0  5.3 16 200   M    M   0 1      20 180
18  64  52  58   2   7   0 0.07  0.0    0  9.9 23 290   M    M  10 35     32 260
19  57  36  47  -9  18   0 0.02  0.0    0 11.9 24 340   M    M   4        34 360
20  64  31  48  -8  17   0 0.00  0.0    0  5.2 15 180   M    M   0        19 290
21  85  50  68  12   0   3    T  0.0    0  9.6 18 260   M    M   2        21 250
22  67  40  54  -3  11   0 0.02    M    0 11.1 29 340   M    M   7 1      39 350
23  53  33  43 -14  22   0 0.00  0.0    0  8.7 20  90   M    M   0        24  70
24  71  34  53  -4  12   0 0.00  0.0    0  6.9 18 180   M    M   0        25 180
25  75  48  62   5   3   0 0.00  0.0    0  5.3 17 170   M    M   4        22 170
================================================================================
SM 1588  944       363  11  1.98     1.1 222.8          M       79
================================================================================
AV 63.5 37.8                               8.9 FASTST   M    M   3    MAX(MPH)
                                 MISC ---->  # 30 330               # 40  220
================================================================================
NOTES:
# LAST OF SEVERAL OCCURRENCES

COLUMN 17 PEAK WIND IN M.P.H.

PRELIMINARY LOCAL CLIMATOLOGICAL DATA (WS FORM: F-6) , PAGE 2

                                          STATION:  WILMINGTON NORTH CAROLINA
                                          MONTH:    MARCH
                                          YEAR:     2017
                                          LATITUDE:   34 16 N
                                          LONGITUDE:  77 55 W

[TEMPERATURE DATA]      [PRECIPITATION DATA]       SYMBOLS USED IN COLUMN 16

AVERAGE MONTHLY: 50.6   TOTAL FOR MONTH:   1.98    1 = FOG OR MIST
DPTR FM NORMAL:  -3.6   DPTR FM NORMAL:   -1.45    2 = FOG REDUCING VISIBILITY
HIGHEST:    85 ON 21    GRTST 24HR  1.26 ON 13-13      TO 1/4 MILE OR LESS
LOWEST:     25 ON 17                               3 = THUNDER
                        SNOW, ICE PELLETS, HAIL    4 = ICE PELLETS
                        TOTAL MONTH:   1.1 INCHES  5 = HAIL
                        GRTST 24HR   1.1 ON   M    6 = FREEZING RAIN OR DRIZZLE
                        GRTST DEPTH:   0           7 = DUSTSTORM OR SANDSTORM:
                                                       VSBY 1/2 MILE OR LESS
                                                   8 = SMOKE OR HAZE
[NO. OF DAYS WITH]      [WEATHER - DAYS WITH]      9 = BLOWING SNOW
                                                   X = TORNADO
MAX 32 OR BELOW:   0    0.01 INCH OR MORE:   7
MAX 90 OR ABOVE:   0    0.10 INCH OR MORE:   2
MIN 32 OR BELOW:  10    0.50 INCH OR MORE:   1
MIN  0 OR BELOW:   0    1.00 INCH OR MORE:   1

[HDD (BASE 65) ]
TOTAL THIS MO.   363    CLEAR  (SCALE 0-3)  13
DPTR FM NORMAL    86    PTCLDY (SCALE 4-7)   9
TOTAL FM JUL 1  1878    CLOUDY (SCALE 8-10)  3
DPTR FM NORMAL  -328

[CDD (BASE 65) ]
TOTAL THIS MO.    11
DPTR FM NORMAL     1    [PRESSURE DATA]
TOTAL FM JAN 1    17    HIGHEST SLP M ON M
DPTR FM NORMAL     2    LOWEST  SLP 29.56 ON 14

[REMARKS]
