000
CXUS53 KILX 210900
CF6ILX
PRELIMINARY LOCAL CLIMATOLOGICAL DATA (WS FORM: F-6)

                                          STATION:   LINCOLN IL
                                          MONTH:     SEPTEMBER
                                          YEAR:      2017
                                          LATITUDE:   40  9 N
                                          LONGITUDE:  89 20 W

  TEMPERATURE IN F:       :PCPN:    SNOW:  WIND      :SUNSHINE: SKY     :PK WND
================================================================================
1   2   3   4   5  6A  6B    7    8   9   10  11  12  13   14  15   16   17  18
                                     12Z  AVG MX 2MIN
DY MAX MIN AVG DEP HDD CDD  WTR  SNW DPTH SPD SPD DIR MIN PSBL S-S WX    SPD DR
================================================================================

 1  71  48  60 -11   5   0 0.00  0.0    0   M   M   M   M    M   M         M  M
 2  75  41  58 -13   7   0 0.00  0.0    0   M   M   M   M    M   M         M  M
 3  82  54  68  -3   0   3 0.01  0.0    0   M   M   M   M    M   M         M  M
 4  88  54  71   1   0   6 0.00  0.0    0   M   M   M   M    M   M         M  M
 5  71  53  62  -8   3   0 0.00  0.0    0   M   M   M   M    M   M         M  M
 6  67  47  57 -13   8   0 0.00  0.0    0   M   M   M   M    M   M         M  M
 7  72  41  57 -13   8   0 0.00  0.0    0   M   M   M   M    M   M         M  M
 8  80  41  61  -8   4   0 0.00  0.0    0   M   M   M   M    M   M         M  M
 9  80  48  64  -5   1   0 0.00  0.0    0   M   M   M   M    M   M         M  M
10  75  45  60  -8   5   0 0.00  0.0    0   M   M   M   M    M   M         M  M
11  75  42  59  -9   6   0 0.00  0.0    0   M   M   M   M    M   M         M  M
12  75  51  63  -5   2   0 0.00  0.0    0   M   M   M   M    M   M         M  M
13  70  54  62  -5   3   0    T  0.0    0   M   M   M   M    M   M         M  M
14  84  52  68   1   0   3 0.00  0.0    0   M   M   M   M    M   M 12      M  M
15  89  56  73   7   0   8 0.00  0.0    0   M   M   M   M    M   M 1       M  M
16  89  56  73   7   0   8 0.00  0.0    0   M   M   M   M    M   M         M  M
17  82  63  73   7   0   8    T  0.0    0   M   M   M   M    M   M         M  M
18  85  60  73   8   0   8 0.70  0.0    0   M   M   M   M    M   M 13      M  M
19  82  64  73   8   0   8 0.00  0.0    0   M   M   M   M    M   M 12      M  M
20  92  62  77  13   0  12 0.00  0.0    0   M   M   M   M    M   M         M  M
================================================================================
SM 1584 1032        52  64  0.71     0.0     M          M        M
================================================================================
AV 79.2 51.6                                 M FASTST   M    M   2    MAX(MPH)
                                 MISC ---->     M   M                  M    M
================================================================================
NOTES:
# LAST OF SEVERAL OCCURRENCES

COLUMN 17 PEAK WIND IN M.P.H.

PRELIMINARY LOCAL CLIMATOLOGICAL DATA (WS FORM: F-6) , PAGE 2

                                          STATION:  LINCOLN IL
                                          MONTH:    SEPTEMBER
                                          YEAR:     2017
                                          LATITUDE:   40  9 N
                                          LONGITUDE:  89 20 W

[TEMPERATURE DATA]      [PRECIPITATION DATA]       SYMBOLS USED IN COLUMN 16

AVERAGE MONTHLY: 65.4   TOTAL FOR MONTH:   0.71    1 = FOG OR MIST
DPTR FM NORMAL:  -2.7   DPTR FM NORMAL:   -1.47    2 = FOG REDUCING VISIBILITY
HIGHEST:    92 ON 20    GRTST 24HR  0.70 ON 18-18      TO 1/4 MILE OR LESS
LOWEST:     41 ON  8, 7                            3 = THUNDER
                        SNOW, ICE PELLETS, HAIL    4 = ICE PELLETS
                        TOTAL MONTH:   0.0 INCH    5 = HAIL
                        GRTST 24HR     0.0         6 = FREEZING RAIN OR DRIZZLE
                        GRTST DEPTH:   0           7 = DUSTSTORM OR SANDSTORM:
                                                       VSBY 1/2 MILE OR LESS
                                                   8 = SMOKE OR HAZE
[NO. OF DAYS WITH]      [WEATHER - DAYS WITH]      9 = BLOWING SNOW
                                                   X = TORNADO
MAX 32 OR BELOW:   0    0.01 INCH OR MORE:   2
MAX 90 OR ABOVE:   1    0.10 INCH OR MORE:   1
MIN 32 OR BELOW:   0    0.50 INCH OR MORE:   1
MIN  0 OR BELOW:   0    1.00 INCH OR MORE:   0

[HDD (BASE 65) ]
TOTAL THIS MO.    52    CLEAR  (SCALE 0-3)   0
DPTR FM NORMAL    19    PTCLDY (SCALE 4-7)   0
TOTAL FM JUL 1    58    CLOUDY (SCALE 8-10)  0
DPTR FM NORMAL    16

[CDD (BASE 65) ]
TOTAL THIS MO.    64
DPTR FM NORMAL   -31    [PRESSURE DATA]
TOTAL FM JAN 1   863    HIGHEST SLP M ON M
DPTR FM NORMAL  -121    LOWEST  SLP M ON M

[REMARKS]
