000
CXUS55 KLBF 281200
CF6IML
PRELIMINARY LOCAL CLIMATOLOGICAL DATA (WS FORM: F-6)

                                          STATION:   IMPERIAL
                                          MONTH:     JUNE
                                          YEAR:      2017
                                          LATITUDE:   40 31 N
                                          LONGITUDE: 101 37 W

  TEMPERATURE IN F:       :PCPN:    SNOW:  WIND      :SUNSHINE: SKY     :PK WND
================================================================================
1   2   3   4   5  6A  6B    7    8   9   10  11  12  13   14  15   16   17  18
                                     12Z  AVG MX 2MIN
DY MAX MIN AVG DEP HDD CDD  WTR  SNW DPTH SPD SPD DIR MIN PSBL S-S WX    SPD DR
================================================================================

 1  84  47  66   0   0   1 0.00    M    M  9.4 22 140   M    M   0        29 160
 2  87  57  72   6   0   7 0.11    M    0 12.0 26 160   M    M   2 3      37 170
 3  79  55  67   1   0   2 0.01    M    0  6.8 16  30   M    M   6        21 360
 4  85  54  70   4   0   5 0.00    M    0  4.4  9 160   M    M   1        12 160
 5  90  53  72   5   0   7 0.00    M    0  8.0 20 190   M    M   1        29 140
 6  83  58  71   4   0   6 0.00    M    M  9.9 20  20   M    M   3 3      26  10
 7  85  53  69   2   0   4    T    M    M  7.5 28 160   M    M   3 3      33 160
 8  86  51  69   1   0   4 0.00    M    M  6.5 15 170   M    M   0        21 170
 9  94  61  78  10   0  13 0.00    M    M 14.9 24 180   M    M   0        32 170
10  95  63  79  11   0  14 0.00    M    M 13.3 24 170   M    M   0        32 190
11  92  63  78   9   0  13 0.00    M    M 13.7 21  60   M    M   0        27 310
12  93  66  80  11   0  15 0.00    M    M 14.7 28 170   M    M   3 1      40 160
13  90  55  73   4   0   8 0.00    M    M 11.9 28 180   M    M   0        37 180
14  90  50  70   0   0   5    T    M    M  9.7 32 250   M    M   0 38     46 250
15  95  51  73   3   0   8 0.00    M    M  5.4 14  30   M    M   0        19 360
16  98  55  77   7   0  12 0.00    M    M  9.6 23 310   M    M   0        30 310
17  85  56  71   1   0   6 0.01    M    M  9.5 25 350   M    M   1        32 360
18  85  51  68  -3   0   3 0.00    M    M  6.7 15 280   M    M   3        22 270
19  88  62  75   4   0  10 0.00    M    M  6.3 16 360   M    M   2        21 330
20 101  55  78   7   0  13 0.00    M    M  5.5 24 150   M    M   0        32 160
21 105  68  87  15   0  22    T    M    M 10.8 21 220   M    M   0        36 230
22  90  61  76   4   0  11 0.00    M    M 15.7 32 320   M    M   0        39 330
23  77  49  63  -9   2   0 0.13    M    M 10.3 28 360   M    M   6 3      35 360
24  73  49  61 -12   4   0    T    M    M  4.9 13 200   M    M   7        17 220
25  72  49  61 -12   4   0 0.05    M    M  9.5 20 130   M    M   6        24 120
26  87  48  68  -5   0   3    T    M    M  7.8 18  90   M    M   2 123    23  90
27  94  59  77   3   0  12 0.01    M    M 13.1 26 160   M    M   3 3      32 140
================================================================================
SM 2383 1499        10 204  0.32    M    257.8          M       49
================================================================================
AV 88.3 55.5                               9.5 FASTST   M    M   2    MAX(MPH)
                                 MISC ---->  # 32 250               # 46  250
================================================================================
NOTES:
# LAST OF SEVERAL OCCURRENCES

COLUMN 17 PEAK WIND IN M.P.H.

PRELIMINARY LOCAL CLIMATOLOGICAL DATA (WS FORM: F-6) , PAGE 2

                                          STATION:  IMPERIAL
                                          MONTH:    JUNE
                                          YEAR:     2017
                                          LATITUDE:   40 31 N
                                          LONGITUDE: 101 37 W

[TEMPERATURE DATA]      [PRECIPITATION DATA]       SYMBOLS USED IN COLUMN 16

AVERAGE MONTHLY: 71.9   TOTAL FOR MONTH:   0.32    1 = FOG OR MIST
DPTR FM NORMAL:   2.3   DPTR FM NORMAL:   -2.60    2 = FOG REDUCING VISIBILITY
HIGHEST:   105 ON 21    GRTST 24HR  0.13 ON 23-23      TO 1/4 MILE OR LESS
LOWEST:     47 ON  1                               3 = THUNDER
                        SNOW, ICE PELLETS, HAIL    4 = ICE PELLETS
                        TOTAL MONTH:    M          5 = HAIL
                        GRTST 24HR    M  ON   M    6 = FREEZING RAIN OR DRIZZLE
                        GRTST DEPTH:   0           7 = DUSTSTORM OR SANDSTORM:
                                                       VSBY 1/2 MILE OR LESS
                                                   8 = SMOKE OR HAZE
[NO. OF DAYS WITH]      [WEATHER - DAYS WITH]      9 = BLOWING SNOW
                                                   X = TORNADO
MAX 32 OR BELOW:   0    0.01 INCH OR MORE:   6
MAX 90 OR ABOVE:  13    0.10 INCH OR MORE:   2
MIN 32 OR BELOW:   0    0.50 INCH OR MORE:   0
MIN  0 OR BELOW:   0    1.00 INCH OR MORE:   0

[HDD (BASE 65) ]
TOTAL THIS MO.    10    CLEAR  (SCALE 0-3)  21
DPTR FM NORMAL   -24    PTCLDY (SCALE 4-7)   6
TOTAL FM JUL 1  5367    CLOUDY (SCALE 8-10)  0
DPTR FM NORMAL  -734

[CDD (BASE 65) ]
TOTAL THIS MO.   204
DPTR FM NORMAL    47    [PRESSURE DATA]
TOTAL FM JAN 1   222    HIGHEST SLP M ON M
DPTR FM NORMAL    21    LOWEST  SLP 29.38 ON 11

[REMARKS]
