000
CXUS53 KIND 010730
CF6IND
PRELIMINARY LOCAL CLIMATOLOGICAL DATA (WS FORM: F-6)

                                          STATION:   INDIANAPOLIS IN
                                          MONTH:     FEBRUARY
                                          YEAR:      2015
                                          LATITUDE:   39 43 N
                                          LONGITUDE:  86 17 W

  TEMPERATURE IN F:       :PCPN:    SNOW:  WIND      :SUNSHINE: SKY     :PK WND
================================================================================
1   2   3   4   5  6A  6B    7    8   9   10  11  12  13   14  15   16   17  18
                                     12Z  AVG MX 2MIN
DY MAX MIN AVG DEP HDD CDD  WTR  SNW DPTH SPD SPD DIR MIN PSBL S-S WX    SPD DR
================================================================================

 1  33  27  30   1  35   0 0.29  1.2    1  8.8 21 310   M    M  10 124    23 310
 2  27  13  20  -9  45   0 0.01  0.4    1 14.3 25 330   M    M   8 1      30 330
 3  36  16  26  -3  39   0 0.00  0.0    T 11.7 20 200   M    M   M        24 200
 4  42  15  29   0  36   0 0.07  1.0    0 14.2 25 340   M    M   9 14     31 220
 5  24   5  15 -15  50   0 0.00  0.0    1  6.5 16 330   M    M   0        20 330
 6  37  12  25  -5  40   0 0.00  0.0    T  8.1 15 220   M    M   5        18 210
 7  55  28  42  12  23   0 0.00  0.0    0 12.4 24 230   M    M   6        33 230
 8  57  36  47  17  18   0    T  0.0    0 15.5 28 230   M    M   8 18     35 220
 9  36  26  31   1  34   0    T    T    0 12.4 17  10   M    M  10 16     21 360
10  36  18  27  -4  38   0 0.00  0.0    0  7.1 15  10   M    M   3 8      18  10
11  39  25  32   1  33   0    T    T    0 12.7 25 280   M    M   9 18     30 310
12  27  13  20 -11  45   0    T  0.4    0 16.8 26 310   M    M   8        34 330
13  31   9  20 -11  45   0 0.00  0.0    0  9.7 21 220   M    M   6        25 230
14  30   6  18 -14  47   0    T    T    0 20.6 38 310   M    M   8 1      51 310
15  20   4  12 -20  53   0 0.00  0.0    0 10.0 20 300   M    M   6        25 310
16  16   6  11 -21  54   0 0.14  1.2    T  8.1 13  90   M    M   9 18     15  70
17  26   1  14 -18  51   0 0.01  1.0    1 10.5 20 220   M    M   8 18     26 220
18  17   0   9 -24  56   0 0.07  0.6    2 15.8 30 290   M    M   7 189    35 290
19   9  -5   2 -31  63   0 0.00  0.0    2 12.6 23 290   M    M   1        28 290
20  18  -6   6 -28  59   0    T    T    2  9.8 20 150   M    M   6        24 160
21  35  16  26  -8  39   0 0.47  5.3    6  4.6 13 340   M    M   9 128    14 330
22  29  15  22 -12  43   0    T    T    7 10.8 20 330   M    M   9 18     23 320
23  19   3  11 -23  54   0 0.01    T    6  7.6 16 360   M    M   4        21 350
24  25  -6  10 -25  55   0 0.00  0.0    5 13.1 25 220   M    M   4 18     31 220
25  33  14  24 -11  41   0 0.00  0.0    5  7.6 15  30   M    M   7        19  70
26  25   7  16 -20  49   0 0.04  0.7    4 12.1 18 350   M    M   9 1      24 330
27  18   2  10 -26  55   0 0.00  0.0    4  6.0 13 290   M    M   3 1      16 290
28  25   7  16 -20  49   0 0.23  2.0    4  7.9 14 110   M    M   9 1      19 110
================================================================================
SM  825  307      1249   0  1.34    13.8 307.3          M      181
================================================================================
AV 29.5 11.0                              11.0 FASTST   M    M   7    MAX(MPH)
                                 MISC ---->  # 38 310               # 51  310
================================================================================
NOTES:
# LAST OF SEVERAL OCCURRENCES

COLUMN 17 PEAK WIND IN M.P.H.

PRELIMINARY LOCAL CLIMATOLOGICAL DATA (WS FORM: F-6) , PAGE 2

                                          STATION:  INDIANAPOLIS IN
                                          MONTH:    FEBRUARY
                                          YEAR:     2015
                                          LATITUDE:   39 43 N
                                          LONGITUDE:  86 17 W

[TEMPERATURE DATA]      [PRECIPITATION DATA]       SYMBOLS USED IN COLUMN 16

AVERAGE MONTHLY: 20.2   TOTAL FOR MONTH:   1.34    1 = FOG OR MIST
DPTR FM NORMAL: -11.9   DPTR FM NORMAL:   -0.98    2 = FOG REDUCING VISIBILITY
HIGHEST:    57 ON  8    GRTST 24HR  0.47 ON 21-21      TO 1/4 MILE OR LESS
LOWEST:     -6 ON 24,20                            3 = THUNDER
                        SNOW, ICE PELLETS, HAIL    4 = ICE PELLETS
                        TOTAL MONTH:  13.8 INCHES  5 = HAIL
                        GRTST 24HR   5.3 ON   M    6 = FREEZING RAIN OR DRIZZLE
                        GRTST DEPTH:   7 ON 22     7 = DUSTSTORM OR SANDSTORM:
                                                       VSBY 1/2 MILE OR LESS
                                                   8 = SMOKE OR HAZE
[NO. OF DAYS WITH]      [WEATHER - DAYS WITH]      9 = BLOWING SNOW
                                                   X = TORNADO
MAX 32 OR BELOW:  17    0.01 INCH OR MORE:  10
MAX 90 OR ABOVE:   0    0.10 INCH OR MORE:   4
MIN 32 OR BELOW:  27    0.50 INCH OR MORE:   0
MIN  0 OR BELOW:   4    1.00 INCH OR MORE:   0

[HDD (BASE 65) ]
TOTAL THIS MO.  1249    CLEAR  (SCALE 0-3)   2
DPTR FM NORMAL   327    PTCLDY (SCALE 4-7)  14
TOTAL FM JUL 1  4726    CLOUDY (SCALE 8-10) 12
DPTR FM NORMAL   583

[CDD (BASE 65) ]
TOTAL THIS MO.     0
DPTR FM NORMAL     0    [PRESSURE DATA]
TOTAL FM JAN 1     0    HIGHEST SLP 30.75 ON 28
DPTR FM NORMAL     0    LOWEST  SLP 29.57 ON  1

[REMARKS]
#FINAL-02-15#
