000
CXUS53 KIND 010730
CF6IND
PRELIMINARY LOCAL CLIMATOLOGICAL DATA (WS FORM: F-6)

                                          STATION:   INDIANAPOLIS IN
                                          MONTH:     JULY
                                          YEAR:      2015
                                          LATITUDE:   39 43 N
                                          LONGITUDE:  86 17 W

  TEMPERATURE IN F:       :PCPN:    SNOW:  WIND      :SUNSHINE: SKY     :PK WND
================================================================================
1   2   3   4   5  6A  6B    7    8   9   10  11  12  13   14  15   16   17  18
                                     12Z  AVG MX 2MIN
DY MAX MIN AVG DEP HDD CDD  WTR  SNW DPTH SPD SPD DIR MIN PSBL S-S WX    SPD DR
================================================================================

 1  78  62  70  -5   0   5 0.00  0.0    0  3.5 13  30   M    M   8 18     14  30
 2  80  62  71  -4   0   6 0.00  0.0    0 10.4 16  70   M    M   9        21  70
 3  76  63  70  -5   0   5 0.07  0.0    0  9.6 17  60   M    M  10 1      21  60
 4  82  62  72  -4   0   7 0.00  0.0    0  4.7 10 330   M    M   4 18     13 330
 5  81  64  73  -3   0   8 0.00  0.0    0  4.9 12 130   M    M   5 8      15 150
 6  85  63  74  -2   0   9 0.00  0.0    0  8.0 17 190   M    M   3 18     21 200
 7  79  62  71  -5   0   6 4.43  0.0    0 10.4 25 270   M    M  10 138    30 270
 8  70  59  65 -11   0   0 0.36  0.0    0  4.7 13 160   M    M  10 13     16 160
 9  74  66  70  -6   0   5 0.04  0.0    0 12.0 25 260   M    M  10 18     30 260
10  75  64  70  -6   0   5 0.03  0.0    0  4.2  9 210   M    M   9 18     16  20
11  78  59  69  -7   0   4 0.01  0.0    0  4.5 10 140   M    M   7 138    14 150
12  87  68  78   2   0  13 1.49  0.0    0  8.8 20 290   M    M   6 13     24 300
13  82  67  75  -1   0  10 1.49  0.0    0 11.1 36 250   M    M   7 1358   52 300
14  88  67  78   2   0  13 0.26  0.0    0 13.2 29 290   M    M   4 13     37 300
15  82  64  73  -3   0   8 0.00  0.0    0  7.7 14 340   M    M   7 1      18 360
16  83  63  73  -3   0   8 0.00  0.0    0  8.0 16 150   M    M   6        20 140
17  90  68  79   3   0  14 3.43  0.0    0 11.1 33 360   M    M   8 13     42 360
18  91  69  80   4   0  15 0.00  0.0    0  8.9 20 230   M    M   6        25 230
19  87  74  81   6   0  16    T  0.0    0  8.6 17 280   M    M   7        22 290
20  86  70  78   3   0  13 0.27  0.0    0  6.9 16 240   M    M   7 13     19 240
21  84  66  75   0   0  10 0.00  0.0    0  9.8 18 320   M    M   6 18     21 320
22  83  59  71  -4   0   6 0.00  0.0    0  3.5 10  10   M    M   5        14  10
23  84  64  74  -1   0   9 0.00  0.0    0  4.0 12  30   M    M   M        17 110
24  85  66  76   1   0  11 0.00  0.0    0  4.7 12 170   M    M   3        17 150
25  87  67  77   2   0  12 0.00  0.0    0  6.4 15 230   M    M   6        19 240
26  88  71  80   5   0  15 1.25  0.0    0  7.2 22 360   M    M   8 138    28  10
27  89  71  80   5   0  15 0.01  0.0    0  5.3 15  40   M    M   8 18     17  40
28  92  74  83   8   0  18 0.00  0.0    0  4.9 15 270   M    M   6 18     18 260
29  91  71  81   6   0  16    T  0.0    0  7.7 18 320   M    M   7 1      23 330
30  86  64  75   0   0  10 0.00  0.0    0  8.8 20 290   M    M   3        28 290
31  88  66  77   2   0  12 0.00  0.0    0 10.1 21 260   0    0   0        32 280
================================================================================
SM 2591 2035         0 304 13.14     0.0 233.6            0    195
================================================================================
AV 83.6 65.6                               7.5 FASTST    0   0   7    MAX(MPH)
                                 MISC ---->  # 36 250               # 52  300
================================================================================
NOTES:
# LAST OF SEVERAL OCCURRENCES

COLUMN 17 PEAK WIND IN M.P.H.

PRELIMINARY LOCAL CLIMATOLOGICAL DATA (WS FORM: F-6) , PAGE 2

                                          STATION:  INDIANAPOLIS IN
                                          MONTH:    JULY
                                          YEAR:     2015
                                          LATITUDE:   39 43 N
                                          LONGITUDE:  86 17 W

[TEMPERATURE DATA]      [PRECIPITATION DATA]       SYMBOLS USED IN COLUMN 16

AVERAGE MONTHLY: 74.6   TOTAL FOR MONTH:  13.14    1 = FOG OR MIST
DPTR FM NORMAL:  -0.8   DPTR FM NORMAL:    8.59    2 = FOG REDUCING VISIBILITY
HIGHEST:    92 ON 28    GRTST 24HR  4.51 ON  7- 8      TO 1/4 MILE OR LESS
LOWEST:     59 ON 22,11                            3 = THUNDER
                        SNOW, ICE PELLETS, HAIL    4 = ICE PELLETS
                        TOTAL MONTH:   0.0 INCH    5 = HAIL
                        GRTST 24HR     0.0         6 = FREEZING RAIN OR DRIZZLE
                        GRTST DEPTH:   0           7 = DUSTSTORM OR SANDSTORM:
                                                       VSBY 1/2 MILE OR LESS
                                                   8 = SMOKE OR HAZE
[NO. OF DAYS WITH]      [WEATHER - DAYS WITH]      9 = BLOWING SNOW
                                                   X = TORNADO
MAX 32 OR BELOW:   0    0.01 INCH OR MORE:  13
MAX 90 OR ABOVE:   4    0.10 INCH OR MORE:   8
MIN 32 OR BELOW:   0    0.50 INCH OR MORE:   5
MIN  0 OR BELOW:   0    1.00 INCH OR MORE:   5

[HDD (BASE 65) ]
TOTAL THIS MO.     0    CLEAR  (SCALE 0-3)   3
DPTR FM NORMAL    -1    PTCLDY (SCALE 4-7)  21
TOTAL FM JUL 1     0    CLOUDY (SCALE 8-10)  6
DPTR FM NORMAL    -1

[CDD (BASE 65) ]
TOTAL THIS MO.   304
DPTR FM NORMAL   -19    [PRESSURE DATA]
TOTAL FM JAN 1   703    HIGHEST SLP 30.18 ON 11
DPTR FM NORMAL    70    LOWEST  SLP 29.59 ON 14

[REMARKS]
#FINAL-07-15#
