000
CXUS55 KDVN 271129
CF6IOW
PRELIMINARY LOCAL CLIMATOLOGICAL DATA (WS FORM: F-6)

                                          STATION:   IOWA CITY IA
                                          MONTH:     DECEMBER
                                          YEAR:      2014
                                          LATITUDE:   41 37 N
                                          LONGITUDE:  91 33 W

  TEMPERATURE IN F:       :PCPN:    SNOW:  WIND      :SUNSHINE: SKY     :PK WND
================================================================================
1   2   3   4   5  6A  6B    7    8   9   10  11  12  13   14  15   16   17  18
                                     12Z  AVG MX 2MIN
DY MAX MIN AVG DEP HDD CDD  WTR  SNW DPTH SPD SPD DIR MIN PSBL S-S WX    SPD DR
================================================================================

 1  19  11  15 -16  50   0 0.00    M    M  9.2 20 340   M    M   0        26 350
 2  30  10  20 -10  45   0 0.00    M    M  5.8 14 170   M    M   4        18 170
 3  35  15  25  -5  40   0 0.00    M    M  6.4 18 320   M    M   0        27 320
 4  33  22  28  -1  37   0 0.00    M    M  6.6 13 120   M    M   7        17 120
 5  40  32  36   7  29   0 0.00    M    M  5.8 12 340   M    M  10 128    14 360
 6  43  27  35   7  30   0 0.00    M    M  8.0 16  20   M    M   4 18     20  10
 7  37  25  31   3  34   0    T    M    M  8.1 20 140   M    M   2 1      24 140
 8  40  30  35   7  30   0 0.06    M    M 10.8 23 320   M    M  10 1      31 310
 9  37  24  31   4  34   0 0.00    M    M  6.9 16 330   M    M   8        21 320
10  33  30  32   5  33   0 0.00    M    M  3.7  8 120   M    M  10        12 140
11  33  27  30   4  35   0 0.00    M    M  3.7  9 270   M    M   8 18     12 220
12  40  26  33   7  32   0 0.00    M    M  3.3  9 190   M    M   8 128    12 170
13  52  25  39  13  26   0 0.00    M    M  4.3 12 170   M    M   9 128    15 180
14  54  46  50  25  15   0 0.00    M    M  7.9 14 140   M    M  10 12     17 140
15  50  46  48  23  17   0 0.31    M    M  9.1 17 140   M    M  10 1      25 110
16  47  19  33   8  32   0 0.11    M    M 18.1 28 320   M    M  10 1      38 320
17  28  16  22  -2  43   0 0.00    M    M  8.3 17 300   M    M   4        22 320
18  27  15  21  -3  44   0 0.00    M    M  1.7  7  20   M    M   6         8  10
19  32  20  26   2  39   0 0.00    M    M  4.1  9 180   M    M   7 18     11 170
20  34  30  32   8  33   0    T    M    M  5.9  9 150   M    M  10 1      11 140
21  41  34  38  15  27   0 0.00    M    M 11.1 20 160   M    M  10 1      24 150
22  41  36  39  16  26   0 0.34    M    M  7.8 13 120   M    M  10 1      18 140
23  43  35  39  16  26   0 0.18    M    M  8.6 21 220   M    M  10 1      26 220
24  37  33  35  12  30   0    T    M    M 10.3 18 300   M    M  10 1      23 290
25  48  31  40  17  25   0    T    M    M 10.3 17 170   M    M   2 1      23 240
26  48  35  42  20  23   0 0.04    M    M  5.8 15 180   M    M   3 1      21 160
================================================================================
SM 1002  700       835   0  1.04    M    191.6          M      182
================================================================================
AV 38.5 26.9                               7.4 FASTST   M    M   7    MAX(MPH)
                                 MISC ---->  # 28 320               # 38  320
================================================================================
NOTES:
# LAST OF SEVERAL OCCURRENCES

COLUMN 17 PEAK WIND IN M.P.H.

PRELIMINARY LOCAL CLIMATOLOGICAL DATA (WS FORM: F-6) , PAGE 2

                                          STATION:  IOWA CITY IA
                                          MONTH:    DECEMBER
                                          YEAR:     2014
                                          LATITUDE:   41 37 N
                                          LONGITUDE:  91 33 W

[TEMPERATURE DATA]      [PRECIPITATION DATA]       SYMBOLS USED IN COLUMN 16

AVERAGE MONTHLY: 32.7   TOTAL FOR MONTH:   1.04    1 = FOG OR MIST
DPTR FM NORMAL:   6.8   DPTR FM NORMAL:   -0.36    2 = FOG REDUCING VISIBILITY
HIGHEST:    54 ON 14    GRTST 24HR  0.50 ON 22-23      TO 1/4 MILE OR LESS
LOWEST:     10 ON  2                               3 = THUNDER
                        SNOW, ICE PELLETS, HAIL    4 = ICE PELLETS
                        TOTAL MONTH:    M          5 = HAIL
                        GRTST 24HR    M  ON   M    6 = FREEZING RAIN OR DRIZZLE
                        GRTST DEPTH:  M  ON   M    7 = DUSTSTORM OR SANDSTORM:
                                                       VSBY 1/2 MILE OR LESS
                                                   8 = SMOKE OR HAZE
[NO. OF DAYS WITH]      [WEATHER - DAYS WITH]      9 = BLOWING SNOW
                                                   X = TORNADO
MAX 32 OR BELOW:   5    0.01 INCH OR MORE:   6
MAX 90 OR ABOVE:   0    0.10 INCH OR MORE:   4
MIN 32 OR BELOW:  19    0.50 INCH OR MORE:   0
MIN  0 OR BELOW:   0    1.00 INCH OR MORE:   0

[HDD (BASE 65) ]
TOTAL THIS MO.   835    CLEAR  (SCALE 0-3)   4
DPTR FM NORMAL  -182    PTCLDY (SCALE 4-7)   9
TOTAL FM JUL 1  2395    CLOUDY (SCALE 8-10) 13
DPTR FM NORMAL    71

[CDD (BASE 65) ]
TOTAL THIS MO.     0
DPTR FM NORMAL     0    [PRESSURE DATA]
TOTAL FM JAN 1   779    HIGHEST SLP M ON M
DPTR FM NORMAL  -133    LOWEST  SLP 29.45 ON 23

[REMARKS]
