000
CXUS55 KPSR 261005
CF6IPL
PRELIMINARY LOCAL CLIMATOLOGICAL DATA (WS FORM: F-6)

                                          STATION:   IMPERIAL CA
                                          MONTH:     JUNE
                                          YEAR:      2017
                                          LATITUDE:   32 50 N
                                          LONGITUDE: 115 35 W

  TEMPERATURE IN F:       :PCPN:    SNOW:  WIND      :SUNSHINE: SKY     :PK WND
================================================================================
1   2   3   4   5  6A  6B    7    8   9   10  11  12  13   14  15   16   17  18
                                     12Z  AVG MX 2MIN
DY MAX MIN AVG DEP HDD CDD  WTR  SNW DPTH SPD SPD DIR MIN PSBL S-S WX    SPD DR
================================================================================

 1  95  68  82  -1   0  17    T  0.0    0  7.6 16 120   M    M   0        26 130
 2  99  66  83   0   0  18    T  0.0    0  3.8 10 260   M    M   0        13 260
 3 107  68  88   5   0  23 0.00  0.0    0  5.1 13 250   M    M   0        20 260
 4 107  74  91   8   0  26 0.00  0.0    0  6.9 14 120   M    M   0        19 110
 5 106  72  89   5   0  24 0.00  0.0    0  8.5 21 130   M    M   0        25 130
 6 104  67  86   2   0  21 0.00  0.0    0  6.9 20 150   M    M   0        26 120
 7 101  70  86   2   0  21 0.00  0.0    0  5.7 15 260   M    M   0        19 270
 8 104  71  88   4   0  23 0.00  0.0    0  7.7 23 270   M    M   0        28 270
 9 105  70  88   3   0  23 0.00  0.0    0 11.7 28 250   M    M   0        33 250
10  99  74  87   2   0  22 0.00  0.0    0 17.5 28 270   M    M   0        35 280
11  91  66  79  -6   0  14 0.00  0.0    0 19.9 35 270   M    M   0 8      42 280
12  90  59  75 -10   0  10 0.00  0.0    0  9.7 23 270   M    M   0 8      29 270
13  96  60  78  -8   0  13 0.00  0.0    0  4.0  8 350   M    M   0         M  M
14 105  64  85  -1   0  20 0.00  0.0    0  4.0 13  10   M    M   0 8      17  40
15 110  69  90   4   0  25 0.00  0.0    0  5.9 12 250   M    M   1        17 100
16 111  73  92   6   0  27 0.00  0.0    0  5.4 17 130   M    M   1        20 140
17 113  72  93   6   0  28 0.00  0.0    0  4.8 12 220   M    M   2        14 210
18 114  73  94   7   0  29 0.00  0.0    0  3.9 13 250   M    M   2 8      16 250
19 116  76  96   9   0  31 0.00  0.0    0  5.6 12 250   M    M   3        16 260
20 122  82 102  14   0  37 0.00  0.0    0  5.8 14 290   M    M   3        18 290
21 116  81  99  11   0  34 0.00  0.0    0  6.9 16 140   M    M   3 8      19 130
22 108  81  95   7   0  30 0.00  0.0    0 10.6 17 140   M    M   1        22 150
23 112  78  95   7   0  30 0.00  0.0    0  6.7 15 140   M    M   2        19 140
24 118  78  98  10   0  33 0.00  0.0    0  4.9 14 260   M    M   3        16 260
25 117  82 100  11   0  35 0.00  0.0    0  8.8 18 140   M    M   3        22 160
================================================================================
SM 2666 1794         0 614    T      0.0 188.3          M       24
================================================================================
AV106.6 71.8                               7.5 FASTST   M    M   1    MAX(MPH)
                                 MISC ---->  # 35 270               # 42  280
================================================================================
NOTES:
# LAST OF SEVERAL OCCURRENCES

COLUMN 17 PEAK WIND IN M.P.H.

PRELIMINARY LOCAL CLIMATOLOGICAL DATA (WS FORM: F-6) , PAGE 2

                                          STATION:  IMPERIAL CA
                                          MONTH:    JUNE
                                          YEAR:     2017
                                          LATITUDE:   32 50 N
                                          LONGITUDE: 115 35 W

[TEMPERATURE DATA]      [PRECIPITATION DATA]       SYMBOLS USED IN COLUMN 16

AVERAGE MONTHLY: 89.2   TOTAL FOR MONTH:      T    1 = FOG OR MIST
DPTR FM NORMAL:   3.5   DPTR FM NORMAL:   -0.03    2 = FOG REDUCING VISIBILITY
HIGHEST:   122 ON 20    GRTST 24HR    T  ON  2- 2      TO 1/4 MILE OR LESS
LOWEST:     59 ON 12                               3 = THUNDER
                        SNOW, ICE PELLETS, HAIL    4 = ICE PELLETS
                        TOTAL MONTH:   0.0 INCH    5 = HAIL
                        GRTST 24HR     0.0         6 = FREEZING RAIN OR DRIZZLE
                        GRTST DEPTH:   0           7 = DUSTSTORM OR SANDSTORM:
                                                       VSBY 1/2 MILE OR LESS
                                                   8 = SMOKE OR HAZE
[NO. OF DAYS WITH]      [WEATHER - DAYS WITH]      9 = BLOWING SNOW
                                                   X = TORNADO
MAX 32 OR BELOW:   0    0.01 INCH OR MORE:   0
MAX 90 OR ABOVE:  25    0.10 INCH OR MORE:   0
MIN 32 OR BELOW:   0    0.50 INCH OR MORE:   0
MIN  0 OR BELOW:   0    1.00 INCH OR MORE:   0

[HDD (BASE 65) ]
TOTAL THIS MO.     0    CLEAR  (SCALE 0-3)  24
DPTR FM NORMAL     0    PTCLDY (SCALE 4-7)   1
TOTAL FM JUL 1   732    CLOUDY (SCALE 8-10)  0
DPTR FM NORMAL  -297

[CDD (BASE 65) ]
TOTAL THIS MO.   614
DPTR FM NORMAL    97    [PRESSURE DATA]
TOTAL FM JAN 1  1563    HIGHEST SLP M ON M
DPTR FM NORMAL   381    LOWEST  SLP 29.47 ON 21

[REMARKS]
