000
CXUS55 KPSR 301005
CF6IPL
PRELIMINARY LOCAL CLIMATOLOGICAL DATA (WS FORM: F-6)

                                          STATION:   IMPERIAL CA
                                          MONTH:     AUGUST
                                          YEAR:      2015
                                          LATITUDE:   32 50 N
                                          LONGITUDE: 115 35 W

  TEMPERATURE IN F:       :PCPN:    SNOW:  WIND      :SUNSHINE: SKY     :PK WND
================================================================================
1   2   3   4   5  6A  6B    7    8   9   10  11  12  13   14  15   16   17  18
                                     12Z  AVG MX 2MIN
DY MAX MIN AVG DEP HDD CDD  WTR  SNW DPTH SPD SPD DIR MIN PSBL S-S WX    SPD DR
================================================================================

 1 110  76  93   0   0  28 0.00  0.0    0  5.3 13 260   M    M   0        16 100
 2 111  80  96   3   0  31 0.00  0.0    0  4.1 12 250   M    M   0         M  M
 3 112  82  97   4   0  32 0.00  0.0    0  5.7 16 150   M    M   0        17 160
 4 113  76  95   2   0  30 0.00  0.0    0  4.9 13 290   M    M   0        15 290
 5 115  78  97   4   0  32 0.00  0.0    0  6.6 14 120   M    M   0        20 140
 6 110  86  98   5   0  33 0.00  0.0    0  7.3 18 150   M    M   0 3      22 160
 7 110  84  97   4   0  32 0.00  0.0    0 12.6 26 250   M    M   0        32 250
 8 106  78  92  -1   0  27 0.00  0.0    0  6.5 14 280   M    M   0        18 280
 9 108  76  92  -1   0  27 0.00  0.0    0  4.6 12 110   M    M   0        17 120
10 108  80  94   1   0  29 0.00  0.0    0  6.2 14 140   M    M   0        18 110
11 111  79  95   2   0  30 0.00  0.0    0  9.6 22 130   M    M   0        26 120
12 109  82  96   3   0  31 0.00  0.0    0  4.6 13 160   M    M   0        16 170
13 114  83  99   6   0  34 0.00  0.0    0  5.4 20 180   M    M   0        25 170
14 116  87 102   9   0  37 0.00  0.0    0  5.8 14 190   M    M   0        17 150
15 118  87 103  10   0  38 0.00  0.0    0  5.9 16 250   M    M   0        20 250
16 115  91 103  10   0  38 0.00  0.0    0  8.9 18 140   M    M   0        22 140
17 115  87 101   8   0  36 0.00  0.0    0  9.7 23 260   M    M   0        29 260
18 115  85 100   7   0  35 0.00  0.0    0 10.6 29 240   M    M   0        35 250
19 113  80  97   5   0  32 0.00  0.0    0  6.3 17 250   M    M   0        22 250
20 109  80  95   3   0  30 0.00  0.0    0  7.1 21 130   M    M   0        24 130
21 109  83  96   4   0  31 0.00  0.0    0  9.1 22 120   M    M   0        27 120
22 109  81  95   3   0  30 0.00  0.0    0  7.0 20 130   M    M   0        23 140
23 109  81  95   3   0  30 0.00  0.0    0  4.6 15 130   M    M   0        18 140
24 111  83  97   5   0  32 0.00  0.0    0  5.7 14 210   M    M   0        18 200
25  99  87  93   1   0  28    T  0.0    0  8.3 22 130   M    M   0 38     26 130
26 109  82  96   4   0  31 0.00  0.0    0  4.1 12 240   M    M   0        16 280
27 110  87  99   7   0  34 0.00  0.0    0  4.5 13 280   M    M   0        16 270
28 113  87 100   9   0  35 0.00  0.0    0  6.5 14 250   M    M   0        17 250
29 115  85 100   9   0  35 0.00  0.0    0  8.2 17 230   M    M   0        21 240
================================================================================
SM 3222 2393         0 928    T      0.0 195.7          M        0
================================================================================
AV111.1 82.5                               6.7 FASTST   M    M   0    MAX(MPH)
                                 MISC ---->  # 29 240               # 35  250
================================================================================
NOTES:
# LAST OF SEVERAL OCCURRENCES

COLUMN 17 PEAK WIND IN M.P.H.

PRELIMINARY LOCAL CLIMATOLOGICAL DATA (WS FORM: F-6) , PAGE 2

                                          STATION:  IMPERIAL CA
                                          MONTH:    AUGUST
                                          YEAR:     2015
                                          LATITUDE:   32 50 N
                                          LONGITUDE: 115 35 W

[TEMPERATURE DATA]      [PRECIPITATION DATA]       SYMBOLS USED IN COLUMN 16

AVERAGE MONTHLY: 96.8   TOTAL FOR MONTH:      T    1 = FOG OR MIST
DPTR FM NORMAL:   4.3   DPTR FM NORMAL:   -0.39    2 = FOG REDUCING VISIBILITY
HIGHEST:   118 ON 15    GRTST 24HR    T  ON 25-25      TO 1/4 MILE OR LESS
LOWEST:     76 ON  9, 4                            3 = THUNDER
                        SNOW, ICE PELLETS, HAIL    4 = ICE PELLETS
                        TOTAL MONTH:   0.0 INCH    5 = HAIL
                        GRTST 24HR     0.0         6 = FREEZING RAIN OR DRIZZLE
                        GRTST DEPTH:   0           7 = DUSTSTORM OR SANDSTORM:
                                                       VSBY 1/2 MILE OR LESS
                                                   8 = SMOKE OR HAZE
[NO. OF DAYS WITH]      [WEATHER - DAYS WITH]      9 = BLOWING SNOW
                                                   X = TORNADO
MAX 32 OR BELOW:   0    0.01 INCH OR MORE:   0
MAX 90 OR ABOVE:  29    0.10 INCH OR MORE:   0
MIN 32 OR BELOW:   0    0.50 INCH OR MORE:   0
MIN  0 OR BELOW:   0    1.00 INCH OR MORE:   0

[HDD (BASE 65) ]
TOTAL THIS MO.     0    CLEAR  (SCALE 0-3)  29
DPTR FM NORMAL     0    PTCLDY (SCALE 4-7)   0
TOTAL FM JUL 1     0    CLOUDY (SCALE 8-10)  0
DPTR FM NORMAL     0

[CDD (BASE 65) ]
TOTAL THIS MO.   928
DPTR FM NORMAL   128    [PRESSURE DATA]
TOTAL FM JAN 1  3253    HIGHEST SLP M ON M
DPTR FM NORMAL   304    LOWEST  SLP 29.61 ON 18

[REMARKS]
