000
CXUS55 KEAX 180736
CF6IRK
PRELIMINARY LOCAL CLIMATOLOGICAL DATA (WS FORM: F-6)

                                          STATION:   KIRKSVILLE MO
                                          MONTH:     OCTOBER
                                          YEAR:      2017
                                          LATITUDE:   40  5 N
                                          LONGITUDE:  92 33 W

  TEMPERATURE IN F:       :PCPN:    SNOW:  WIND      :SUNSHINE: SKY     :PK WND
================================================================================
1   2   3   4   5  6A  6B    7    8   9   10  11  12  13   14  15   16   17  18
                                     12Z  AVG MX 2MIN
DY MAX MIN AVG DEP HDD CDD  WTR  SNW DPTH SPD SPD DIR MIN PSBL S-S WX    SPD DR
================================================================================

 1  79  52  66   8   0   1 0.00    M    M 10.3 18 150   M    M   0        24 150
 2  88  61  75  17   0  10 0.00    M    M 13.3 23 170   M    M   1        29 160
 3  84  68  76  18   0  11 0.00    M    M 12.3 20 180   M    M   5        28 170
 4  73  59  66   9   0   1 0.01    M    M  7.3 20  30   M    M  10 1      22  30
 5  70  60  65   8   0   0 1.47    M    M  6.1 17 200   M    M  10 13     23 200
 6  73  66  70  14   0   5 1.55    M    M 10.7 18 170   M    M   9 18     24 170
 7  72  55  64   8   1   0 0.44    M    M 11.1 23 260   M    M   7 1      36 270
 8  79  50  65   9   0   0 0.00    M    M  5.2 15 210   M    M   0        20 210
 9  78  49  64   9   1   0    T    M    M  8.4 21  20   M    M   0        27  20
10  58  48  53  -2  12   0 0.84    M    M 12.2 21  20   M    M   8 13     27  30
11  56  47  52  -3  13   0 0.00    M    M  5.8 14 330   M    M  10 1      18 320
12  59  51  55   1  10   0 0.00    M    M  7.1 14 130   M    M   7 1      17 130
13  81  49  65  11   0   0 0.00    M    M  7.5 18 330   M    M   4 1      23 330
14  83  59  71  17   0   6 0.79    M    M  8.6 31 250   M    M   5 138    57 270
15  61  39  50  -3  15   0 0.00    M    M 12.7 25 300   M    M   5        33 320
16  67  38  53   0  12   0 0.00    M    M  6.1 12 280   M    M   0        18 310
17  72  46  59   6   6   0 0.00    M    M  8.8 17 200   M    M   0        24 210
================================================================================
SM 1233  897        70  34  5.10    M    153.5          M       81
================================================================================
AV 72.5 52.8                               9.0 FASTST   M    M   5    MAX(MPH)
                                 MISC ---->  # 31 250               # 57  270
================================================================================
NOTES:
# LAST OF SEVERAL OCCURRENCES

COLUMN 17 PEAK WIND IN M.P.H.

PRELIMINARY LOCAL CLIMATOLOGICAL DATA (WS FORM: F-6) , PAGE 2

                                          STATION:  KIRKSVILLE MO
                                          MONTH:    OCTOBER
                                          YEAR:     2017
                                          LATITUDE:   40  5 N
                                          LONGITUDE:  92 33 W

[TEMPERATURE DATA]      [PRECIPITATION DATA]       SYMBOLS USED IN COLUMN 16

AVERAGE MONTHLY: 62.7   TOTAL FOR MONTH:   5.10    1 = FOG OR MIST
DPTR FM NORMAL:   7.2   DPTR FM NORMAL:    3.22    2 = FOG REDUCING VISIBILITY
HIGHEST:    88 ON  2    GRTST 24HR  1.55 ON  6- 6      TO 1/4 MILE OR LESS
LOWEST:     38 ON 16                               3 = THUNDER
                        SNOW, ICE PELLETS, HAIL    4 = ICE PELLETS
                        TOTAL MONTH:    M          5 = HAIL
                        GRTST 24HR    M  ON   M    6 = FREEZING RAIN OR DRIZZLE
                        GRTST DEPTH:  M  ON   M    7 = DUSTSTORM OR SANDSTORM:
                                                       VSBY 1/2 MILE OR LESS
                                                   8 = SMOKE OR HAZE
[NO. OF DAYS WITH]      [WEATHER - DAYS WITH]      9 = BLOWING SNOW
                                                   X = TORNADO
MAX 32 OR BELOW:   0    0.01 INCH OR MORE:   6
MAX 90 OR ABOVE:   0    0.10 INCH OR MORE:   5
MIN 32 OR BELOW:   0    0.50 INCH OR MORE:   4
MIN  0 OR BELOW:   0    1.00 INCH OR MORE:   2

[HDD (BASE 65) ]
TOTAL THIS MO.    70    CLEAR  (SCALE 0-3)   6
DPTR FM NORMAL  -101    PTCLDY (SCALE 4-7)   7
TOTAL FM JUL 1   108    CLOUDY (SCALE 8-10)  4
DPTR FM NORMAL  -170

[CDD (BASE 65) ]
TOTAL THIS MO.    34
DPTR FM NORMAL    24    [PRESSURE DATA]
TOTAL FM JAN 1  1115    HIGHEST SLP  0.00 ON M
DPTR FM NORMAL   178    LOWEST  SLP  0.00 ON M

[REMARKS]
