000
CXUS55 KEAX 180736
CF6IRK
PRELIMINARY LOCAL CLIMATOLOGICAL DATA (WS FORM: F-6)

                                          STATION:   KIRKSVILLE MO
                                          MONTH:     DECEMBER
                                          YEAR:      2014
                                          LATITUDE:   40  5 N
                                          LONGITUDE:  92 33 W

  TEMPERATURE IN F:       :PCPN:    SNOW:  WIND      :SUNSHINE: SKY     :PK WND
================================================================================
1   2   3   4   5  6A  6B    7    8   9   10  11  12  13   14  15   16   17  18
                                     12Z  AVG MX 2MIN
DY MAX MIN AVG DEP HDD CDD  WTR  SNW DPTH SPD SPD DIR MIN PSBL S-S WX    SPD DR
================================================================================

 1  22  12  17 -16  48   0 0.00    M    M  9.6 20  10   M    M   0        26 360
 2  33  12  23 -10  42   0 0.00    M    M  7.6 16 220   M    M   4        23 200
 3  41  23  32   0  33   0 0.00    M    M  6.9 16 360   M    M   0        20  20
 4  34  28  31  -1  34   0 0.00    M    M  8.1 13  90   M    M   9 12     16  80
 5  40  33  37   5  28   0 0.22    M    M  7.4 14 360   M    M  10 12     19  10
 6  37  29  33   2  32   0 0.00    M    M  7.8 15  30   M    M   9 1      20  10
 7  36  26  31   0  34   0    T    M    M  7.7 15 160   M    M   5 1      19 130
 8  49  34  42  12  23   0 0.01    M    M 10.4 20 290   M    M   7 12     29 280
 9  35  24  30   0  35   0 0.00    M    M  6.7 20 360   M    M   7 1      24 360
10  35  29  32   2  33   0 0.00    M    M  4.9 10 130   M    M  10 1      13 110
11  36  30  33   3  32   0 0.00    M    M  3.6  8 160   M    M  10 18     10  80
12  49  34  42  13  23   0 0.00    M    M  4.9  9 180   M    M   7 18     12 190
13  52  38  45  16  20   0 0.00    M    M  7.6 13 180   M    M   9 1      16 190
14  60  48  54  25  11   0 0.00    M    M  9.7 16 190   M    M   8 1      21 180
15  53  41  47  19  18   0 0.27    M    M 14.7 26 120   M    M  10 1      32 290
16  43  23  33   5  32   0    T    M    M 14.7 25 300   M    M   9 1      36 300
17  33  22  28   0  37   0 0.00    M    M  4.9 10  50   M    M   7        13 330
================================================================================
SM  688  486       515   0  0.50    M    137.2          M      121
================================================================================
AV 40.5 28.6                               8.1 FASTST   M    M   7    MAX(MPH)
                                 MISC ---->  # 26 120               # 36  300
================================================================================
NOTES:
# LAST OF SEVERAL OCCURRENCES

COLUMN 17 PEAK WIND IN M.P.H.

PRELIMINARY LOCAL CLIMATOLOGICAL DATA (WS FORM: F-6) , PAGE 2

                                          STATION:  KIRKSVILLE MO
                                          MONTH:    DECEMBER
                                          YEAR:     2014
                                          LATITUDE:   40  5 N
                                          LONGITUDE:  92 33 W

[TEMPERATURE DATA]      [PRECIPITATION DATA]       SYMBOLS USED IN COLUMN 16

AVERAGE MONTHLY: 34.5   TOTAL FOR MONTH:   0.50    1 = FOG OR MIST
DPTR FM NORMAL:   4.2   DPTR FM NORMAL:   -0.54    2 = FOG REDUCING VISIBILITY
HIGHEST:    60 ON 14    GRTST 24HR  0.27 ON 15-15      TO 1/4 MILE OR LESS
LOWEST:     12 ON  2, 1                            3 = THUNDER
                        SNOW, ICE PELLETS, HAIL    4 = ICE PELLETS
                        TOTAL MONTH:    M          5 = HAIL
                        GRTST 24HR    M  ON   M    6 = FREEZING RAIN OR DRIZZLE
                        GRTST DEPTH:  M  ON   M    7 = DUSTSTORM OR SANDSTORM:
                                                       VSBY 1/2 MILE OR LESS
                                                   8 = SMOKE OR HAZE
[NO. OF DAYS WITH]      [WEATHER - DAYS WITH]      9 = BLOWING SNOW
                                                   X = TORNADO
MAX 32 OR BELOW:   1    0.01 INCH OR MORE:   3
MAX 90 OR ABOVE:   0    0.10 INCH OR MORE:   2
MIN 32 OR BELOW:  11    0.50 INCH OR MORE:   0
MIN  0 OR BELOW:   0    1.00 INCH OR MORE:   0

[HDD (BASE 65) ]
TOTAL THIS MO.   515    CLEAR  (SCALE 0-3)   2
DPTR FM NORMAL   -74    PTCLDY (SCALE 4-7)   7
TOTAL FM JUL 1  1836    CLOUDY (SCALE 8-10)  8
DPTR FM NORMAL    26

[CDD (BASE 65) ]
TOTAL THIS MO.     0
DPTR FM NORMAL     0    [PRESSURE DATA]
TOTAL FM JAN 1   958    HIGHEST SLP  0.00 ON M
DPTR FM NORMAL    19    LOWEST  SLP  0.00 ON M

[REMARKS]
