000
CXUS51 KOKX 200703
CF6ISP
PRELIMINARY LOCAL CLIMATOLOGICAL DATA (WS FORM: F-6)

                                          STATION:   ISLIP NY
                                          MONTH:     JANUARY
                                          YEAR:      2017
                                          LATITUDE:   40 47 N
                                          LONGITUDE:  73  6 W

  TEMPERATURE IN F:       :PCPN:    SNOW:  WIND      :SUNSHINE: SKY     :PK WND
================================================================================
1   2   3   4   5  6A  6B    7    8   9   10  11  12  13   14  15   16   17  18
                                     12Z  AVG MX 2MIN
DY MAX MIN AVG DEP HDD CDD  WTR  SNW DPTH SPD SPD DIR MIN PSBL S-S WX    SPD DR
================================================================================

 1  49  28  39   7  26   0 0.01  0.0    0  7.6 20 260   M    M   4        26 280
 2  42  31  37   5  28   0 0.41    T    0  8.4 16  50   M    M   8 14     21  50
 3  45  40  43  12  22   0 0.51  0.0    0 12.7 18  60   M    M  10 1      27  50
 4  53  34  44  13  21   0 0.01  0.0    0 12.8 28 270   M    M   6 1      38 270
 5  34  27  31   0  34   0 0.00  0.0    0 10.4 20 260   M    M   6        26 260
 6  32  24  28  -3  37   0 0.06  1.6    1  6.1 14 260   M    M  10 1      17 250
 7  25  20  23  -8  42   0 0.52  9.7    1 13.6 22 350   M    M   8 12     29 360
 8  22  16  19 -12  46   0 0.00  0.0   10 14.6 24 300   M    M   5 8      30 280
 9  22   4  13 -18  52   0 0.00  0.0    8  5.2 16 300   M    M   5 8      21 300
10  46   6  26  -5  39   0 0.00  0.0    8  4.4 17 170   M    M   7        24 170
11  51  42  47  17  18   0 0.49  0.0    0 11.0 24 210   M    M   9 1      37 220
12  55  47  51  21  14   0 0.21  0.0    0 13.9 22 210   M    M   9 1      29 200
13  56  30  43  13  22   0 0.00  0.0    0 13.9 25 320   M    M   6        34 330
14  33  26  30   0  35   0 0.13  1.5    0  5.4 15 360   M    M   8 1      22 360
15  39  23  31   1  34   0 0.00  0.0    1  6.0 20 340   M    M   3 1      24 340
16  41  21  31   1  34   0 0.00  0.0    T  5.0 12 220   M    M   5        19 230
17  42  33  38   8  27   0 0.38  0.0    0  4.7 10  80   M    M  10 1      13  90
18  42  38  40  10  25   0 0.12  0.0    0  9.9 17  50   M    M   9 1      23  40
19  50  31  41  11  24   0 0.00  0.0    0  5.8 14 320   M    M   8 1      17 340
================================================================================
SM  779  521       580   0  2.85    12.8 171.4          M      136
================================================================================
AV 41.0 27.4                               9.0 FASTST   M    M   7    MAX(MPH)
                                 MISC ---->    28   M               # 38  270
================================================================================
NOTES:
# LAST OF SEVERAL OCCURRENCES

COLUMN 17 PEAK WIND IN M.P.H.

PRELIMINARY LOCAL CLIMATOLOGICAL DATA (WS FORM: F-6) , PAGE 2

                                          STATION:  ISLIP NY
                                          MONTH:    JANUARY
                                          YEAR:     2017
                                          LATITUDE:   40 47 N
                                          LONGITUDE:  73  6 W

[TEMPERATURE DATA]      [PRECIPITATION DATA]       SYMBOLS USED IN COLUMN 16

AVERAGE MONTHLY: 34.2   TOTAL FOR MONTH:   2.85    1 = FOG OR MIST
DPTR FM NORMAL:   3.6   DPTR FM NORMAL:    0.55    2 = FOG REDUCING VISIBILITY
HIGHEST:    56 ON 13    GRTST 24HR  0.72 ON  2- 3      TO 1/4 MILE OR LESS
LOWEST:      4 ON  9                               3 = THUNDER
                        SNOW, ICE PELLETS, HAIL    4 = ICE PELLETS
                        TOTAL MONTH:  12.8 INCHES  5 = HAIL
                        GRTST 24HR   9.7 ON   M    6 = FREEZING RAIN OR DRIZZLE
                        GRTST DEPTH:  10 ON  8     7 = DUSTSTORM OR SANDSTORM:
                                                       VSBY 1/2 MILE OR LESS
                                                   8 = SMOKE OR HAZE
[NO. OF DAYS WITH]      [WEATHER - DAYS WITH]      9 = BLOWING SNOW
                                                   X = TORNADO
MAX 32 OR BELOW:   4    0.01 INCH OR MORE:  11
MAX 90 OR ABOVE:   0    0.10 INCH OR MORE:   8
MIN 32 OR BELOW:  13    0.50 INCH OR MORE:   2
MIN  0 OR BELOW:   0    1.00 INCH OR MORE:   0

[HDD (BASE 65) ]
TOTAL THIS MO.   580    CLEAR  (SCALE 0-3)   1
DPTR FM NORMAL   -73    PTCLDY (SCALE 4-7)  11
TOTAL FM JUL 1  2244    CLOUDY (SCALE 8-10)  7
DPTR FM NORMAL  -336

[CDD (BASE 65) ]
TOTAL THIS MO.     0
DPTR FM NORMAL     0    [PRESSURE DATA]
TOTAL FM JAN 1     0    HIGHEST SLP M ON M
DPTR FM NORMAL     0    LOWEST  SLP 29.49 ON  3

[REMARKS]
