000
CXUS53 KGRB 200659
CF6ISW
PRELIMINARY LOCAL CLIMATOLOGICAL DATA (WS FORM: F-6)

                                          STATION:   WISCONSIN RAPIDS ASOS
                                          MONTH:     OCTOBER
                                          YEAR:      2017
                                          LATITUDE:   44 22 N
                                          LONGITUDE:  89 50 W

  TEMPERATURE IN F:       :PCPN:    SNOW:  WIND      :SUNSHINE: SKY     :PK WND
================================================================================
1   2   3   4   5  6A  6B    7    8   9   10  11  12  13   14  15   16   17  18
                                     12Z  AVG MX 2MIN
DY MAX MIN AVG DEP HDD CDD  WTR  SNW DPTH SPD SPD DIR MIN PSBL S-S WX    SPD DR
================================================================================

 1  71  45  58   5   7   0 0.00  0.0    0  8.1 17 190   M    M   2        24 150
 2  80  56  68  16   0   3    T  0.0    0  8.5 16 180   M    M   2        22 150
 3  75  59  67  15   0   2 0.45  0.0    0  8.9 23 210   M    M   5 13     28 210
 4  65  40  53   1  12   0 0.00  0.0    0  7.7 21 300   M    M   2 8      29 310
 5  59  38  49  -2  16   0 0.42  0.0    0  2.8 12 220   M    M   7 13     15 220
 6  60  53  57   6   8   0 1.31  0.0    0  6.3 16  90   M    M  10 18     21 100
 7  71  54  63  13   2   0 0.74  0.0    0  9.9 25 240   M    M   9 1      31 240
 8  75  50  63  13   2   0 0.00  0.0    0  7.0 20 220   M    M   0        29 200
 9  69  48  59   9   6   0 0.00  0.0    0  8.0 16  20   M    M   2 1      22  20
10  57  42  50   1  15   0 0.06  0.0    0  8.1 16  50   M    M   4        20  50
11  61  46  54   5  11   0 0.01  0.0    0  6.9 15 120   M    M  10 1      19 110
12  58  48  53   4  12   0 0.04  0.0    0  4.8 12 160   M    M  10 1      17 150
13  58  48  53   5  12   0 0.10  0.0    0  4.2 12 320   M    M   9 12     14 300
14  54  43  49   1  16   0 0.67  0.0    0  9.2 17  90   M    M   8 128    24  90
15  53  40  47  -1  18   0 0.08  0.0    0 10.2 21 340   M    M   7 18     26 350
16  61  31  46  -1  19   0 0.00  0.0    0  5.5 18 240   M    M   2 12     26 240
17  70  44  57  10   8   0 0.00  0.0    0  6.1 14 210   M    M   0        18 200
18  73  48  61  15   4   0 0.00  0.0    0 10.3 22 210   M    M   0        31 220
19  70  36  53   7  12   0 0.00  0.0    0  5.8 12 190   M    M   0        15 210
================================================================================
SM 1240  869       180   5  3.88     0.0 138.3          M       89
================================================================================
AV 65.3 45.7                               7.3 FASTST   M    M   5    MAX(MPH)
                                 MISC ---->  # 25 240               # 31  240
================================================================================
NOTES:
# LAST OF SEVERAL OCCURRENCES

COLUMN 17 PEAK WIND IN M.P.H.

PRELIMINARY LOCAL CLIMATOLOGICAL DATA (WS FORM: F-6) , PAGE 2

                                          STATION:  WISCONSIN RAPIDS ASOS
                                          MONTH:    OCTOBER
                                          YEAR:     2017
                                          LATITUDE:   44 22 N
                                          LONGITUDE:  89 50 W

[TEMPERATURE DATA]      [PRECIPITATION DATA]       SYMBOLS USED IN COLUMN 16

AVERAGE MONTHLY: 55.5   TOTAL FOR MONTH:   3.88    1 = FOG OR MIST
DPTR FM NORMAL:   6.1   DPTR FM NORMAL:    2.14    2 = FOG REDUCING VISIBILITY
HIGHEST:    80 ON  2    GRTST 24HR  1.31 ON  6- 6      TO 1/4 MILE OR LESS
LOWEST:     31 ON 16                               3 = THUNDER
                        SNOW, ICE PELLETS, HAIL    4 = ICE PELLETS
                        TOTAL MONTH:   0.0 INCH    5 = HAIL
                        GRTST 24HR     0.0         6 = FREEZING RAIN OR DRIZZLE
                        GRTST DEPTH:   0           7 = DUSTSTORM OR SANDSTORM:
                                                       VSBY 1/2 MILE OR LESS
                                                   8 = SMOKE OR HAZE
[NO. OF DAYS WITH]      [WEATHER - DAYS WITH]      9 = BLOWING SNOW
                                                   X = TORNADO
MAX 32 OR BELOW:   0    0.01 INCH OR MORE:  10
MAX 90 OR ABOVE:   0    0.10 INCH OR MORE:   6
MIN 32 OR BELOW:   1    0.50 INCH OR MORE:   3
MIN  0 OR BELOW:   0    1.00 INCH OR MORE:   1

[HDD (BASE 65) ]
TOTAL THIS MO.   180    CLEAR  (SCALE 0-3)   9
DPTR FM NORMAL  -122    PTCLDY (SCALE 4-7)   4
TOTAL FM JUL 1   351    CLOUDY (SCALE 8-10)  6
DPTR FM NORMAL  -205

[CDD (BASE 65) ]
TOTAL THIS MO.     5
DPTR FM NORMAL     5    [PRESSURE DATA]
TOTAL FM JAN 1   492    HIGHEST SLP M ON M
DPTR FM NORMAL    35    LOWEST  SLP 29.35 ON  7

[REMARKS]
