176
CXUS55 KGLD 220800
CF6ITR
PRELIMINARY LOCAL CLIMATOLOGICAL DATA (WS FORM: F-6)

                                          STATION:   BURLINGTON CO
                                          MONTH:     SEPTEMBER
                                          YEAR:      2017
                                          LATITUDE:   39 15 N
                                          LONGITUDE: 102 17 W

  TEMPERATURE IN F:       :PCPN:    SNOW:  WIND      :SUNSHINE: SKY     :PK WND
================================================================================
1   2   3   4   5  6A  6B    7    8   9   10  11  12  13   14  15   16   17  18
                                     12Z  AVG MX 2MIN
DY MAX MIN AVG DEP HDD CDD  WTR  SNW DPTH SPD SPD DIR MIN PSBL S-S WX    SPD DR
================================================================================

 1  85  56  71   3   0   6 0.00    M    M  8.1 21 170   M    M   1        26 170
 2  90  56  73   5   0   8 0.00    M    M  8.0 14  10   M    M   0        17  30
 3  97  53  75   7   0  10 0.00    M    M  9.9 18 210   M    M   0        26 290
 4  84  54  69   1   0   4 0.00    M    M  9.4 18  30   M    M   0 8      22  30
 5  68  43  56 -11   9   0 0.00    M    M  3.5  9  30   M    M   6        12  30
 6  80  40  60  -7   5   0 0.00    M    M  6.8 14 140   M    M   0        17 130
 7  84  46  65  -2   0   0 0.00    M    M  7.0 15  90   M    M   0        20 100
 8  89  51  70   4   0   5 0.00    M    M  8.1 17 180   M    M   0        21 180
 9  93  55  74   8   0   9 0.00    M    M 12.2 23 170   M    M   0        30 180
10  92  54  73   7   0   8 0.00    M    M 10.7 18 140   M    M   0        24 200
11  93  52  73   8   0   8 0.00    M    M  7.6 14 160   M    M   0 8      18 160
12  91  54  73   8   0   8 0.00    M    M  8.8 17 150   M    M   0        21 150
13  94  55  75  11   0  10 0.02    M    M 10.6 25 220   M    M   1 3      32 220
14  93  54  74  10   0   9 0.00    M    M  8.5 17 250   M    M   0 38     30 250
15  88  55  72   8   0   7 0.00    M    M 10.2 18 220   M    M   0        24 270
16  69  49  59  -4   6   0 0.00    M    M 12.0 26 350   M    M   3 8      37 360
17  64  48  56  -7   9   0 0.01    M    M  9.9 20 160   M    M   7 13     25 160
18  83  44  64   2   1   0 0.00    M    M  8.6 16 320   M    M   2 12     20 300
19  90  46  68   6   0   3 0.00    M    M 15.1 30 350   M    M   0        41 360
20  78  37  58  -4   7   0 0.00    M    M 10.6 22 150   M    M   0        27 180
21  95  52  74  13   0   9 0.00    M    M 17.1 32 190   M    M   0        40 220
================================================================================
SM 1800 1054        37 104  0.03    M    202.7          M       20
================================================================================
AV 85.7 50.2                               9.7 FASTST   M    M   1    MAX(MPH)
                                 MISC ---->  # 32 190               # 41  360
================================================================================
NOTES:
# LAST OF SEVERAL OCCURRENCES

COLUMN 17 PEAK WIND IN M.P.H.

PRELIMINARY LOCAL CLIMATOLOGICAL DATA (WS FORM: F-6) , PAGE 2

                                          STATION:  BURLINGTON CO
                                          MONTH:    SEPTEMBER
                                          YEAR:     2017
                                          LATITUDE:   39 15 N
                                          LONGITUDE: 102 17 W

[TEMPERATURE DATA]      [PRECIPITATION DATA]       SYMBOLS USED IN COLUMN 16

AVERAGE MONTHLY: 68.0   TOTAL FOR MONTH:   0.03    1 = FOG OR MIST
DPTR FM NORMAL:   2.9   DPTR FM NORMAL:   -0.83    2 = FOG REDUCING VISIBILITY
HIGHEST:    97 ON  3    GRTST 24HR  0.02 ON 13-13      TO 1/4 MILE OR LESS
LOWEST:     37 ON 20                               3 = THUNDER
                        SNOW, ICE PELLETS, HAIL    4 = ICE PELLETS
                        TOTAL MONTH:    M          5 = HAIL
                        GRTST 24HR    M  ON   M    6 = FREEZING RAIN OR DRIZZLE
                        GRTST DEPTH:  M  ON   M    7 = DUSTSTORM OR SANDSTORM:
                                                       VSBY 1/2 MILE OR LESS
                                                   8 = SMOKE OR HAZE
[NO. OF DAYS WITH]      [WEATHER - DAYS WITH]      9 = BLOWING SNOW
                                                   X = TORNADO
MAX 32 OR BELOW:   0    0.01 INCH OR MORE:   2
MAX 90 OR ABOVE:  10    0.10 INCH OR MORE:   0
MIN 32 OR BELOW:   0    0.50 INCH OR MORE:   0
MIN  0 OR BELOW:   0    1.00 INCH OR MORE:   0

[HDD (BASE 65) ]
TOTAL THIS MO.    37    CLEAR  (SCALE 0-3)  18
DPTR FM NORMAL   -29    PTCLDY (SCALE 4-7)   3
TOTAL FM JUL 1    41    CLOUDY (SCALE 8-10)  0
DPTR FM NORMAL   -41

[CDD (BASE 65) ]
TOTAL THIS MO.   104
DPTR FM NORMAL    36    [PRESSURE DATA]
TOTAL FM JAN 1   845    HIGHEST SLP M ON M
DPTR FM NORMAL    71    LOWEST  SLP 29.38 ON 19

[REMARKS]
