616
CXUS55 KGLD 190800
CF6ITR
PRELIMINARY LOCAL CLIMATOLOGICAL DATA (WS FORM: F-6)

                                          STATION:   BURLINGTON CO
                                          MONTH:     NOVEMBER
                                          YEAR:      2017
                                          LATITUDE:   39 15 N
                                          LONGITUDE: 102 17 W

  TEMPERATURE IN F:       :PCPN:    SNOW:  WIND      :SUNSHINE: SKY     :PK WND
================================================================================
1   2   3   4   5  6A  6B    7    8   9   10  11  12  13   14  15   16   17  18
                                     12Z  AVG MX 2MIN
DY MAX MIN AVG DEP HDD CDD  WTR  SNW DPTH SPD SPD DIR MIN PSBL S-S WX    SPD DR
================================================================================

 1  78  33  56  11   9   0 0.00    M    M 10.2 18 260   M    M   1        25 270
 2  48  26  37  -7  28   0 0.00    M    M  9.7 21  10   M    M   5 1      29  10
 3  46  31  39  -5  26   0 0.00    M    M 12.0 23 170   M    M   8 1      30 170
 4  75  33  54  11  11   0 0.00    M    M 13.4 24 240   M    M   2 12     34 240
 5  45  31  38  -5  27   0 0.00    M    M  8.8 22  20   M    M   8 1      30  20
 6  38  30  34  -8  31   0 0.00    M    M  6.9 16 160   M    M  10 1      21 170
 7  36  30  33  -9  32   0 0.00    M    M  5.4 14  30   M    M  10 1      17  30
 8  51  22  37  -5  28   0 0.00    M    M 12.5 24 210   M    M   2 1      32 210
 9  42  22  32  -9  33   0 0.00    M    M 10.3 18 120   M    M   0        26 130
10  42  17  30 -11  35   0 0.00    M    M 10.5 20 170   M    M   8 12     27 180
11  48  27  38  -2  27   0 0.00    M    M  5.9 14 300   M    M   8 12     17 300
12  56  24  40   0  25   0 0.00    M    M 10.5 18 170   M    M   0        27 180
13  69  32  51  12  14   0 0.00    M    M 10.7 21 190   M    M   3 18     27 190
14  70  32  51  12  14   0 0.00    M    M  9.1 21 350   M    M   0 18     30 360
15  54  22  38   0  27   0 0.00    M    M 10.0 18 350   M    M   0        26 350
16  74  27  51  13  14   0 0.00    M    M 13.9 22 220   M    M   0        32 200
17  75  39  57  19   8   0 0.02    M    M 13.8 30 330   M    M   1        42 330
18  47  16  32  -5  33   0    T    M    0 15.8 31 330   M    M   2        44 320
================================================================================
SM  994  494       422   0  0.02    M    189.4          M       68
================================================================================
AV 55.2 27.4                              10.5 FASTST   M    M   4    MAX(MPH)
                                 MISC ---->  # 31 330               # 44  320
================================================================================
NOTES:
# LAST OF SEVERAL OCCURRENCES

COLUMN 17 PEAK WIND IN M.P.H.

PRELIMINARY LOCAL CLIMATOLOGICAL DATA (WS FORM: F-6) , PAGE 2

                                          STATION:  BURLINGTON CO
                                          MONTH:    NOVEMBER
                                          YEAR:     2017
                                          LATITUDE:   39 15 N
                                          LONGITUDE: 102 17 W

[TEMPERATURE DATA]      [PRECIPITATION DATA]       SYMBOLS USED IN COLUMN 16

AVERAGE MONTHLY: 41.3   TOTAL FOR MONTH:   0.02    1 = FOG OR MIST
DPTR FM NORMAL:   0.4   DPTR FM NORMAL:   -0.42    2 = FOG REDUCING VISIBILITY
HIGHEST:    78 ON  1    GRTST 24HR  0.02 ON 17-17      TO 1/4 MILE OR LESS
LOWEST:     16 ON 18                               3 = THUNDER
                        SNOW, ICE PELLETS, HAIL    4 = ICE PELLETS
                        TOTAL MONTH:    M          5 = HAIL
                        GRTST 24HR    M  ON   M    6 = FREEZING RAIN OR DRIZZLE
                        GRTST DEPTH:   0           7 = DUSTSTORM OR SANDSTORM:
                                                       VSBY 1/2 MILE OR LESS
                                                   8 = SMOKE OR HAZE
[NO. OF DAYS WITH]      [WEATHER - DAYS WITH]      9 = BLOWING SNOW
                                                   X = TORNADO
MAX 32 OR BELOW:   0    0.01 INCH OR MORE:   1
MAX 90 OR ABOVE:   0    0.10 INCH OR MORE:   0
MIN 32 OR BELOW:  15    0.50 INCH OR MORE:   0
MIN  0 OR BELOW:   0    1.00 INCH OR MORE:   0

[HDD (BASE 65) ]
TOTAL THIS MO.   422    CLEAR  (SCALE 0-3)  10
DPTR FM NORMAL   -12    PTCLDY (SCALE 4-7)   6
TOTAL FM JUL 1   958    CLOUDY (SCALE 8-10)  2
DPTR FM NORMAL   -65

[CDD (BASE 65) ]
TOTAL THIS MO.     0
DPTR FM NORMAL     0    [PRESSURE DATA]
TOTAL FM JAN 1   854    HIGHEST SLP M ON M
DPTR FM NORMAL    65    LOWEST  SLP 29.42 ON 17

[REMARKS]
