000
CXUS53 KIWX 230800
CF6IWX
PRELIMINARY LOCAL CLIMATOLOGICAL DATA (WS FORM: F-6)

                                          STATION:   NORTH WEBSTER WFO
                                          MONTH:     MAY
                                          YEAR:      2017
                                          LATITUDE:   41 21 N
                                          LONGITUDE:  85 42 W

  TEMPERATURE IN F:       :PCPN:    SNOW:  WIND      :SUNSHINE: SKY     :PK WND
================================================================================
1   2   3   4   5  6A  6B    7    8   9   10  11  12  13   14  15   16   17  18
                                     12Z  AVG MX 2MIN
DY MAX MIN AVG DEP HDD CDD  WTR  SNW DPTH SPD SPD DIR MIN PSBL S-S WX    SPD DR
================================================================================

 1  66  45  56   0   9   0 0.57    T    0   M   M   M   M    M   M         M  M
 2  49  39  44 -12  21   0 0.06  0.0    0   M   M   M   M    M   M         M  M
 3  56  34  45 -11  20   0    T  0.0    0   M   M   M   M    M   M         M  M
 4  50  41  46 -10  19   0 0.88  0.0    0   M   M   M   M    M   M 1       M  M
 5  58  40  49  -8  16   0    T  0.0    0   M   M   M   M    M   M         M  M
 6  59  38  49  -8  16   0 0.00  0.0    0   M   M   M   M    M   M         M  M
 7  56  34  45 -12  20   0 0.00  0.0    M   M   M   M   M    M   M         M  M
 8  61  31  46 -12  19   0 0.01  0.0    M   M   M   M   M    M   M         M  M
 9  57  43  50  -8  15   0    T  0.0    0   M   M   M   M    M   M         M  M
10  71  44  58   0   7   0 0.62  0.0    0   M   M   M   M    M   M 3       M  M
11  61  44  53  -6  12   0 0.08  0.0    0   M   M   M   M    M   M         M  M
12  68  44  56  -3   9   0 0.00  0.0    0   M   M   M   M    M   M         M  M
13  74  45  60   1   5   0    T  0.0    0   M   M   M   M    M   M         M  M
14  79  52  66   6   0   1 0.00  0.0    0   M   M   M   M    M   M         M  M
15  76  52  64   4   1   0 0.00  0.0    0   M   M   M   M    M   M         M  M
16  84  61  73  13   0   8 0.00  0.0    0   M   M   M   M    M   M         M  M
17  84  67  76  16   0  11 0.00  0.0    0   M   M   M   M    M   M         M  M
18  87  58  73  12   0   8 0.00  0.0    0   M   M   M   M    M   M         M  M
19  58  48  53  -8  12   0 0.43  0.0    0   M   M   M   M    M   M         M  M
20  63  47  55  -6  10   0 2.13  0.0    0   M   M   M   M    M   M         M  M
21  69  50  60  -2   5   0 0.18  0.0    0   M   M   M   M    M   M         M  M
22  70  48  59  -3   6   0 0.00  0.0    0   M   M   M   M    M   M         M  M
================================================================================
SM 1456 1005       222  28  4.96    T        M          M        M
================================================================================
AV 66.2 45.7                                 M FASTST   M    M   4    MAX(MPH)
                                 MISC ---->     M   M                  M    M
================================================================================
NOTES:
# LAST OF SEVERAL OCCURRENCES

COLUMN 17 PEAK WIND IN M.P.H.

PRELIMINARY LOCAL CLIMATOLOGICAL DATA (WS FORM: F-6) , PAGE 2

                                          STATION:  NORTH WEBSTER WFO
                                          MONTH:    MAY
                                          YEAR:     2017
                                          LATITUDE:   41 21 N
                                          LONGITUDE:  85 42 W

[TEMPERATURE DATA]      [PRECIPITATION DATA]       SYMBOLS USED IN COLUMN 16

AVERAGE MONTHLY: 55.9   TOTAL FOR MONTH:   4.96    1 = FOG OR MIST
DPTR FM NORMAL:  -2.8   DPTR FM NORMAL:    2.03    2 = FOG REDUCING VISIBILITY
HIGHEST:    87 ON 18    GRTST 24HR  2.13 ON 20-20      TO 1/4 MILE OR LESS
LOWEST:     31 ON  8                               3 = THUNDER
                        SNOW, ICE PELLETS, HAIL    4 = ICE PELLETS
                        TOTAL MONTH:    T          5 = HAIL
                        GRTST 24HR    T  ON  1- 1  6 = FREEZING RAIN OR DRIZZLE
                        GRTST DEPTH:   0           7 = DUSTSTORM OR SANDSTORM:
                                                       VSBY 1/2 MILE OR LESS
                                                   8 = SMOKE OR HAZE
[NO. OF DAYS WITH]      [WEATHER - DAYS WITH]      9 = BLOWING SNOW
                                                   X = TORNADO
MAX 32 OR BELOW:   0    0.01 INCH OR MORE:   9
MAX 90 OR ABOVE:   0    0.10 INCH OR MORE:   6
MIN 32 OR BELOW:   1    0.50 INCH OR MORE:   4
MIN  0 OR BELOW:   0    1.00 INCH OR MORE:   1

[HDD (BASE 65) ]
TOTAL THIS MO.   222    CLEAR  (SCALE 0-3)   0
DPTR FM NORMAL    77    PTCLDY (SCALE 4-7)   0
TOTAL FM JUL 1  5233    CLOUDY (SCALE 8-10)  0
DPTR FM NORMAL  -849

[CDD (BASE 65) ]
TOTAL THIS MO.    28
DPTR FM NORMAL    23    [PRESSURE DATA]
TOTAL FM JAN 1    39    HIGHEST SLP M ON M
DPTR FM NORMAL    31    LOWEST  SLP M ON M

[REMARKS]
