000
CXUS54 KJAN 291257
CF6JAN
PRELIMINARY LOCAL CLIMATOLOGICAL DATA (WS FORM: F-6)

                                          STATION:   JACKSON
                                          MONTH:     APRIL
                                          YEAR:      2017
                                          LATITUDE:   32 19 N
                                          LONGITUDE:  90  5 W

  TEMPERATURE IN F:       :PCPN:    SNOW:  WIND      :SUNSHINE: SKY     :PK WND
================================================================================
1   2   3   4   5  6A  6B    7    8   9   10  11  12  13   14  15   16   17  18
                                     12Z  AVG MX 2MIN
DY MAX MIN AVG DEP HDD CDD  WTR  SNW DPTH SPD SPD DIR MIN PSBL S-S WX    SPD DR
================================================================================

 1  85  52  69   8   0   4 0.00  0.0    0  4.8 13 170   M    M   1        19  80
 2  78  56  67   6   0   2 5.38  0.0    0  9.4 28  90   M    M   7 13     35  80
 3  78  58  68   7   0   3 1.79  0.0    0 10.5 25  70   M    M   4 13     35  50
 4  86  54  70   9   0   5 0.00  0.0    0  6.8 16 160   M    M   0        20 170
 5  82  56  69   8   0   4    T  0.0    0 12.5 28 260   M    M   5 1      36 250
 6  68  46  57  -5   8   0 0.00  0.0    0  9.3 23 340   M    M   1        33 310
 7  71  41  56  -6   9   0 0.00  0.0    0  3.9 17 330   M    M   0        24 320
 8  77  40  59  -3   6   0 0.00  0.0    0  3.8 10 150   M    M   0        12 230
 9  81  51  66   4   0   1 0.00  0.0    0 10.4 21 150   M    M   0        25 140
10  79  51  65   2   0   0 0.00  0.0    0  7.1 16 170   M    M   5        21 160
11  79  57  68   5   0   3    T  0.0    0  5.0 12  20   M    M   7 123    15  30
12  83  61  72   9   0   7 0.13  0.0    0  3.1 13 100   M    M   5 1      17  80
13  85  56  71   8   0   6 0.00  0.0    0  1.8 10 140   M    M   3 1      13 150
14  83  56  70   6   0   5 0.00  0.0    0  5.2 18 150   M    M   3        22 150
15  83  56  70   6   0   5 0.00  0.0    0  8.5 18 160   M    M   4        23 150
16  84  65  75  11   0  10 0.00  0.0    0  6.7 15 230   M    M   6        20 230
17  81  63  72   8   0   7    T  0.0    0  5.6 20 130   M    M   6 13     26 150
18  83  63  73   8   0   8 0.17  0.0    0  5.6 16 160   M    M   6 123    24 140
19  85  58  72   7   0   7 0.00  0.0    0  5.7 17 170   M    M   3 1      23 170
20  85  62  74   9   0   9 0.00  0.0    0  6.5 15 180   M    M   5 12     21 210
21  87  63  75  10   0  10 0.00  0.0    0  8.3 16 180   M    M   3        21 170
22  84  57  71   5   0   6 1.28  0.0    0  8.8 20 340   M    M   6 13     24 230
23  60  53  57  -9   8   0 0.08  0.0    0  7.1 16 330   M    M   8 1      22 340
24  77  49  63  -3   2   0 0.00  0.0    0  5.3 17 310   M    M   2        24 300
25  83  51  67   1   0   2 0.00  0.0    0  8.1 18 150   M    M   0        25 200
26  82  59  71   4   0   6 0.94    T    0 13.7 30 150   M    M   6 135    35 150
27  74  56  65  -2   0   0    T  0.0    0  4.6 13 270   M    M   6 1      19 320
28  89  58  74   7   0   9 0.00  0.0    0 15.5 31 180   M    M   6 1      41 180
================================================================================
SM 2252 1548        33 119  9.77    T    203.6          M      108
================================================================================
AV 80.4 55.3                               7.3 FASTST   M    M   4    MAX(MPH)
                                 MISC ---->  # 31 180               # 41  180
================================================================================
NOTES:
# LAST OF SEVERAL OCCURRENCES

COLUMN 17 PEAK WIND IN M.P.H.

PRELIMINARY LOCAL CLIMATOLOGICAL DATA (WS FORM: F-6) , PAGE 2

                                          STATION:  JACKSON
                                          MONTH:    APRIL
                                          YEAR:     2017
                                          LATITUDE:   32 19 N
                                          LONGITUDE:  90  5 W

[TEMPERATURE DATA]      [PRECIPITATION DATA]       SYMBOLS USED IN COLUMN 16

AVERAGE MONTHLY: 67.9   TOTAL FOR MONTH:   9.77    1 = FOG OR MIST
DPTR FM NORMAL:   4.1   DPTR FM NORMAL:    5.07    2 = FOG REDUCING VISIBILITY
HIGHEST:    89 ON 28    GRTST 24HR  5.38 ON  2- 2      TO 1/4 MILE OR LESS
LOWEST:     40 ON  8                               3 = THUNDER
                        SNOW, ICE PELLETS, HAIL    4 = ICE PELLETS
                        TOTAL MONTH:    T          5 = HAIL
                        GRTST 24HR    T  ON 26-26  6 = FREEZING RAIN OR DRIZZLE
                        GRTST DEPTH:   0           7 = DUSTSTORM OR SANDSTORM:
                                                       VSBY 1/2 MILE OR LESS
                                                   8 = SMOKE OR HAZE
[NO. OF DAYS WITH]      [WEATHER - DAYS WITH]      9 = BLOWING SNOW
                                                   X = TORNADO
MAX 32 OR BELOW:   0    0.01 INCH OR MORE:   7
MAX 90 OR ABOVE:   0    0.10 INCH OR MORE:   6
MIN 32 OR BELOW:   0    0.50 INCH OR MORE:   4
MIN  0 OR BELOW:   0    1.00 INCH OR MORE:   3

[HDD (BASE 65) ]
TOTAL THIS MO.    33    CLEAR  (SCALE 0-3)  10
DPTR FM NORMAL   -73    PTCLDY (SCALE 4-7)  17
TOTAL FM JUL 1  1315    CLOUDY (SCALE 8-10)  1
DPTR FM NORMAL -1061

[CDD (BASE 65) ]
TOTAL THIS MO.   119
DPTR FM NORMAL    47    [PRESSURE DATA]
TOTAL FM JAN 1   262    HIGHEST SLP M ON M
DPTR FM NORMAL   153    LOWEST  SLP 29.51 ON 26

[REMARKS]
