000
CXUS54 KSJT 290900
CF6JCT
PRELIMINARY LOCAL CLIMATOLOGICAL DATA (WS FORM: F-6)

                                          STATION:   JUNCTION
                                          MONTH:     MARCH
                                          YEAR:      2015
                                          LATITUDE:   30 18 N
                                          LONGITUDE:  99 28 W

  TEMPERATURE IN F:       :PCPN:    SNOW:  WIND      :SUNSHINE: SKY     :PK WND
================================================================================
1   2   3   4   5  6A  6B    7    8   9   10  11  12  13   14  15   16   17  18
                                     12Z  AVG MX 2MIN
DY MAX MIN AVG DEP HDD CDD  WTR  SNW DPTH SPD SPD DIR MIN PSBL S-S WX    SPD DR
================================================================================

 1  41  32  37 -17  28   0 0.01  0.0    0  6.9 12  70   M    M  10 16     14  60
 2  41  35  38 -16  27   0    T  0.0    0  5.7  9  50   M    M  10 1      12  30
 3  70  40  55   0  10   0 0.02  0.0    0  5.3 18 210   M    M   7 1      23 210
 4  58  31  45 -10  20   0 0.34    T    0  8.1 23  10   M    M   9 123468 32  10
 5  44  26  35 -20  30   0    T  0.0    0 11.0 24  10   M    M   4        31  10
 6  59  19  39 -16  26   0 0.00  0.0    0  2.9 10 180   M    M   1        14 170
 7  64  31  48  -8  17   0    T  0.0    0  4.0 15 160   M    M   5 3      20 170
 8  56  45  51  -5  14   0 0.06  0.0    0  4.8 14 130   M    M   M        18 180
 9  60  51  56   0   9   0 0.16  0.0    0  5.0 13  70   M    M   9 1      14  20
10  68  47  58   1   7   0 0.00  0.0    0  4.5 13  80   M    M   6        16  90
11  64  40  52  -5  13   0 0.00  0.0    0  4.8 16  20   M    M   5 12     20  30
12  71  36  54  -3  11   0 0.00  0.0    0  3.9 14  60   M    M   2 1      19  70
13  76  38  57  -1   8   0 0.00  0.0    0  3.7 14 350   M    M   0 1      18 290
14  75  42  59   1   6   0 0.00  0.0    0  6.4 20  30   M    M   3 18     24  20
15  71  40  56  -2   9   0 0.00  0.0    0  3.5 13  20   M    M   0 18     15  10
16  78  43  61   3   4   0 0.00  0.0    0  5.6 16 150   M    M   5 8      20 150
17  65  58  62   3   3   0 0.11  0.0    0  2.4 13 160   M    M   9 1      15 170
18  72  55  64   5   1   0 0.31  0.0    0  2.9 10  50   M    M   7 1      12 290
19  78  59  69  10   0   4 0.00  0.0    0  3.9 13 190   M    M   4        16 200
20  67  53  60   0   5   0 0.92  0.0    0  5.9 21  20   M    M   8 13     26 310
21  64  53  59  -1   6   0 0.51  0.0    0  5.2 16  80   M    M  10 1      19  80
22  77  55  66   6   0   1 0.00  0.0    0  3.1 13 330   M    M   5 1      16 320
23  86  47  67   7   0   2 0.00  0.0    0  3.8 14 190   M    M   1 1      22 160
24  88  62  75  14   0  10 0.00  0.0    0  8.5 20 200   M    M   2        26 200
25  87  57  72  11   0   7    T  0.0    0  6.1 22 180   M    M   1 13     30 170
26  67  42  55  -6  10   0 0.00  0.0    0 13.2 26  10   M    M   3        34  10
27  79  34  57  -5   8   0 0.00  0.0    0  4.1 15 260   M    M   0 8      20 260
28  86  42  64   2   1   0 0.00  0.0    0  7.6 20 200   M    M   0        28 200
================================================================================
SM 1912 1213       273  24  2.44    T    152.8          M      126
================================================================================
AV 68.3 43.3                               5.5 FASTST   M    M   5    MAX(MPH)
                                 MISC ---->  # 26  10               # 34   10
================================================================================
NOTES:
# LAST OF SEVERAL OCCURRENCES

COLUMN 17 PEAK WIND IN M.P.H.

PRELIMINARY LOCAL CLIMATOLOGICAL DATA (WS FORM: F-6) , PAGE 2

                                          STATION:  JUNCTION
                                          MONTH:    MARCH
                                          YEAR:     2015
                                          LATITUDE:   30 18 N
                                          LONGITUDE:  99 28 W

[TEMPERATURE DATA]      [PRECIPITATION DATA]       SYMBOLS USED IN COLUMN 16

AVERAGE MONTHLY: 55.8   TOTAL FOR MONTH:   2.44    1 = FOG OR MIST
DPTR FM NORMAL:  -2.2   DPTR FM NORMAL:    0.23    2 = FOG REDUCING VISIBILITY
HIGHEST:    88 ON 24    GRTST 24HR  0.92 ON 20-20      TO 1/4 MILE OR LESS
LOWEST:     19 ON  6                               3 = THUNDER
                        SNOW, ICE PELLETS, HAIL    4 = ICE PELLETS
                        TOTAL MONTH:    T          5 = HAIL
                        GRTST 24HR    T  ON  4- 4  6 = FREEZING RAIN OR DRIZZLE
                        GRTST DEPTH:   0           7 = DUSTSTORM OR SANDSTORM:
                                                       VSBY 1/2 MILE OR LESS
                                                   8 = SMOKE OR HAZE
[NO. OF DAYS WITH]      [WEATHER - DAYS WITH]      9 = BLOWING SNOW
                                                   X = TORNADO
MAX 32 OR BELOW:   0    0.01 INCH OR MORE:   9
MAX 90 OR ABOVE:   0    0.10 INCH OR MORE:   6
MIN 32 OR BELOW:   5    0.50 INCH OR MORE:   2
MIN  0 OR BELOW:   0    1.00 INCH OR MORE:   0

[HDD (BASE 65) ]
TOTAL THIS MO.   273    CLEAR  (SCALE 0-3)  11
DPTR FM NORMAL    48    PTCLDY (SCALE 4-7)  10
TOTAL FM JUL 1  2129    CLOUDY (SCALE 8-10)  6
DPTR FM NORMAL     9

[CDD (BASE 65) ]
TOTAL THIS MO.    24
DPTR FM NORMAL    -8    [PRESSURE DATA]
TOTAL FM JAN 1    24    HIGHEST SLP 30.19 ON  8
DPTR FM NORMAL   -14    LOWEST  SLP 29.50 ON  8

[REMARKS]
