000
CXUS55 KBOI 181002
CF6JER
PRELIMINARY LOCAL CLIMATOLOGICAL DATA (WS FORM: F-6)

                                          STATION:   JEROME ID
                                          MONTH:     DECEMBER
                                          YEAR:      2014
                                          LATITUDE:   42 43 N
                                          LONGITUDE: 114 27 W

  TEMPERATURE IN F:       :PCPN:    SNOW:  WIND      :SUNSHINE: SKY     :PK WND
================================================================================
1   2   3   4   5  6A  6B    7    8   9   10  11  12  13   14  15   16   17  18
                                     12Z  AVG MX 2MIN
DY MAX MIN AVG DEP HDD CDD  WTR  SNW DPTH SPD SPD DIR MIN PSBL S-S WX    SPD DR
================================================================================

 1  41  27  34   4  31   0 0.01    M    M  9.3 18  30   M    M   9 1      21  30
 2  43  30  37   7  28   0 0.00    M    M  9.0 26  50   M    M   5 12     32  40
 3  49  34  42  13  23   0 0.01    M    M 15.0 25  60   M    M   7 1      31  60
 4  54  37  46  17  19   0 0.02    M    M  6.6 13 250   M    M   5        16 210
 5  55  36  46  17  19   0 0.00    M    M 10.1 18  50   M    M   2        23  40
 6  53  36  45  17  20   0 0.01    M    M  6.9 17  30   M    M   5        21  30
 7  56  34  45  17  20   0 0.00    M    M 10.1 17  40   M    M   2        20  40
 8  51  34  43  15  22   0 0.00    M    M 11.1 20  50   M    M   0        24  40
 9  50  33  42  14  23   0 0.00    M    M 12.8 21  50   M    M   2        25  50
10  51  33  42  15  23   0 0.00    M    M 18.1 26  50   M    M   0        31  50
11  58  38  48  21  17   0    T    M    M 16.1 29 150   M    M   2        38 150
12  58  38  48  21  17   0 0.01    M    M 10.3 30 140   M    M   4        43 150
13  40  30  35   8  30   0 0.14    M    M 20.9 33 250   M    M   5 1      41 250
14  36  25  31   4  34   0 0.00    M    M  8.5 15 230   M    M   3        20 230
15  41  20  31   5  34   0    T    M    M 16.1 23  40   M    M   3 1      29  50
16  33  30  32   6  33   0 0.10    M    M 13.1 24  40   M    M  10 12     28  40
17  41  25  33   7  32   0 0.00    M    M 11.5 16  30   M    M   2        20  40
================================================================================
SM  810  540       425   0  0.30    M    205.5          M       66
================================================================================
AV 47.6 31.8                              12.1 FASTST   M    M   4    MAX(MPH)
                                 MISC ---->  # 33 250               # 43  150
================================================================================
NOTES:
# LAST OF SEVERAL OCCURRENCES

COLUMN 17 PEAK WIND IN M.P.H.

PRELIMINARY LOCAL CLIMATOLOGICAL DATA (WS FORM: F-6) , PAGE 2

                                          STATION:  JEROME ID
                                          MONTH:    DECEMBER
                                          YEAR:     2014
                                          LATITUDE:   42 43 N
                                          LONGITUDE: 114 27 W

[TEMPERATURE DATA]      [PRECIPITATION DATA]       SYMBOLS USED IN COLUMN 16

AVERAGE MONTHLY: 39.7   TOTAL FOR MONTH:   0.30    1 = FOG OR MIST
DPTR FM NORMAL:  11.9   DPTR FM NORMAL:   -0.56    2 = FOG REDUCING VISIBILITY
HIGHEST:    58 ON 12,11 GRTST 24HR  0.15 ON 12-13      TO 1/4 MILE OR LESS
LOWEST:     20 ON 15                               3 = THUNDER
                        SNOW, ICE PELLETS, HAIL    4 = ICE PELLETS
                        TOTAL MONTH:    M          5 = HAIL
                        GRTST 24HR    M  ON   M    6 = FREEZING RAIN OR DRIZZLE
                        GRTST DEPTH:  M  ON   M    7 = DUSTSTORM OR SANDSTORM:
                                                       VSBY 1/2 MILE OR LESS
                                                   8 = SMOKE OR HAZE
[NO. OF DAYS WITH]      [WEATHER - DAYS WITH]      9 = BLOWING SNOW
                                                   X = TORNADO
MAX 32 OR BELOW:   0    0.01 INCH OR MORE:   7
MAX 90 OR ABOVE:   0    0.10 INCH OR MORE:   2
MIN 32 OR BELOW:   7    0.50 INCH OR MORE:   0
MIN  0 OR BELOW:   0    1.00 INCH OR MORE:   0

[HDD (BASE 65) ]
TOTAL THIS MO.   425    CLEAR  (SCALE 0-3)   8
DPTR FM NORMAL  -207    PTCLDY (SCALE 4-7)   7
TOTAL FM JUL 1  1761    CLOUDY (SCALE 8-10)  2
DPTR FM NORMAL  -422

[CDD (BASE 65) ]
TOTAL THIS MO.     0
DPTR FM NORMAL     0    [PRESSURE DATA]
TOTAL FM JAN 1   652    HIGHEST SLP M ON M
DPTR FM NORMAL   142    LOWEST  SLP 29.52 ON 11

[REMARKS]
