000
CXUS53 KBIS 190830
CF6JMS
PRELIMINARY LOCAL CLIMATOLOGICAL DATA (WS FORM: F-6)

                                          STATION:   JAMESTOWN ND
                                          MONTH:     OCTOBER
                                          YEAR:      2017
                                          LATITUDE:   46 55 N
                                          LONGITUDE:  98 40 W

  TEMPERATURE IN F:       :PCPN:    SNOW:  WIND      :SUNSHINE: SKY     :PK WND
================================================================================
1   2   3   4   5  6A  6B    7    8   9   10  11  12  13   14  15   16   17  18
                                     12Z  AVG MX 2MIN
DY MAX MIN AVG DEP HDD CDD  WTR  SNW DPTH SPD SPD DIR MIN PSBL S-S WX    SPD DR
================================================================================

 1  68  53  61  10   4   0 0.03    M    M 12.1 22 180   M    M   5 1      30 180
 2  59  47  53   3  12   0    T    M    M  7.7 18 250   M    M   5        24 220
 3  59  45  52   2  13   0 0.02    M    M 11.7 26 260   M    M   7        38 260
 4  58  41  50   0  15   0    T    M    M  9.6 21 290   M    M   6        29 270
 5  63  33  48  -1  17   0 0.00    M    M  3.9 13 320   M    M   4        17 330
 6  66  32  49   0  16   0 0.00    M    M  5.3 13 170   M    M   1        16 170
 7  73  42  58  10   7   0    T    M    M 14.1 29 300   M    M   1        39 300
 8  60  42  51   3  14   0 0.00    M    M 13.1 23 300   M    M   3        29 320
 9  47  26  37 -10  28   0 0.00    M    M  9.9 22 310   M    M   2        28 310
10  63  26  45  -2  20   0 0.00    M    M  9.1 20 210   M    M   0        24 200
11  64  33  49   3  16   0 0.00    M    M 14.9 29 150   M    M   0        37 150
12  64  36  50   4  15   0 0.00    M    M 14.2 30 320   M    M   0        38 320
13  58  28  43  -3  22   0 0.00    M    M  5.1 14 140   M    M   1 8      17 140
14  45  30  38  -7  27   0 0.02    M    M  6.9 15 330   M    M   5 18     19 330
15  57  24  41  -4  24   0    T    M    M  9.1 25 300   M    M   3        32 310
16  71  29  50   6  15   0 0.00    M    M 10.4 23 280   M    M   0        32 250
17  77  33  55  11  10   0 0.00    M    M  9.2 18 230   M    M   0        25 240
18  59  35  47   4  18   0 0.00    M    M 14.0 30 300   M    M   0        39 310
================================================================================
SM 1111  635       293   0  0.07    M    180.3          M       43
================================================================================
AV 61.7 35.3                              10.0 FASTST   M    M   2    MAX(MPH)
                                 MISC ---->  # 30 320               # 39  300
================================================================================
NOTES:
# LAST OF SEVERAL OCCURRENCES

COLUMN 17 PEAK WIND IN M.P.H.

PRELIMINARY LOCAL CLIMATOLOGICAL DATA (WS FORM: F-6) , PAGE 2

                                          STATION:  JAMESTOWN ND
                                          MONTH:    OCTOBER
                                          YEAR:     2017
                                          LATITUDE:   46 55 N
                                          LONGITUDE:  98 40 W

[TEMPERATURE DATA]      [PRECIPITATION DATA]       SYMBOLS USED IN COLUMN 16

AVERAGE MONTHLY: 48.5   TOTAL FOR MONTH:   0.07    1 = FOG OR MIST
DPTR FM NORMAL:   1.4   DPTR FM NORMAL:   -0.93    2 = FOG REDUCING VISIBILITY
HIGHEST:    77 ON 17    GRTST 24HR  0.03 ON  1- 1      TO 1/4 MILE OR LESS
LOWEST:     24 ON 15                               3 = THUNDER
                        SNOW, ICE PELLETS, HAIL    4 = ICE PELLETS
                        TOTAL MONTH:    M          5 = HAIL
                        GRTST 24HR    M  ON   M    6 = FREEZING RAIN OR DRIZZLE
                        GRTST DEPTH:  M  ON   M    7 = DUSTSTORM OR SANDSTORM:
                                                       VSBY 1/2 MILE OR LESS
                                                   8 = SMOKE OR HAZE
[NO. OF DAYS WITH]      [WEATHER - DAYS WITH]      9 = BLOWING SNOW
                                                   X = TORNADO
MAX 32 OR BELOW:   0    0.01 INCH OR MORE:   3
MAX 90 OR ABOVE:   0    0.10 INCH OR MORE:   0
MIN 32 OR BELOW:   7    0.50 INCH OR MORE:   0
MIN  0 OR BELOW:   0    1.00 INCH OR MORE:   0

[HDD (BASE 65) ]
TOTAL THIS MO.   293    CLEAR  (SCALE 0-3)  12
DPTR FM NORMAL   -30    PTCLDY (SCALE 4-7)   6
TOTAL FM JUL 1   531    CLOUDY (SCALE 8-10)  0
DPTR FM NORMAL  -110

[CDD (BASE 65) ]
TOTAL THIS MO.     0
DPTR FM NORMAL     0    [PRESSURE DATA]
TOTAL FM JAN 1   397    HIGHEST SLP M ON M
DPTR FM NORMAL   -48    LOWEST  SLP 29.40 ON  7

[REMARKS]
