000
CXHW50 PHFO 271250
CF6JRF
PRELIMINARY LOCAL CLIMATOLOGICAL DATA (WS FORM: F-6)

                                          STATION:   KALAELOA ARPT/OAHU HI
                                          MONTH:     APRIL
                                          YEAR:      2017
                                          LATITUDE:   21 19 N
                                          LONGITUDE: 158  4 W

  TEMPERATURE IN F:       :PCPN:    SNOW:  WIND      :SUNSHINE: SKY     :PK WND
================================================================================
1   2   3   4   5  6A  6B    7    8   9   10  11  12  13   14  15   16   17  18
                                     12Z  AVG MX 2MIN
DY MAX MIN AVG DEP HDD CDD  WTR  SNW DPTH SPD SPD DIR MIN PSBL S-S WX    SPD DR
================================================================================

 1  88  71  80   5   0  15 0.00  0.0    M  7.5 15  90   M    M   M        23  90
 2  89  71  80   5   0  15 0.00  0.0    M  8.0 17  50   M    M   M        26  60
 3  89  69  79   4   0  14 0.00  0.0    M  5.9 14 140   M    M   M        20 150
 4  89  67  78   3   0  13 0.00  0.0    M  5.6 14  50   M    M   M        20  40
 5  89  71  80   5   0  15 0.00  0.0    M  6.8 13  60   M    M   M        20  50
 6  85  66  76   1   0  11 0.00  0.0    M  6.1 13 120   M    M   M        22 140
 7  86  69  78   3   0  13    T  0.0    M  6.4 16 120   M    M   M        23 130
 8  86  74  80   5   0  15 0.00  0.0    M  5.2 14 150   M    M   M        16 150
 9  87  68  78   3   0  13 0.00  0.0    M  7.8 18 290   M    M   M        24 280
10  87  67  77   2   0  12 0.00  0.0    M  7.0 15 140   M    M   M        21 140
11  87  69  78   3   0  13    T  0.0    M  5.5 14 120   M    M   M 8      20 110
12  87  70  79   4   0  14 0.00  0.0    M  6.2 16 120   M    M   M        25 120
13  87  72  80   5   0  15 0.01  0.0    M  5.8 15 140   M    M   M        23 140
14  86  73  80   5   0  15 0.19  0.0    M  5.0 15 140   M    M   M        18 140
15  86  67  77   2   0  12 0.00  0.0    M  6.1 17 140   M    M   M        22 140
16  85  69  77   2   0  12 0.09  0.0    M  6.9 15  30   M    M   M        22  30
17  84  71  78   3   0  13 0.00  0.0    M  9.5 17  50   M    M   M        26  40
18  86  67  77   2   0  12 0.00  0.0    M  5.7 15 140   M    M   M        22 140
19  86  72  79   4   0  14 0.10  0.0    M  8.4 15 200   M    M   M        19 190
20  83  72  78   3   0  13 0.17  0.0    M  6.9 16 320   M    M   M        21 320
21   M   M   M   M   M   M    M    M    M   M   M   M   M    M   M         M  M
22   M   M   M   M   M   M    M    M    M   M   M   M   M    M   M         M  M
23   M   M   M   M   M   M    M    M    M   M   M   M   M    M   M         M  M
24   M   M   M   M   M   M    M    M    M   M   M   M   M    M   M         M  M
25  88  68  78   3   0  13 0.00  0.0    M  5.5 15  90   M    M   M        23  60
26  89  70  80   5   0  15 0.00  0.0    M  6.3 16  30   M    M   M        23  50
================================================================================
SM 1909 1533         0 297  0.56     0.0 144.1          M        M
================================================================================
AV 86.8 69.7                               6.6 FASTST   M    M -nan   MAX(MPH)
                                 MISC ---->  # 18 290               # 26   60
================================================================================
NOTES:
# LAST OF SEVERAL OCCURRENCES

COLUMN 17 PEAK WIND IN M.P.H.

PRELIMINARY LOCAL CLIMATOLOGICAL DATA (WS FORM: F-6) , PAGE 2

                                          STATION:  KALAELOA ARPT/OAHU HI
                                          MONTH:    APRIL
                                          YEAR:     2017
                                          LATITUDE:   21 19 N
                                          LONGITUDE: 158  4 W

[TEMPERATURE DATA]      [PRECIPITATION DATA]       SYMBOLS USED IN COLUMN 16

AVERAGE MONTHLY: 78.2   TOTAL FOR MONTH:   0.56    1 = FOG OR MIST
DPTR FM NORMAL:   3.2   DPTR FM NORMAL:   -0.38    2 = FOG REDUCING VISIBILITY
HIGHEST:    89 ON 26, 5 GRTST 24HR  0.19 ON 14-14      TO 1/4 MILE OR LESS
LOWEST:     66 ON  6                               3 = THUNDER
                        SNOW, ICE PELLETS, HAIL    4 = ICE PELLETS
                        TOTAL MONTH:   0.0 INCH    5 = HAIL
                        GRTST 24HR     0.0         6 = FREEZING RAIN OR DRIZZLE
                        GRTST DEPTH:  M  ON   M    7 = DUSTSTORM OR SANDSTORM:
                                                       VSBY 1/2 MILE OR LESS
                                                   8 = SMOKE OR HAZE
[NO. OF DAYS WITH]      [WEATHER - DAYS WITH]      9 = BLOWING SNOW
                                                   X = TORNADO
MAX 32 OR BELOW:   0    0.01 INCH OR MORE:   5
MAX 90 OR ABOVE:   0    0.10 INCH OR MORE:   3
MIN 32 OR BELOW:   0    0.50 INCH OR MORE:   0
MIN  0 OR BELOW:   0    1.00 INCH OR MORE:   0

[HDD (BASE 65) ]
TOTAL THIS MO.     0    CLEAR  (SCALE 0-3)   0
DPTR FM NORMAL     0    PTCLDY (SCALE 4-7)   0
TOTAL FM JUL 1     0    CLOUDY (SCALE 8-10)  0
DPTR FM NORMAL     0

[CDD (BASE 65) ]
TOTAL THIS MO.   297
DPTR FM NORMAL    37    [PRESSURE DATA]
TOTAL FM JAN 1  1211    HIGHEST SLP M ON M
DPTR FM NORMAL   230    LOWEST  SLP 29.96 ON M

[REMARKS]
