000
CXHW50 PHFO 281250
CF6JRF
PRELIMINARY LOCAL CLIMATOLOGICAL DATA (WS FORM: F-6)

                                          STATION:   KALAELOA ARPT/OAHU HI
                                          MONTH:     JUNE
                                          YEAR:      2017
                                          LATITUDE:   21 19 N
                                          LONGITUDE: 158  4 W

  TEMPERATURE IN F:       :PCPN:    SNOW:  WIND      :SUNSHINE: SKY     :PK WND
================================================================================
1   2   3   4   5  6A  6B    7    8   9   10  11  12  13   14  15   16   17  18
                                     12Z  AVG MX 2MIN
DY MAX MIN AVG DEP HDD CDD  WTR  SNW DPTH SPD SPD DIR MIN PSBL S-S WX    SPD DR
================================================================================

 1  90  72  81   3   0  16 0.00  0.0    M  7.6 17  80   M    M   M        25  90
 2  90  75  83   5   0  18    T  0.0    M  9.2 18  50   M    M   M        31  50
 3  90  75  83   5   0  18    T  0.0    M  9.2 18  60   M    M   M        29  50
 4  91  71  81   3   0  16    T  0.0    M  6.6 16  50   M    M   M        25  50
 5  91  72  82   4   0  17 0.00  0.0    M  6.6 14  60   M    M   M        22  30
 6  91  74  83   5   0  18    T  0.0    M  6.9 14  30   M    M   M        24  30
 7  91  74  83   5   0  18 0.00  0.0    M  6.5 14  50   M    M   M        20  40
 8  90  69  80   2   0  15 0.00  0.0    M  5.7 15  80   M    M   M        22  80
 9  90  72  81   3   0  16 0.01  0.0    M  5.3 16 150   M    M   M        21 150
10  84  74  79   0   0  14 0.18  0.0    M  4.4 13 140   M    M   M        17 120
11  92  73  83   4   0  18 0.16  0.0    M  4.9 12  50   M    M   M        22  40
12   M   M   M   M   M   M    M    M    M   M   M   M   M    M   M         M  M
13  89  74  82   3   0  17 0.00  0.0    M  6.5 14  60   M    M   M        22  50
14  88  74  81   2   0  16    T  0.0    M  6.6 13  50   M    M   M        21  70
15  86  70  78  -1   0  13 0.01  0.0    M  5.8 15  80   M    M   M        22  80
16  89  69  79   0   0  14 0.00  0.0    M  6.3 14 140   M    M   M        19 120
17  89  73  81   2   0  16 0.00  0.0    M  6.8 14  70   M    M   M        22  70
18  87  74  81   2   0  16    T  0.0    M  6.2 13  50   M    M   M        19  80
19  88  73  81   1   0  16    T  0.0    M  7.1 15  90   M    M   M        24  90
20  85  70  78  -2   0  13    T  0.0    M  6.0 14 300   M    M   M        17  70
21  90  71  81   1   0  16    T  0.0    M  5.6 15 140   M    M   M        20  40
22  90  71  81   1   0  16 0.00  0.0    M  6.3 14  60   M    M   M        23  30
23  91  70  81   1   0  16    T  0.0    M  6.0 14  50   M    M   M        22  40
24  88  71  80   0   0  15 0.00  0.0    M  6.3 17 140   M    M   M        22 140
25  87  69  78  -2   0  13 0.00  0.0    M  6.5 17 140   M    M   M        23 150
26  90  71  81   1   0  16 0.00  0.0    M  6.4 14 120   M    M   M        22 120
27  89  70  80   0   0  15 0.00  0.0    M  5.8 15  60   M    M   M        22  80
================================================================================
SM 2316 1871         0 412  0.36     0.0 167.1          M        M
================================================================================
AV 89.1 72.0                               6.4 FASTST   M    M -nan   MAX(MPH)
                                 MISC ---->  # 18  50               # 31   50
================================================================================
NOTES:
# LAST OF SEVERAL OCCURRENCES

COLUMN 17 PEAK WIND IN M.P.H.

PRELIMINARY LOCAL CLIMATOLOGICAL DATA (WS FORM: F-6) , PAGE 2

                                          STATION:  KALAELOA ARPT/OAHU HI
                                          MONTH:    JUNE
                                          YEAR:     2017
                                          LATITUDE:   21 19 N
                                          LONGITUDE: 158  4 W

[TEMPERATURE DATA]      [PRECIPITATION DATA]       SYMBOLS USED IN COLUMN 16

AVERAGE MONTHLY: 80.5   TOTAL FOR MONTH:   0.36    1 = FOG OR MIST
DPTR FM NORMAL:   1.5   DPTR FM NORMAL:    0.02    2 = FOG REDUCING VISIBILITY
HIGHEST:    92 ON 11    GRTST 24HR  0.18 ON 10-10      TO 1/4 MILE OR LESS
LOWEST:     69 ON 25,16                            3 = THUNDER
                        SNOW, ICE PELLETS, HAIL    4 = ICE PELLETS
                        TOTAL MONTH:   0.0 INCH    5 = HAIL
                        GRTST 24HR     0.0         6 = FREEZING RAIN OR DRIZZLE
                        GRTST DEPTH:  M  ON   M    7 = DUSTSTORM OR SANDSTORM:
                                                       VSBY 1/2 MILE OR LESS
                                                   8 = SMOKE OR HAZE
[NO. OF DAYS WITH]      [WEATHER - DAYS WITH]      9 = BLOWING SNOW
                                                   X = TORNADO
MAX 32 OR BELOW:   0    0.01 INCH OR MORE:   4
MAX 90 OR ABOVE:  14    0.10 INCH OR MORE:   2
MIN 32 OR BELOW:   0    0.50 INCH OR MORE:   0
MIN  0 OR BELOW:   0    1.00 INCH OR MORE:   0

[HDD (BASE 65) ]
TOTAL THIS MO.     0    CLEAR  (SCALE 0-3)   0
DPTR FM NORMAL     0    PTCLDY (SCALE 4-7)   0
TOTAL FM JUL 1     0    CLOUDY (SCALE 8-10)  0
DPTR FM NORMAL     0

[CDD (BASE 65) ]
TOTAL THIS MO.   412
DPTR FM NORMAL    34    [PRESSURE DATA]
TOTAL FM JAN 1  2104    HIGHEST SLP M ON M
DPTR FM NORMAL   356    LOWEST  SLP 29.93 ON 23

[REMARKS]
