000
CXHW50 PHFO 301250
CF6JRF
PRELIMINARY LOCAL CLIMATOLOGICAL DATA (WS FORM: F-6)

                                          STATION:   KALAELOA ARPT/OAHU HI
                                          MONTH:     JUNE
                                          YEAR:      2015
                                          LATITUDE:   21 19 N
                                          LONGITUDE: 158  4 W

  TEMPERATURE IN F:       :PCPN:    SNOW:  WIND      :SUNSHINE: SKY     :PK WND
================================================================================
1   2   3   4   5  6A  6B    7    8   9   10  11  12  13   14  15   16   17  18
                                     12Z  AVG MX 2MIN
DY MAX MIN AVG DEP HDD CDD  WTR  SNW DPTH SPD SPD DIR MIN PSBL S-S WX    SPD DR
================================================================================

 1  85  70  78   0   0  13    T  0.0    0  4.0 13 140   M    M   7 1      20 110
 2  86  66  76  -2   0  11 0.00  0.0    0  3.4 12  70   M    M   2        17  90
 3  86  68  77  -1   0  12 0.00  0.0    0  4.1 13  80   M    M   4        22  80
 4  85  71  78   0   0  13    T  0.0    0  4.5 13 120   M    M   5        21 120
 5  84  66  75  -3   0  10 0.00  0.0    0  5.2 14 140   M    M   3        17 150
 6  82  66  74  -4   0   9 0.00  0.0    0  3.6 13 150   M    M   2        15 150
 7  87  67  77  -1   0  12 0.00  0.0    0  3.7 14 130   M    M   0        21  70
 8  86  68  77  -1   0  12 0.00  0.0    0  4.5 13  70   M    M   2 8      21  40
 9  85  68  77  -1   0  12    T  0.0    0  4.0 15  90   M    M   1        22  80
10  86  67  77  -2   0  12 0.00  0.0    0  4.7 14  80   M    M   0        24  70
11  87  69  78  -1   0  13    T  0.0    0  3.1 13 290   M    M   3        15 290
12  84  67  76  -3   0  11    T  0.0    0  4.2 15 140   M    M   4        20 140
13  85  67  76  -3   0  11    T  0.0    0  4.9 16 300   M    M   2        21 300
14  85  69  77  -2   0  12 0.00  0.0    0  4.8 16 120   M    M   1        25 120
15  86  68  77  -2   0  12 0.01  0.0    0  2.8 14 130   M    M   4        22 140
16  88  70  79   0   0  14 0.00  0.0    0  4.7 14  70   M    M   1        22  80
17  87  70  79   0   0  14    T  0.0    0  5.1 14  70   M    M   4 1      22  60
18  87  70  79   0   0  14 0.00  0.0    0  3.9 13  60   M    M   2 1      24  70
19  88  71  80   0   0  15    T  0.0    0  4.9 15  70   M    M   3        22  60
20  88  72  80   0   0  15    T  0.0    0  5.5 13  70   M    M   4 1      23  60
21  88  68  78  -2   0  13 0.00  0.0    0  4.2 13  80   M    M   4        25  70
22  87  69  78  -2   0  13 0.00  0.0    0  4.5 14  70   M    M   4        23  80
23  88  68  78  -2   0  13    T  0.0    0  4.5 15  60   M    M   2        25  80
24  85  72  79  -1   0  14 0.08  0.0    0  4.1 13  60   M    M   5 1      20  80
25  88  71  80   0   0  15    T  0.0    0  4.7 13  60   M    M   2        21  60
26  88  72  80   0   0  15    T  0.0    0  4.6 12  90   M    M   5 1      18  90
27  88  69  79  -1   0  14 0.00  0.0    0  3.8 16 150   M    M   4        22 150
28  86  70  78  -2   0  13 0.00  0.0    0  4.5 14 140   M    M   4        18 140
29  85  71  78  -2   0  13 0.00  0.0    0  4.7 12 170   M    M   1        15 160
================================================================================
SM 2500 2000         0 370  0.09     0.0 125.2          M       85
================================================================================
AV 86.2 69.0                               4.3 FASTST   M    M   3    MAX(MPH)
                                 MISC ---->  # 16 300               # 25  120
================================================================================
NOTES:
# LAST OF SEVERAL OCCURRENCES

COLUMN 17 PEAK WIND IN M.P.H.

PRELIMINARY LOCAL CLIMATOLOGICAL DATA (WS FORM: F-6) , PAGE 2

                                          STATION:  KALAELOA ARPT/OAHU HI
                                          MONTH:    JUNE
                                          YEAR:     2015
                                          LATITUDE:   21 19 N
                                          LONGITUDE: 158  4 W

[TEMPERATURE DATA]      [PRECIPITATION DATA]       SYMBOLS USED IN COLUMN 16

AVERAGE MONTHLY: 77.6   TOTAL FOR MONTH:   0.09    1 = FOG OR MIST
DPTR FM NORMAL:  -1.5   DPTR FM NORMAL:   -0.26    2 = FOG REDUCING VISIBILITY
HIGHEST:    88 ON 27,26 GRTST 24HR  0.08 ON 24-24      TO 1/4 MILE OR LESS
LOWEST:     66 ON  6, 5                            3 = THUNDER
                        SNOW, ICE PELLETS, HAIL    4 = ICE PELLETS
                        TOTAL MONTH:   0.0 INCH    5 = HAIL
                        GRTST 24HR     0.0         6 = FREEZING RAIN OR DRIZZLE
                        GRTST DEPTH:   0           7 = DUSTSTORM OR SANDSTORM:
                                                       VSBY 1/2 MILE OR LESS
                                                   8 = SMOKE OR HAZE
[NO. OF DAYS WITH]      [WEATHER - DAYS WITH]      9 = BLOWING SNOW
                                                   X = TORNADO
MAX 32 OR BELOW:   0    0.01 INCH OR MORE:   2
MAX 90 OR ABOVE:   0    0.10 INCH OR MORE:   0
MIN 32 OR BELOW:   0    0.50 INCH OR MORE:   0
MIN  0 OR BELOW:   0    1.00 INCH OR MORE:   0

[HDD (BASE 65) ]
TOTAL THIS MO.     0    CLEAR  (SCALE 0-3)  16
DPTR FM NORMAL     0    PTCLDY (SCALE 4-7)  13
TOTAL FM JUL 1     2    CLOUDY (SCALE 8-10)  0
DPTR FM NORMAL     2

[CDD (BASE 65) ]
TOTAL THIS MO.   370
DPTR FM NORMAL   -38    [PRESSURE DATA]
TOTAL FM JAN 1  1709    HIGHEST SLP M ON M
DPTR FM NORMAL   -69    LOWEST  SLP 29.92 ON 14

[REMARKS]
