000
CXUS55 KCTP 301131
CF6JST
PRELIMINARY LOCAL CLIMATOLOGICAL DATA (WS FORM: F-6)

                                          STATION:   JOHNSTOWN
                                          MONTH:     MAY
                                          YEAR:      2016
                                          LATITUDE:   40 18 N
                                          LONGITUDE:  78 50 W

  TEMPERATURE IN F:       :PCPN:    SNOW:  WIND      :SUNSHINE: SKY     :PK WND
================================================================================
1   2   3   4   5  6A  6B    7    8   9   10  11  12  13   14  15   16   17  18
                                     12Z  AVG MX 2MIN
DY MAX MIN AVG DEP HDD CDD  WTR  SNW DPTH SPD SPD DIR MIN PSBL S-S WX    SPD DR
================================================================================

 1  68  47  58   5   7   0 0.47    M    M  7.8 17 150   M    M   8 18     21 160
 2  69  53  61   8   4   0 0.02    M    M  9.1 21 250   M    M   9 12     29 260
 3  62  47  55   2  10   0 0.02    M    M  6.5 15 280   M    M  10 12     20 310
 4  55  46  51  -3  14   0 0.24    M    M  3.1  9 330   M    M   8 138    11 210
 5  60  46  53  -1  12   0 0.07    M    M  8.0 17  40   M    M  10 128    24  30
 6  55  44  50  -4  15   0 0.21    M    M  9.2 22  10   M    M  10        30  10
 7  64  43  54   0  11   0 0.05    M    M  4.8 12 180   M    M   8 18     16 180
 8  60  45  53  -2  12   0 0.13    M    M 13.8 24 310   M    M   4 138    36 290
 9  57  44  51  -4  14   0 0.00    M    M  6.8 13 260   M    M   5        16 250
10  59  47  53  -2  12   0 0.05    M    M  6.2 13 170   M    M   9 18     16 170
11  67  51  59   3   6   0    T    M    M  3.6 10 150   M    M   8 128    13  70
12  73  52  63   7   2   0 0.12    M    M  6.9 17 240   M    M   8 1238   24 230
13  66  52  59   3   6   0 0.71    M    M 10.2 26 290   M    M   7 1      34 290
14  54  38  46 -10  19   0 0.19    M    M 12.2 26 310   M    M   7        35 320
15  44  34  39 -18  26   0 0.10    M    M 16.2 28 300   M    M   8 1      35 290
16  58  34  46 -11  19   0 0.00    M    M 11.7 21 290   M    M   1        27 300
17  58  45  52  -5  13   0    T    M    M  4.3 10 320   M    M   7        14 330
18  51  42  47 -10  18   0 0.38    M    M  5.1 12  60   M    M   9 128    15  70
19  64  37  51  -7  14   0 0.00    M    M  3.4 13 340   M    M   5 128    16  30
20  67  45  56  -2   9   0 0.00    M    M  6.3 14 150   M    M   0        20 140
21  57  48  53  -5  12   0 0.74    M    M  6.3 15 140   M    M  10 18     25 130
22  54  47  51  -7  14   0 0.39    M    M  5.9 12  30   M    M  10 1      15 310
23  70  47  59   0   6   0 0.02    M    M  6.0 14  30   M    M   6 1238   19  30
24  73  50  62   3   3   0 0.00    M    M  8.6 22 310   M    M   1        28 300
25  78  55  67   8   0   2 0.00    M    M  6.2 15 280   M    M   0        23 250
26  77  62  70  11   0   5    T    M    M  6.3 15 240   M    M   5        20 240
27  83  64  74  14   0   9    T    M    M  6.9 14 260   M    M   4        20 270
28  84  62  73  13   0   8 0.05    M    M  4.6 17 160   M    M   2 3      23 180
29  80  61  71  11   0   6 0.19    M    M  4.2 15 240   M    M   4 138    18 270
================================================================================
SM 1867 1388       278  30  4.15    M    210.2          M      183
================================================================================
AV 64.4 47.9                               7.2 FASTST   M    M   6    MAX(MPH)
                                 MISC ---->  # 28 300               # 36  290
================================================================================
NOTES:
# LAST OF SEVERAL OCCURRENCES

COLUMN 17 PEAK WIND IN M.P.H.

PRELIMINARY LOCAL CLIMATOLOGICAL DATA (WS FORM: F-6) , PAGE 2

                                          STATION:  JOHNSTOWN
                                          MONTH:    MAY
                                          YEAR:     2016
                                          LATITUDE:   40 18 N
                                          LONGITUDE:  78 50 W

[TEMPERATURE DATA]      [PRECIPITATION DATA]       SYMBOLS USED IN COLUMN 16

AVERAGE MONTHLY: 56.1   TOTAL FOR MONTH:   4.15    1 = FOG OR MIST
DPTR FM NORMAL:  -0.4   DPTR FM NORMAL:   -0.06    2 = FOG REDUCING VISIBILITY
HIGHEST:    84 ON 28    GRTST 24HR  0.83 ON 12-13      TO 1/4 MILE OR LESS
LOWEST:     34 ON 16,15                            3 = THUNDER
                        SNOW, ICE PELLETS, HAIL    4 = ICE PELLETS
                        TOTAL MONTH:    M          5 = HAIL
                        GRTST 24HR    M  ON   M    6 = FREEZING RAIN OR DRIZZLE
                        GRTST DEPTH:  M  ON   M    7 = DUSTSTORM OR SANDSTORM:
                                                       VSBY 1/2 MILE OR LESS
                                                   8 = SMOKE OR HAZE
[NO. OF DAYS WITH]      [WEATHER - DAYS WITH]      9 = BLOWING SNOW
                                                   X = TORNADO
MAX 32 OR BELOW:   0    0.01 INCH OR MORE:  19
MAX 90 OR ABOVE:   0    0.10 INCH OR MORE:  12
MIN 32 OR BELOW:   0    0.50 INCH OR MORE:   2
MIN  0 OR BELOW:   0    1.00 INCH OR MORE:   0

[HDD (BASE 65) ]
TOTAL THIS MO.   278    CLEAR  (SCALE 0-3)   5
DPTR FM NORMAL    12    PTCLDY (SCALE 4-7)  14
TOTAL FM JUL 1  5487    CLOUDY (SCALE 8-10) 10
DPTR FM NORMAL -1110

[CDD (BASE 65) ]
TOTAL THIS MO.    30
DPTR FM NORMAL    14    [PRESSURE DATA]
TOTAL FM JAN 1    30    HIGHEST SLP M ON M
DPTR FM NORMAL     9    LOWEST  SLP 29.59 ON M

[REMARKS]
