000
CXUS55 KCTP 231131
CF6JST
PRELIMINARY LOCAL CLIMATOLOGICAL DATA (WS FORM: F-6)

                                          STATION:   JOHNSTOWN
                                          MONTH:     JULY
                                          YEAR:      2016
                                          LATITUDE:   40 18 N
                                          LONGITUDE:  78 50 W

  TEMPERATURE IN F:       :PCPN:    SNOW:  WIND      :SUNSHINE: SKY     :PK WND
================================================================================
1   2   3   4   5  6A  6B    7    8   9   10  11  12  13   14  15   16   17  18
                                     12Z  AVG MX 2MIN
DY MAX MIN AVG DEP HDD CDD  WTR  SNW DPTH SPD SPD DIR MIN PSBL S-S WX    SPD DR
================================================================================

 1  76  59  68   0   0   3 0.14    M    M  8.8 20 270   M    M   5 13     28 260
 2  67  53  60  -9   5   0 0.00    M    M  6.4 13 310   M    M   2        17 320
 3  69  51  60  -9   5   0 0.00    M    M  3.6 10 160   M    M   1        13 170
 4  70  58  64  -5   1   0 0.23    M    M  6.5 14 160   M    M   9 128    18 160
 5  78  66  72   3   0   7 0.18    M    M  7.3 16 290   M    M   7 12     20 280
 6  82  66  74   5   0   9 0.02    M    M  7.2 16 250   M    M   4 128    20 260
 7  78  66  72   3   0   7    T    M    M  8.8 14 270   M    M   6 18     18 280
 8  79  68  74   5   0   9 0.02    M    M  9.3 17 250   M    M   7 18     22 250
 9  80  62  71   2   0   6 0.02    M    M 11.9 23 270   M    M   8 18     36 220
10  77  60  69   0   0   4 0.00    M    M  9.7 17 320   M    M   5        23 330
11  81  56  69   0   0   4 0.00    M    M  3.4 10 270   M    M   0 8      16 310
12  85  64  75   6   0  10 0.00    M    M  6.9 16 160   M    M   3        21 180
13  84  69  77   8   0  12 0.00    M    M  7.3 14 250   M    M   4        18 240
14  84  68  76   6   0  11 0.64    M    M 11.0 22 270   M    M   4 138    32 260
15  81  66  74   4   0   9 0.01    M    M  9.3 20 250   M    M   5 1      28 290
16  80  64  72   2   0   7    T    M    M  6.8 14 250   M    M   2 3      18 250
17  81  61  71   1   0   6 0.00    M    M  6.9 17 270   M    M   1 1      24 280
18  82  68  75   5   0  10 0.16    M    M  9.3 20 250   M    M   4 38     26 250
19  80  63  72   2   0   7 0.00    M    M  6.2 15 300   M    M   3        20 290
20  80  57  69  -1   0   4 0.00    M    M  4.2 12 280   M    M   0        16 250
21  84  58  71   1   0   6 0.00    M    M  7.2 13 250   M    M   0        18 250
22  83  68  76   6   0  11 0.09    M    M  9.4 20 280   M    M   1 1      25 270
================================================================================
SM 1741 1371        11 142  1.51    M    167.4          M       81
================================================================================
AV 79.1 62.3                               7.6 FASTST   M    M   4    MAX(MPH)
                                 MISC ---->  # 23 270               # 36  220
================================================================================
NOTES:
# LAST OF SEVERAL OCCURRENCES

COLUMN 17 PEAK WIND IN M.P.H.

PRELIMINARY LOCAL CLIMATOLOGICAL DATA (WS FORM: F-6) , PAGE 2

                                          STATION:  JOHNSTOWN
                                          MONTH:    JULY
                                          YEAR:     2016
                                          LATITUDE:   40 18 N
                                          LONGITUDE:  78 50 W

[TEMPERATURE DATA]      [PRECIPITATION DATA]       SYMBOLS USED IN COLUMN 16

AVERAGE MONTHLY: 70.7   TOTAL FOR MONTH:   1.51    1 = FOG OR MIST
DPTR FM NORMAL:   1.4   DPTR FM NORMAL:   -1.14    2 = FOG REDUCING VISIBILITY
HIGHEST:    85 ON 12    GRTST 24HR  0.65 ON 14-15      TO 1/4 MILE OR LESS
LOWEST:     51 ON  3                               3 = THUNDER
                        SNOW, ICE PELLETS, HAIL    4 = ICE PELLETS
                        TOTAL MONTH:    M          5 = HAIL
                        GRTST 24HR    M  ON   M    6 = FREEZING RAIN OR DRIZZLE
                        GRTST DEPTH:  M  ON   M    7 = DUSTSTORM OR SANDSTORM:
                                                       VSBY 1/2 MILE OR LESS
                                                   8 = SMOKE OR HAZE
[NO. OF DAYS WITH]      [WEATHER - DAYS WITH]      9 = BLOWING SNOW
                                                   X = TORNADO
MAX 32 OR BELOW:   0    0.01 INCH OR MORE:  10
MAX 90 OR ABOVE:   0    0.10 INCH OR MORE:   5
MIN 32 OR BELOW:   0    0.50 INCH OR MORE:   1
MIN  0 OR BELOW:   0    1.00 INCH OR MORE:   0

[HDD (BASE 65) ]
TOTAL THIS MO.    11    CLEAR  (SCALE 0-3)   9
DPTR FM NORMAL     3    PTCLDY (SCALE 4-7)  12
TOTAL FM JUL 1    11    CLOUDY (SCALE 8-10)  1
DPTR FM NORMAL     3

[CDD (BASE 65) ]
TOTAL THIS MO.   142
DPTR FM NORMAL    37    [PRESSURE DATA]
TOTAL FM JAN 1   274    HIGHEST SLP M ON M
DPTR FM NORMAL    76    LOWEST  SLP 29.71 ON  7

[REMARKS]
