000
CXUS55 KCTP 241131
CF6JST
PRELIMINARY LOCAL CLIMATOLOGICAL DATA (WS FORM: F-6)

                                          STATION:   JOHNSTOWN
                                          MONTH:     SEPTEMBER
                                          YEAR:      2016
                                          LATITUDE:   40 18 N
                                          LONGITUDE:  78 50 W

  TEMPERATURE IN F:       :PCPN:    SNOW:  WIND      :SUNSHINE: SKY     :PK WND
================================================================================
1   2   3   4   5  6A  6B    7    8   9   10  11  12  13   14  15   16   17  18
                                     12Z  AVG MX 2MIN
DY MAX MIN AVG DEP HDD CDD  WTR  SNW DPTH SPD SPD DIR MIN PSBL S-S WX    SPD DR
================================================================================

 1  74  58  66   1   0   1 0.02    M    M  8.1 17 310   M    M   8 12     22 300
 2  71  52  62  -3   3   0 0.00    M    M  6.2 14  30   M    M   2        18  60
 3  73  52  63  -2   2   0 0.00    M    M  6.1 14  10   M    M   2        20  30
 4  76  54  65   1   0   0 0.00    M    M  2.6  9  30   M    M   0        13  60
 5  79  55  67   3   0   2 0.00    M    M  3.8 12 310   M    M   0        14 290
 6  82  60  71   7   0   6 0.00    M    M  8.6 18 290   M    M   2        23 290
 7  81  68  75  12   0  10 0.71    M    M  7.0 17 280   M    M   5 138    27 280
 8  82  70  76  13   0  11    T    M    M  9.6 18 230   M    M   4        24 230
 9  77  69  73  11   0   8 0.07    M    M  6.0 13 280   M    M   7 1      18 280
10  84  68  76  14   0  11 0.00    M    M  9.5 20 230   M    M   4 1      29 240
11  71  56  64   2   1   0 0.01    M    M  9.0 22 300   M    M   5 1      30 290
12  73  51  62   1   3   0 0.00    M    M  5.1 12 170   M    M   1        15 200
13  79  58  69   8   0   4 0.00    M    M  6.9 15 230   M    M   0        20 220
14  80  59  70   9   0   5    T    M    M  7.8 15 320   M    M   2        21 320
15  71  52  62   2   3   0 0.00    M    M  5.7 10  60   M    M   1 1      14  60
16  65  57  61   1   4   0 0.00    M    M  8.2 14 160   M    M   6        20 140
17  75  60  68   9   0   3 0.07    M    M  9.7 14 200   M    M   4 18     20 210
18  73  65  69  10   0   4 0.88    M    M  5.6 20 190   M    M   9 13     24 200
19  75  62  69  10   0   4 0.20  0.0    0  3.8 10 290   M    M   6 12     12 290
20  80  57  69  11   0   4 0.00    M    M  3.7  9  10   M    M   0 12     12  20
21  80  58  69  11   0   4 0.00    M    M  3.8  8  30   M    M   0        11  70
22  80  58  69  12   0   4 0.00    M    M  3.0  9 170   M    M   0        13 200
23  80  59  70  13   0   5 0.00    M    M  6.8 15 290   M    M   1        18 290
================================================================================
SM 1761 1358        16  86  1.96     0.0 146.6          M       69
================================================================================
AV 76.6 59.0                               6.4 FASTST   M    M   3    MAX(MPH)
                                 MISC ---->  # 22 300               # 30  290
================================================================================
NOTES:
# LAST OF SEVERAL OCCURRENCES

COLUMN 17 PEAK WIND IN M.P.H.

PRELIMINARY LOCAL CLIMATOLOGICAL DATA (WS FORM: F-6) , PAGE 2

                                          STATION:  JOHNSTOWN
                                          MONTH:    SEPTEMBER
                                          YEAR:     2016
                                          LATITUDE:   40 18 N
                                          LONGITUDE:  78 50 W

[TEMPERATURE DATA]      [PRECIPITATION DATA]       SYMBOLS USED IN COLUMN 16

AVERAGE MONTHLY: 67.8   TOTAL FOR MONTH:   1.96    1 = FOG OR MIST
DPTR FM NORMAL:   6.5   DPTR FM NORMAL:   -0.66    2 = FOG REDUCING VISIBILITY
HIGHEST:    84 ON 10    GRTST 24HR  1.00 ON 18-19      TO 1/4 MILE OR LESS
LOWEST:     51 ON 12                               3 = THUNDER
                        SNOW, ICE PELLETS, HAIL    4 = ICE PELLETS
                        TOTAL MONTH:   0.0 INCH    5 = HAIL
                        GRTST 24HR     0.0         6 = FREEZING RAIN OR DRIZZLE
                        GRTST DEPTH:   0           7 = DUSTSTORM OR SANDSTORM:
                                                       VSBY 1/2 MILE OR LESS
                                                   8 = SMOKE OR HAZE
[NO. OF DAYS WITH]      [WEATHER - DAYS WITH]      9 = BLOWING SNOW
                                                   X = TORNADO
MAX 32 OR BELOW:   0    0.01 INCH OR MORE:   7
MAX 90 OR ABOVE:   0    0.10 INCH OR MORE:   3
MIN 32 OR BELOW:   0    0.50 INCH OR MORE:   2
MIN  0 OR BELOW:   0    1.00 INCH OR MORE:   0

[HDD (BASE 65) ]
TOTAL THIS MO.    16    CLEAR  (SCALE 0-3)  13
DPTR FM NORMAL   -95    PTCLDY (SCALE 4-7)   9
TOTAL FM JUL 1    27    CLOUDY (SCALE 8-10)  1
DPTR FM NORMAL  -126

[CDD (BASE 65) ]
TOTAL THIS MO.    86
DPTR FM NORMAL    64    [PRESSURE DATA]
TOTAL FM JAN 1   689    HIGHEST SLP M ON M
DPTR FM NORMAL   307    LOWEST  SLP 29.78 ON  8

[REMARKS]
