000
CXUS54 KFWD 210730
CF6JWY
PRELIMINARY LOCAL CLIMATOLOGICAL DATA (WS FORM: F-6)

                                          STATION:   WAXAHACHIE
                                          MONTH:     FEBRUARY
                                          YEAR:      2018
                                          LATITUDE:   32 27 N
                                          LONGITUDE:  96 54 W

  TEMPERATURE IN F:       :PCPN:    SNOW:  WIND      :SUNSHINE: SKY     :PK WND
================================================================================
1   2   3   4   5  6A  6B    7    8   9   10  11  12  13   14  15   16   17  18
                                     12Z  AVG MX 2MIN
DY MAX MIN AVG DEP HDD CDD  WTR  SNW DPTH SPD SPD DIR MIN PSBL S-S WX    SPD DR
================================================================================

 1  63  45  54   8  11   0 0.00  0.0    0 11.5 17  20   M    M   1        28  10
 2  53  31  42  -4  23   0 0.00  0.0    0  7.0 17 360   M    M   1        22 360
 3  54  40  47   1  18   0 0.00  0.0    0  9.7 22 160   M    M   7 1      28 160
 4  65  34  50   4  15   0 0.00  0.0    0  6.5 17  20   M    M   4 1      28  20
 5  45  25  35 -11  30   0 0.00  0.0    0  3.5 10 160   M    M   5         M  M
 6  43  32  38  -8  27   0 0.23  0.0    0  9.4 15 320   M    M  10 18     21 340
 7  47  30  39  -8  26   0 0.00  0.0    0 10.9 21 350   M    M   3 1      28 350
 8  59  24  42  -5  23   0 0.00  0.0    0  1.7  8  60   M    M   0 1       M  M
 9  68  44  56   9   9   0 0.00  0.0    0  8.7 18 170   M    M   7 1      24 170
10  59  30  45  -2  20   0 0.00  0.0    0 10.2 20 330   M    M  10 1      23 330
11  40  25  33 -14  32   0 0.07    M    0 12.2 18 320   M    M   5        24 330
12  45  26  36 -11  29   0 0.00  0.0    0  5.4  9  60   M    M   5         M  M
13  42  37  40  -8  25   0    M  0.0    0  2.1  7  70   M    M  10 1       M  M
14  73  42  58  10   7   0 0.00  0.0    0  7.0 16 170   M    M   8 12     22 170
15  77  63  70  22   0   5 0.00  0.0    0 17.8 25 200   M    M   7        35 190
16  67  46  57   9   8   0    T  0.0    0 11.4 25 360   M    M   4 1      31 360
17  65  41  53   5  12   0 0.07  0.0    0  3.5 13 320   M    M   5 1      24 320
18  63  43  53   5  12   0 0.30  0.0    0  4.7 21 150   M    M   7 12     30 150
19  76  63  70  21   0   5 0.02  0.0    0 18.0 30 180   M    M   9        37 170
20  70  40  55   6  10   0 1.66  0.0    0 14.3 27 310   M    M   9        37 310
================================================================================
SM 1174  761       337  10  2.35     0.0 175.5          M      117
================================================================================
AV 58.7 38.1                               8.8 FASTST   M    M   6    MAX(MPH)
                                 MISC ---->    30   M                 37    M
================================================================================
NOTES:
# LAST OF SEVERAL OCCURRENCES

COLUMN 17 PEAK WIND IN M.P.H.

PRELIMINARY LOCAL CLIMATOLOGICAL DATA (WS FORM: F-6) , PAGE 2

                                          STATION:  WAXAHACHIE
                                          MONTH:    FEBRUARY
                                          YEAR:     2018
                                          LATITUDE:   32 27 N
                                          LONGITUDE:  96 54 W

[TEMPERATURE DATA]      [PRECIPITATION DATA]       SYMBOLS USED IN COLUMN 16

AVERAGE MONTHLY: 48.4   TOTAL FOR MONTH:   2.35    1 = FOG OR MIST
DPTR FM NORMAL:   1.2   DPTR FM NORMAL:    0.30    2 = FOG REDUCING VISIBILITY
HIGHEST:    77 ON 15    GRTST 24HR  1.66 ON 20-20      TO 1/4 MILE OR LESS
LOWEST:     24 ON  8                               3 = THUNDER
                        SNOW, ICE PELLETS, HAIL    4 = ICE PELLETS
                        TOTAL MONTH:   0.0 INCH    5 = HAIL
                        GRTST 24HR     0.0         6 = FREEZING RAIN OR DRIZZLE
                        GRTST DEPTH:   0           7 = DUSTSTORM OR SANDSTORM:
                                                       VSBY 1/2 MILE OR LESS
                                                   8 = SMOKE OR HAZE
[NO. OF DAYS WITH]      [WEATHER - DAYS WITH]      9 = BLOWING SNOW
                                                   X = TORNADO
MAX 32 OR BELOW:   0    0.01 INCH OR MORE:   6
MAX 90 OR ABOVE:   0    0.10 INCH OR MORE:   3
MIN 32 OR BELOW:   8    0.50 INCH OR MORE:   1
MIN  0 OR BELOW:   0    1.00 INCH OR MORE:   1

[HDD (BASE 65) ]
TOTAL THIS MO.   337    CLEAR  (SCALE 0-3)   4
DPTR FM NORMAL   -20    PTCLDY (SCALE 4-7)  11
TOTAL FM JUL 1  1806    CLOUDY (SCALE 8-10)  5
DPTR FM NORMAL  -174

[CDD (BASE 65) ]
TOTAL THIS MO.    10
DPTR FM NORMAL    10    [PRESSURE DATA]
TOTAL FM JAN 1    10    HIGHEST SLP M ON M
DPTR FM NORMAL     9    LOWEST  SLP M ON M

[REMARKS]
