000
CXUS53 KGID 280730
CF6JYR
PRELIMINARY LOCAL CLIMATOLOGICAL DATA (WS FORM: F-6)

                                          STATION:   YORK
                                          MONTH:     FEBRUARY
                                          YEAR:      2015
                                          LATITUDE:   40 54 N
                                          LONGITUDE:  97 37 W

  TEMPERATURE IN F:       :PCPN:    SNOW:  WIND      :SUNSHINE: SKY     :PK WND
================================================================================
1   2   3   4   5  6A  6B    7    8   9   10  11  12  13   14  15   16   17  18
                                     12Z  AVG MX 2MIN
DY MAX MIN AVG DEP HDD CDD  WTR  SNW DPTH SPD SPD DIR MIN PSBL S-S WX    SPD DR
================================================================================

 1  32   0  16   M  49   0    M    M    M 17.4 24 340   M    M   7 1      36 350
 2  19  -6   7   M  58   0 0.00    M    M 10.0 20 220   M    M   1         M  M
 3  37  10  24   M  41   0 0.00    M    M  8.3 16 160   M    M   3        20 160
 4  23  -8   8   M  57   0    M    M    M 16.3 32  10   M    M   4        39  10
 5  28  -9  10   M  55   0 0.00    M    M 11.4 20 200   M    M   0         M  M
 6  46  28  37   M  28   0 0.00    M    M  8.3 16 210   M    M   0         M  M
 7  50  30  40   M  25   0 0.00  0.0    0  8.7 13 260   M    M   0         M  M
 8  57  32  45   M  20   0 0.00    M    M  9.8 22 300   M    M   1 1       M  M
 9  37  32  35   M  30   0 0.00    M    M  6.8 17 170   M    M  10 12     21 160
10  45  32  39   M  26   0 0.00    M    M 11.3 20 200   M    M   8 12     25 160
11  39  23  31   M  34   0 0.00    M    M 11.1 30  10   M    M   6        36  10
12  23   7  15   M  50   0    T    M    M 12.3 24  10   M    M   4        35  10
13  55  18  37   M  28   0 0.00    M    M  7.8 20 320   M    M   1         M  M
14  37  16  27   M  38   0 0.00    M    M 14.8 28  40   M    M   4        36  40
15  19  12  16   M  49   0 0.00    M    M  8.4 15 120   M    M   7         M  M
16  37  16  27   M  38   0    T    M    M  6.3 15 320   M    M   9         M  M
17  30   M   M   M   M   M    M    M    M 12.4 25 320   M    M   2        32 320
18  19   M   M   M   M   M    T    T    M 10.8 22 330   M    M   1        27 330
19  23   1  12   M  53   0 0.00    M    M  9.7 17 180   M    M   6        21 180
20  43  12  28   M  37   0    T    M    M  6.0 10 180   M    M   5         M  M
21  39  18  29   M  36   0 0.00    M    M 12.9 24  10   M    M   6        32  10
22  18   1  10   M  55   0    T    T    M 14.6 23  20   M    M   4        29  20
23  28  -2  13   M  52   0 0.00    M    M  8.6 17 240   M    M   0        21 240
24  48  16  32   M  33   0 0.00    M    M 11.7 17 340   M    M   0        27 340
25  41  10  26   M  39   0 0.02    M    M 17.3 32  10   M    M   7        41  10
26  16   0   8   M  57   0 0.00    M    M 13.6 21 360   M    M   1        33 360
27  23  -4  10   M  55   0 0.00    M    M  4.3 12 180   M    M   2         M  M
================================================================================
SM  912  285      1043   0  0.02    T    290.9          M       99
================================================================================
AV 33.8 11.4                              10.8 FASTST   M    M   4    MAX(MPH)
                                 MISC ---->    32   M                 41    M
================================================================================
NOTES:
# LAST OF SEVERAL OCCURRENCES

COLUMN 17 PEAK WIND IN M.P.H.

PRELIMINARY LOCAL CLIMATOLOGICAL DATA (WS FORM: F-6) , PAGE 2

                                          STATION:  YORK
                                          MONTH:    FEBRUARY
                                          YEAR:     2015
                                          LATITUDE:   40 54 N
                                          LONGITUDE:  97 37 W

[TEMPERATURE DATA]      [PRECIPITATION DATA]       SYMBOLS USED IN COLUMN 16

AVERAGE MONTHLY: 22.6   TOTAL FOR MONTH:   0.02    1 = FOG OR MIST
DPTR FM NORMAL:     M   DPTR FM NORMAL:       M    2 = FOG REDUCING VISIBILITY
HIGHEST:    57 ON  8    GRTST 24HR  0.02 ON 25-25      TO 1/4 MILE OR LESS
LOWEST:     -9 ON  5                               3 = THUNDER
                        SNOW, ICE PELLETS, HAIL    4 = ICE PELLETS
                        TOTAL MONTH:    T          5 = HAIL
                        GRTST 24HR    T  ON 22-22  6 = FREEZING RAIN OR DRIZZLE
                        GRTST DEPTH:   0           7 = DUSTSTORM OR SANDSTORM:
                                                       VSBY 1/2 MILE OR LESS
                                                   8 = SMOKE OR HAZE
[NO. OF DAYS WITH]      [WEATHER - DAYS WITH]      9 = BLOWING SNOW
                                                   X = TORNADO
MAX 32 OR BELOW:  13    0.01 INCH OR MORE:   1
MAX 90 OR ABOVE:   0    0.10 INCH OR MORE:   0
MIN 32 OR BELOW:  25    0.50 INCH OR MORE:   0
MIN  0 OR BELOW:   7    1.00 INCH OR MORE:   0

[HDD (BASE 65) ]
TOTAL THIS MO.  1043    CLEAR  (SCALE 0-3)  12
DPTR FM NORMAL     M    PTCLDY (SCALE 4-7)  13
TOTAL FM JUL 1  4704    CLOUDY (SCALE 8-10)  2
DPTR FM NORMAL     M

[CDD (BASE 65) ]
TOTAL THIS MO.     0
DPTR FM NORMAL     M    [PRESSURE DATA]
TOTAL FM JAN 1     0    HIGHEST SLP M ON M
DPTR FM NORMAL     M    LOWEST  SLP M ON M

[REMARKS]
