000
CXUS53 KGID 300730
CF6JYR
PRELIMINARY LOCAL CLIMATOLOGICAL DATA (WS FORM: F-6)

                                          STATION:   YORK
                                          MONTH:     MARCH
                                          YEAR:      2015
                                          LATITUDE:   40 54 N
                                          LONGITUDE:  97 37 W

  TEMPERATURE IN F:       :PCPN:    SNOW:  WIND      :SUNSHINE: SKY     :PK WND
================================================================================
1   2   3   4   5  6A  6B    7    8   9   10  11  12  13   14  15   16   17  18
                                     12Z  AVG MX 2MIN
DY MAX MIN AVG DEP HDD CDD  WTR  SNW DPTH SPD SPD DIR MIN PSBL S-S WX    SPD DR
================================================================================

 1  39  10  25   M  40   0 0.00    M    M  6.4 10  10   M    M   2         M  M
 2  41  23  32   M  33   0 0.00    M    M 12.6 22 180   M    M   5        30 170
 3  36  18  27   M  38   0    M    M    M 14.7 24 320   M    M   7 1      38 350
 4  28   7  18   M  47   0    M    M    M 10.9 20 320   M    M   3        27 330
 5  37   1  19   M  46   0 0.00    M    M  7.8 15 180   M    M   0        20 210
 6  63  18  41   M  24   0 0.00    M    M 10.2 21 270   M    M   1        27 270
 7  61  30  46   M  19   0 0.00    M    M  8.7 14 320   M    M   0        17  20
 8  55  32  44   M  21   0 0.00    M    M 10.6 20  40   M    M   1        25  60
 9  61  25  43   M  22   0 0.00    M    M  6.8 10 190   M    M   0        16 180
10  72  30  51   M  14   0 0.00    M    M  6.8 14  20   M    M   1 3      18  20
11  72  28  50   M  15   0 0.00    M    M  8.1 14 140   M    M   0        18 180
12  75  39  57   M   8   0 0.00    M    M 12.9 22 210   M    M   0        30 210
13  72  32  52   M  13   0 0.00    M    M 13.2 30  10   M    M   0        38  10
14  66  32  49   M  16   0 0.00    M    M  6.3 12 200   M    M   0         M  M
15  82  37  60   M   5   0 0.00    M    M 16.0 27 220   M    M   0        33 230
16  88  39  64   M   1   0 0.00    M    M 17.9 35  20   M    M   0        45  20
17  48  30  39   M  26   0 0.00    M    M 18.1 31  20   M    M   0        40  20
18  52  28  40   M  25   0 0.00    M    M  9.8 17 150   M    M   4        22 150
19  55  36  46   M  19   0 0.00    M    M  5.5  8 310   M    M   5 1       M  M
20  75  25  50   M  15   0 0.00    M    M  9.9 22 260   M    M   0        35 270
21  68  32  50   M  15   0 0.00    M    M 11.1 16 160   M    M   0        27 140
22  75  34  55   M  10   0 0.00    M    M 10.7 22 300   M    M   0        29 300
23  52  27  40   M  25   0 0.00    M    M 10.1 14 110   M    M   4 3      16 130
24  43  36  40   M  25   0 0.29    M    M  7.6 17 100   M    M  10 123    24 110
25  45  30  38   M  27   0 0.01    M    M 11.9 22 360   M    M   4 12     31 360
26  46  23  35   M  30   0 0.01    M    M  7.9 18  50   M    M   3        24  50
27  37  23  30   M  35   0    T    M    M  7.3 14 170   M    M   3        18 170
28  57  32  45   M  20   0 0.00    M    M 12.5 21 160   M    M   3        25 160
29  63  34  49   M  16   0 0.00    M    M 13.0 31 330   M    M   1        41 330
================================================================================
SM 1664  791       650   0  0.31    M    305.3          M       57
================================================================================
AV 57.4 27.3                              10.5 FASTST   M    M   2    MAX(MPH)
                                 MISC ---->  # 35  20                 45    M
================================================================================
NOTES:
# LAST OF SEVERAL OCCURRENCES

COLUMN 17 PEAK WIND IN M.P.H.

PRELIMINARY LOCAL CLIMATOLOGICAL DATA (WS FORM: F-6) , PAGE 2

                                          STATION:  YORK
                                          MONTH:    MARCH
                                          YEAR:     2015
                                          LATITUDE:   40 54 N
                                          LONGITUDE:  97 37 W

[TEMPERATURE DATA]      [PRECIPITATION DATA]       SYMBOLS USED IN COLUMN 16

AVERAGE MONTHLY: 42.3   TOTAL FOR MONTH:   0.31    1 = FOG OR MIST
DPTR FM NORMAL:     M   DPTR FM NORMAL:       M    2 = FOG REDUCING VISIBILITY
HIGHEST:    88 ON 16    GRTST 24HR  0.29 ON 24-24      TO 1/4 MILE OR LESS
LOWEST:      1 ON  5                               3 = THUNDER
                        SNOW, ICE PELLETS, HAIL    4 = ICE PELLETS
                        TOTAL MONTH:    M          5 = HAIL
                        GRTST 24HR    M  ON   M    6 = FREEZING RAIN OR DRIZZLE
                        GRTST DEPTH:  M  ON   M    7 = DUSTSTORM OR SANDSTORM:
                                                       VSBY 1/2 MILE OR LESS
                                                   8 = SMOKE OR HAZE
[NO. OF DAYS WITH]      [WEATHER - DAYS WITH]      9 = BLOWING SNOW
                                                   X = TORNADO
MAX 32 OR BELOW:   1    0.01 INCH OR MORE:   3
MAX 90 OR ABOVE:   0    0.10 INCH OR MORE:   1
MIN 32 OR BELOW:  22    0.50 INCH OR MORE:   0
MIN  0 OR BELOW:   0    1.00 INCH OR MORE:   0

[HDD (BASE 65) ]
TOTAL THIS MO.   650    CLEAR  (SCALE 0-3)  20
DPTR FM NORMAL     M    PTCLDY (SCALE 4-7)   8
TOTAL FM JUL 1  5404    CLOUDY (SCALE 8-10)  1
DPTR FM NORMAL     M

[CDD (BASE 65) ]
TOTAL THIS MO.     0
DPTR FM NORMAL     M    [PRESSURE DATA]
TOTAL FM JAN 1     0    HIGHEST SLP M ON M
DPTR FM NORMAL     M    LOWEST  SLP M ON M

[REMARKS]
