000
CXUS53 KIND 290730
CF6LAF
PRELIMINARY LOCAL CLIMATOLOGICAL DATA (WS FORM: F-6)

                                          STATION:   LAFAYETTE IN
                                          MONTH:     NOVEMBER
                                          YEAR:      2014
                                          LATITUDE:   40 25 N
                                          LONGITUDE:  86 56 W

  TEMPERATURE IN F:       :PCPN:    SNOW:  WIND      :SUNSHINE: SKY     :PK WND
================================================================================
1   2   3   4   5  6A  6B    7    8   9   10  11  12  13   14  15   16   17  18
                                     12Z  AVG MX 2MIN
DY MAX MIN AVG DEP HDD CDD  WTR  SNW DPTH SPD SPD DIR MIN PSBL S-S WX    SPD DR
================================================================================

 1  43  26  35 -14  30   0 0.00    M    M  8.3 22  20   M    M   1        29  30
 2  50  21  36 -13  29   0 0.00    M    M  4.3 13 230   M    M   3 12     16 200
 3  64  44  54   6  11   0 0.00    M    M 10.4 22 230   M    M   4        31 230
 4  56  41  49   1  16   0 0.50    M    M  8.6 17 270   M    M   7 1      27 280
 5  60  35  48   0  17   0 0.00    M    M  4.1 13 240   M    M   0 1      16 250
 6  46  38  42  -5  23   0 0.07    M    M 12.5 26 310   M    M  10 1      36 310
 7  45  33  39  -8  26   0 0.00    M    M  6.7 14 320   M    M   6 8      18 310
 8  46  35  41  -5  24   0    T    M    M  8.5 18 320   M    M   6 1      24 320
 9  50  28  39  -7  26   0 0.00    M    M  6.1 18 230   M    M   2        25 200
10  62  43  53   8  12   0 0.00    M    M  8.6 22 190   M    M   1        33 190
11  56  33  45   0  20   0 0.04    M    M 12.8 25 280   M    M   9 18     31 290
12  33  24  29 -16  36   0    T    M    M 10.0 18 300   M    M  10        23 300
13  27  21  24 -20  41   0    T    M    M 10.1 17 310   M    M   7 1      22 280
14  27  15  21 -23  44   0 0.00    M    M  5.8 13 260   M    M   6        16 290
15  33  14  24 -19  41   0 0.00    M    M  1.7 12 190   M    M   2        16 240
16  33  27  30 -13  35   0 0.11    M    M  3.3  9 210   M    M  10 18     11 190
17  29  12  21 -21  44   0    T    M    M 15.0 26 270   M    M   7 18     37 280
18  17   7  12 -30  53   0    T    M    M 12.8 24 260   M    M   7        32 260
19  35  13  24 -17  41   0 0.00    M    M 14.1 29 280   M    M   8        40 280
20  30  18  24 -17  41   0 0.00    M    M 11.1 23 260   M    M   2        30 270
21  32   8  20 -20  45   0 0.00    M    M  5.8 13 150   M    M   1        17 150
22  55  32  44   4  21   0 0.30    M    M  7.9 16 210   M    M  10 18     25 220
23  55  47  51  12  14   0 0.97    M    M  6.8 15 160   M    M   9 1      20 170
24  55  32  44   5  21   0 0.08    M    M 16.4 32 230   M    M  10 1      47 230
25  32  25  29  -9  36   0 0.00    M    M  8.6 20 280   M    M  10        26 280
26  31  24  28 -10  37   0    T    M    M  5.9 12 130   M    M   8        14 130
27  28  19  24 -14  41   0    T    M    M  9.7 17 290   M    M   9 18     24 310
28  33  15  24 -13  41   0 0.00    M    M  6.9 18 150   M    M   3        22 160
================================================================================
SM 1163  730       866   0  2.07    M    242.8          M      168
================================================================================
AV 41.5 26.1                               8.7 FASTST   M    M   6    MAX(MPH)
                                 MISC ---->  # 32 230               # 47  230
================================================================================
NOTES:
# LAST OF SEVERAL OCCURRENCES

COLUMN 17 PEAK WIND IN M.P.H.

PRELIMINARY LOCAL CLIMATOLOGICAL DATA (WS FORM: F-6) , PAGE 2

                                          STATION:  LAFAYETTE IN
                                          MONTH:    NOVEMBER
                                          YEAR:     2014
                                          LATITUDE:   40 25 N
                                          LONGITUDE:  86 56 W

[TEMPERATURE DATA]      [PRECIPITATION DATA]       SYMBOLS USED IN COLUMN 16

AVERAGE MONTHLY: 33.8   TOTAL FOR MONTH:   2.07    1 = FOG OR MIST
DPTR FM NORMAL:  -9.5   DPTR FM NORMAL:   -0.70    2 = FOG REDUCING VISIBILITY
HIGHEST:    64 ON  3    GRTST 24HR  1.01 ON 23-24      TO 1/4 MILE OR LESS
LOWEST:      7 ON 18                               3 = THUNDER
                        SNOW, ICE PELLETS, HAIL    4 = ICE PELLETS
                        TOTAL MONTH:    M          5 = HAIL
                        GRTST 24HR    M  ON   M    6 = FREEZING RAIN OR DRIZZLE
                        GRTST DEPTH:  M  ON   M    7 = DUSTSTORM OR SANDSTORM:
                                                       VSBY 1/2 MILE OR LESS
                                                   8 = SMOKE OR HAZE
[NO. OF DAYS WITH]      [WEATHER - DAYS WITH]      9 = BLOWING SNOW
                                                   X = TORNADO
MAX 32 OR BELOW:   9    0.01 INCH OR MORE:   7
MAX 90 OR ABOVE:   0    0.10 INCH OR MORE:   4
MIN 32 OR BELOW:  19    0.50 INCH OR MORE:   2
MIN  0 OR BELOW:   0    1.00 INCH OR MORE:   0

[HDD (BASE 65) ]
TOTAL THIS MO.   866    CLEAR  (SCALE 0-3)   8
DPTR FM NORMAL   256    PTCLDY (SCALE 4-7)  11
TOTAL FM JUL 1  1413    CLOUDY (SCALE 8-10)  9
DPTR FM NORMAL   369

[CDD (BASE 65) ]
TOTAL THIS MO.     0
DPTR FM NORMAL     0    [PRESSURE DATA]
TOTAL FM JAN 1   743    HIGHEST SLP M ON M
DPTR FM NORMAL  -239    LOWEST  SLP 29.14 ON 23

[REMARKS]
