000
CXUS53 KIND 280730
CF6LAF
PRELIMINARY LOCAL CLIMATOLOGICAL DATA (WS FORM: F-6)

                                          STATION:   LAFAYETTE IN
                                          MONTH:     SEPTEMBER
                                          YEAR:      2016
                                          LATITUDE:   40 25 N
                                          LONGITUDE:  86 56 W

  TEMPERATURE IN F:       :PCPN:    SNOW:  WIND      :SUNSHINE: SKY     :PK WND
================================================================================
1   2   3   4   5  6A  6B    7    8   9   10  11  12  13   14  15   16   17  18
                                     12Z  AVG MX 2MIN
DY MAX MIN AVG DEP HDD CDD  WTR  SNW DPTH SPD SPD DIR MIN PSBL S-S WX    SPD DR
================================================================================

 1  77  59  68  -3   0   3 0.00    M    M  9.4 17  50   M    M   2        23  50
 2  77  57  67  -4   0   2 0.00    M    M 10.1 17  50   M    M   1        27  50
 3  79  56  68  -3   0   3 0.00    M    M  6.8 14 110   M    M   1        17 110
 4  81  54  68  -2   0   3 0.00    M    M  3.8 14 120   M    M   0        18 120
 5  89  61  75   5   0  10 0.00    M    M  5.8 15 200   M    M   1        25 210
 6  90  68  79   9   0  14 0.00    M    M  5.4 16 240   M    M   2        22 220
 7  91  71  81  11   0  16 0.00    M    M  6.7 17 220   M    M   1        25 210
 8  79  67  73   4   0   8 1.14    M    M  4.1 14 330   M    M   6 12     18 330
 9  78  66  72   3   0   7 0.80    M    M  4.8 21 240   M    M   9 123    29 220
10  75  56  66  -3   0   1 0.42    M    M  7.9 23 300   M    M   7 1      30 260
11  75  51  63  -5   2   0 0.00    M    M  1.6  7  90   M    M   1 12     10 120
12  78  52  65  -3   0   0 0.00    M    M  2.5 14 140   M    M   0        19 150
13  83  55  69   2   0   4    T    M    M  3.0 13 300   M    M   0 8      17 220
14  78  65  72   5   0   7    T    M    M  5.9 13  70   M    M   5 13     17  70
15  78  61  70   3   0   5 0.00    M    M  8.0 14 100   M    M   0        23 100
16  84  60  72   6   0   7 0.02    M    M  5.5 15 250   M    M   2 1      20 270
17  80  61  71   5   0   6 0.42    M    M  5.3 13 260   M    M   5 1      17 280
18  80  57  69   4   0   4 0.00    M    M  1.5  8 250   M    M   0 12     11 250
19  85  52  69   4   0   4 0.00    M    M  1.9  9 190   M    M   2 12     12 180
20  87  57  72   8   0   7 0.00    M    M  0.9  7 100   M    M   0         8  80
21  87  58  73   9   0   8 0.00    M    M  1.9  8 340   M    M   0 1      11  40
22  89  58  74  10   0   9 0.00    M    M  1.7 12 250   M    M   0 1      15 260
23  86  61  74  11   0   9 0.00    M    M  2.9 10  40   M    M   0 18     13  40
24  79  67  73  10   0   8 0.00    M    M  8.6 12  70   M    M   4 1       M  M
25  88  60  74  12   0   9 0.02    M    M  6.0 10  90   M    M   3 3      17 260
26  71  48  60  -2   5   0 0.09    M    M  9.4 22 270   M    M   3 1      29 270
27  74  45  60  -1   5   0 0.00    M    M  7.5 24 270   M    M   0        34 260
================================================================================
SM 2198 1583        12 154  2.91    M    138.9          M       55
================================================================================
AV 81.4 58.6                               5.1 FASTST   M    M   2    MAX(MPH)
                                 MISC ---->  # 24 270               # 34  260
================================================================================
NOTES:
# LAST OF SEVERAL OCCURRENCES

COLUMN 17 PEAK WIND IN M.P.H.

PRELIMINARY LOCAL CLIMATOLOGICAL DATA (WS FORM: F-6) , PAGE 2

                                          STATION:  LAFAYETTE IN
                                          MONTH:    SEPTEMBER
                                          YEAR:     2016
                                          LATITUDE:   40 25 N
                                          LONGITUDE:  86 56 W

[TEMPERATURE DATA]      [PRECIPITATION DATA]       SYMBOLS USED IN COLUMN 16

AVERAGE MONTHLY: 70.0   TOTAL FOR MONTH:   2.91    1 = FOG OR MIST
DPTR FM NORMAL:   3.3   DPTR FM NORMAL:    0.53    2 = FOG REDUCING VISIBILITY
HIGHEST:    91 ON  7    GRTST 24HR  1.22 ON  9-10      TO 1/4 MILE OR LESS
LOWEST:     45 ON 27                               3 = THUNDER
                        SNOW, ICE PELLETS, HAIL    4 = ICE PELLETS
                        TOTAL MONTH:    M          5 = HAIL
                        GRTST 24HR    M  ON   M    6 = FREEZING RAIN OR DRIZZLE
                        GRTST DEPTH:  M  ON   M    7 = DUSTSTORM OR SANDSTORM:
                                                       VSBY 1/2 MILE OR LESS
                                                   8 = SMOKE OR HAZE
[NO. OF DAYS WITH]      [WEATHER - DAYS WITH]      9 = BLOWING SNOW
                                                   X = TORNADO
MAX 32 OR BELOW:   0    0.01 INCH OR MORE:   7
MAX 90 OR ABOVE:   2    0.10 INCH OR MORE:   4
MIN 32 OR BELOW:   0    0.50 INCH OR MORE:   2
MIN  0 OR BELOW:   0    1.00 INCH OR MORE:   1

[HDD (BASE 65) ]
TOTAL THIS MO.    12    CLEAR  (SCALE 0-3)  21
DPTR FM NORMAL   -49    PTCLDY (SCALE 4-7)   5
TOTAL FM JUL 1    22    CLOUDY (SCALE 8-10)  1
DPTR FM NORMAL   -45

[CDD (BASE 65) ]
TOTAL THIS MO.   154
DPTR FM NORMAL    46    [PRESSURE DATA]
TOTAL FM JAN 1  1066    HIGHEST SLP M ON M
DPTR FM NORMAL   106    LOWEST  SLP 29.80 ON 27

[REMARKS]
