000
CXUS55 KTBW 291000
CF6LAL
PRELIMINARY LOCAL CLIMATOLOGICAL DATA (WS FORM: F-6)

                                          STATION:   Lakeland Linder
                                          MONTH:     APRIL
                                          YEAR:      2016
                                          LATITUDE:   28  0 N
                                          LONGITUDE:  82  3 W

  TEMPERATURE IN F:       :PCPN:    SNOW:  WIND      :SUNSHINE: SKY     :PK WND
================================================================================
1   2   3   4   5  6A  6B    7    8   9   10  11  12  13   14  15   16   17  18
                                     12Z  AVG MX 2MIN
DY MAX MIN AVG DEP HDD CDD  WTR  SNW DPTH SPD SPD DIR MIN PSBL S-S WX    SPD DR
================================================================================

 1  91  68  80   9   0  15 0.00  0.0    0  6.0 14 210   M    M   4 1      23 210
 2  89  70  80   9   0  15 0.75  0.0    0  7.4 16 210   M    M   7 13     29 210
 3  76  56  66  -5   0   1 0.00  0.0    0  5.6 12  40   M    M   1        17  20
 4  81  57  69  -2   0   4 0.00  0.0    0  1.6  8 300   M    M   1         M  M
 5  83  54  69  -2   0   4 0.00  0.0    0  4.0 10  20   M    M   1         M  M
 6  82  64  73   2   0   8 0.00  0.0    0  9.4 17  90   M    M   3        22  90
 7  79  59  69  -2   0   4 0.33  0.0    0  5.1 12 250   M    M   4        21 240
 8  82  57  70  -2   0   5 0.00  0.0    0  4.8 14 310   M    M   0 1      23 310
 9  79  54  67  -5   0   2 0.00  0.0    0  7.0 14  10   M    M   0         M  M
10  83  52  68  -4   0   3 0.00  0.0    0  6.9 15  80   M    M   2        18  70
11  83  57  70  -2   0   5 0.00  0.0    0  7.6 15 100   M    M   3        20 100
12  85  60  73   1   0   8 0.00  0.0    0  3.8  8 120   M    M   2         M  M
13  83  64  74   2   0   9 0.00  0.0    0  2.8  8  20   M    M   4         M  M
14  86  66  76   4   0  11    T  0.0    0  4.6  9 340   M    M   5        17 340
15  86  67  77   4   0  12 0.11  0.0    0  6.7 15  60   M    M   8        21  60
16  81  69  75   2   0  10 0.10  0.0    0 15.2 23  60   M    M   7        32  50
17  81  65  73   0   0   8 0.00  0.0    0 14.4 22  70   M    M   3        24  90
18  82  58  70  -3   0   5 0.00  0.0    0  9.3 16  70   M    M   3        22  60
19  82  59  71  -2   0   6 0.00  0.0    0  6.5 13 110   M    M   1        20 110
20  82  59  71  -3   0   6 0.00  0.0    0  6.2 15 100   M    M   2        18 100
21  87  63  75   1   0  10 0.00  0.0    0  8.5 18 120   M    M   3        27 120
22  88  65  77   3   0  12 0.00  0.0    0  5.6 15 230   M    M   6 1      30 200
23  85  67  76   2   0  11 0.75  0.0    0  8.0 15 300   M    M   5 13     21 300
24  87  63  75   1   0  10 0.00  0.0    0  3.8 13 100   M    M   5 12     20 100
25  87  69  78   4   0  13 0.00  0.0    0  6.0  9 100   M    M   5         M  M
26  87  66  77   2   0  12 0.00  0.0    0  4.1  8 130   M    M   3         M  M
27  89  68  79   4   0  14 0.00  0.0    0  5.1  9 160   M    M   4         M  M
28  91  68  80   5   0  15 0.00  0.0    0  4.3 12 330   M    M   3         M  M
================================================================================
SM 2357 1744         0 238  2.04     0.0 180.3          M       95
================================================================================
AV 84.2 62.3                               6.4 FASTST   M    M   3    MAX(MPH)
                                 MISC ---->  # 23  60                 32    M
================================================================================
NOTES:
# LAST OF SEVERAL OCCURRENCES

COLUMN 17 PEAK WIND IN M.P.H.

PRELIMINARY LOCAL CLIMATOLOGICAL DATA (WS FORM: F-6) , PAGE 2

                                          STATION:  Lakeland Linder
                                          MONTH:    APRIL
                                          YEAR:     2016
                                          LATITUDE:   28  0 N
                                          LONGITUDE:  82  3 W

[TEMPERATURE DATA]      [PRECIPITATION DATA]       SYMBOLS USED IN COLUMN 16

AVERAGE MONTHLY: 73.2   TOTAL FOR MONTH:   2.04    1 = FOG OR MIST
DPTR FM NORMAL:   0.6   DPTR FM NORMAL:   -0.37    2 = FOG REDUCING VISIBILITY
HIGHEST:    91 ON 28, 1 GRTST 24HR  0.75 ON 23-23      TO 1/4 MILE OR LESS
LOWEST:     52 ON 10                               3 = THUNDER
                        SNOW, ICE PELLETS, HAIL    4 = ICE PELLETS
                        TOTAL MONTH:   0.0 INCH    5 = HAIL
                        GRTST 24HR     0.0         6 = FREEZING RAIN OR DRIZZLE
                        GRTST DEPTH:   0           7 = DUSTSTORM OR SANDSTORM:
                                                       VSBY 1/2 MILE OR LESS
                                                   8 = SMOKE OR HAZE
[NO. OF DAYS WITH]      [WEATHER - DAYS WITH]      9 = BLOWING SNOW
                                                   X = TORNADO
MAX 32 OR BELOW:   0    0.01 INCH OR MORE:   5
MAX 90 OR ABOVE:   2    0.10 INCH OR MORE:   5
MIN 32 OR BELOW:   0    0.50 INCH OR MORE:   2
MIN  0 OR BELOW:   0    1.00 INCH OR MORE:   0

[HDD (BASE 65) ]
TOTAL THIS MO.     0    CLEAR  (SCALE 0-3)  15
DPTR FM NORMAL     0    PTCLDY (SCALE 4-7)  13
TOTAL FM JUL 1   332    CLOUDY (SCALE 8-10)  0
DPTR FM NORMAL  -108

[CDD (BASE 65) ]
TOTAL THIS MO.   238
DPTR FM NORMAL    19    [PRESSURE DATA]
TOTAL FM JAN 1   572    HIGHEST SLP M ON M
DPTR FM NORMAL    72    LOWEST  SLP M ON M

[REMARKS]
