000
CXUS55 KTBW 251000
CF6LAL
PRELIMINARY LOCAL CLIMATOLOGICAL DATA (WS FORM: F-6)

                                          STATION:   Lakeland Linder
                                          MONTH:     AUGUST
                                          YEAR:      2016
                                          LATITUDE:   28  0 N
                                          LONGITUDE:  82  3 W

  TEMPERATURE IN F:       :PCPN:    SNOW:  WIND      :SUNSHINE: SKY     :PK WND
================================================================================
1   2   3   4   5  6A  6B    7    8   9   10  11  12  13   14  15   16   17  18
                                     12Z  AVG MX 2MIN
DY MAX MIN AVG DEP HDD CDD  WTR  SNW DPTH SPD SPD DIR MIN PSBL S-S WX    SPD DR
================================================================================

 1  95  75  85   1   0  20 0.00  0.0    0  5.3  9 110   M    M   2         M  M
 2  95  76  86   2   0  21 0.00  0.0    0  3.2 17 240   M    M   3        28 240
 3  95  75  85   1   0  20 0.00  0.0    0  2.9 14  90   M    M   3        23  60
 4  92  75  84   0   0  19 1.56  0.0    0  4.8 15 250   M    M   4 3      22 240
 5  94  76  85   1   0  20 0.00  0.0    0  5.2 15 220   M    M   3        21 220
 6  89  76  83  -1   0  18 0.07  0.0    0  4.2 12 150   M    M   4 3       M  M
 7  90  73  82  -2   0  17 0.16  0.0    0  7.3 20 270   M    M   5 1      32 270
 8  82  74  78  -6   0  13 0.74  0.0    0  5.5 12 210   M    M   6 1      21 210
 9  85  75  80  -4   0  15 0.38  0.0    0  4.2  9 150   M    M   7         M  M
10  95  75  85   1   0  20 0.20  0.0    0  4.5 23 240   M    M   4 3      30 240
11  95  75  85   1   0  20 0.35  0.0    0  3.3 12 240   M    M   5 3      17 240
12  92  72  82  -2   0  17 0.90  0.0    0  3.2 16 190   M    M   4 3      24 190
13  93  73  83  -1   0  18 0.00  0.0    0  4.3 12 160   M    M   2        20 140
14  94  73  84   0   0  19 0.55  0.0    0  5.3 23  80   M    M   5 3      35  80
15  93  77  85   1   0  20 0.30  0.0    0  5.5  9  70   M    M   4 3       M  M
16  94  76  85   1   0  20 0.58  0.0    0  5.2 10  70   M    M   2 3      17  70
17  93  75  84   0   0  19 0.00  0.0    0  5.5 12  90   M    M   3 1      16 110
18  93  76  85   1   0  20 0.09  0.0    0  2.3 14 130   M    M   2         M  M
19  95  74  85   1   0  20 0.00  0.0    0  2.5  9 280   M    M   2         M  M
20  95  76  86   2   0  21 0.00  0.0    0  3.0 14 320   M    M   2        18 320
21  97  77  87   3   0  22 0.00  0.0    0  3.1 12 280   M    M   2        18 280
22  96  77  87   3   0  22 0.00  0.0    0  2.4  7 310   M    M   2         M  M
23  96  78  87   3   0  22 0.12  0.0    0  2.5  6  10   M    M   3 3       M  M
24  93  78  86   2   0  21 0.13  0.0    0  6.8 12  70   M    M   4 13     18  70
================================================================================
SM 2231 1807         0 464  6.13     0.0 102.0          M       83
================================================================================
AV 93.0 75.3                               4.2 FASTST   M    M   3    MAX(MPH)
                                 MISC ---->  # 23 240               # 35   80
================================================================================
NOTES:
# LAST OF SEVERAL OCCURRENCES

COLUMN 17 PEAK WIND IN M.P.H.

PRELIMINARY LOCAL CLIMATOLOGICAL DATA (WS FORM: F-6) , PAGE 2

                                          STATION:  Lakeland Linder
                                          MONTH:    AUGUST
                                          YEAR:     2016
                                          LATITUDE:   28  0 N
                                          LONGITUDE:  82  3 W

[TEMPERATURE DATA]      [PRECIPITATION DATA]       SYMBOLS USED IN COLUMN 16

AVERAGE MONTHLY: 84.1   TOTAL FOR MONTH:   6.13    1 = FOG OR MIST
DPTR FM NORMAL:   0.1   DPTR FM NORMAL:    0.33    2 = FOG REDUCING VISIBILITY
HIGHEST:    97 ON 21    GRTST 24HR  1.56 ON  4- 4      TO 1/4 MILE OR LESS
LOWEST:     72 ON 12                               3 = THUNDER
                        SNOW, ICE PELLETS, HAIL    4 = ICE PELLETS
                        TOTAL MONTH:   0.0 INCH    5 = HAIL
                        GRTST 24HR     0.0         6 = FREEZING RAIN OR DRIZZLE
                        GRTST DEPTH:   0           7 = DUSTSTORM OR SANDSTORM:
                                                       VSBY 1/2 MILE OR LESS
                                                   8 = SMOKE OR HAZE
[NO. OF DAYS WITH]      [WEATHER - DAYS WITH]      9 = BLOWING SNOW
                                                   X = TORNADO
MAX 32 OR BELOW:   0    0.01 INCH OR MORE:  14
MAX 90 OR ABOVE:  21    0.10 INCH OR MORE:  12
MIN 32 OR BELOW:   0    0.50 INCH OR MORE:   5
MIN  0 OR BELOW:   0    1.00 INCH OR MORE:   1

[HDD (BASE 65) ]
TOTAL THIS MO.     0    CLEAR  (SCALE 0-3)  11
DPTR FM NORMAL     0    PTCLDY (SCALE 4-7)  13
TOTAL FM JUL 1     0    CLOUDY (SCALE 8-10)  0
DPTR FM NORMAL     0

[CDD (BASE 65) ]
TOTAL THIS MO.   464
DPTR FM NORMAL     8    [PRESSURE DATA]
TOTAL FM JAN 1  2661    HIGHEST SLP M ON M
DPTR FM NORMAL   169    LOWEST  SLP M ON M

[REMARKS]
