000
CXUS55 KCYS 241000
CF6LAR
PRELIMINARY LOCAL CLIMATOLOGICAL DATA (WS FORM: F-6)

                                          STATION:   LARAMIE WYOMING AIRPORT
                                          MONTH:     SEPTEMBER
                                          YEAR:      2017
                                          LATITUDE:   41 18 N
                                          LONGITUDE: 105 40 W

  TEMPERATURE IN F:       :PCPN:    SNOW:  WIND      :SUNSHINE: SKY     :PK WND
================================================================================
1   2   3   4   5  6A  6B    7    8   9   10  11  12  13   14  15   16   17  18
                                     12Z  AVG MX 2MIN
DY MAX MIN AVG DEP HDD CDD  WTR  SNW DPTH SPD SPD DIR MIN PSBL S-S WX    SPD DR
================================================================================

 1  80  49  65   6   0   0 0.00    M    M  8.5 21 330   M    M   2        28 330
 2  83  44  64   6   1   0 0.00    M    M  6.3 13 180   M    M   0        17  80
 3  87  45  66   8   0   1 0.00    M    M  8.3 25 320   M    M   1 8      32 330
 4  79  41  60   2   5   0 0.00    M    M 10.2 22  60   M    M   3 8      26 360
 5  71  38  55  -2  10   0 0.00    M    M  6.4 16  70   M    M   0        20 350
 6  77  34  56  -1   9   0 0.00    M    M  7.2 22  40   M    M   0        27 350
 7  79  42  61   4   4   0 0.00    M    M  7.2 14 120   M    M   1        19 360
 8  79  40  60   4   5   0    T    M    M  8.5 23 180   M    M   2 38     28 190
 9  81  45  63   7   2   0 0.02    M    M  7.7 29 290   M    M   3        37 290
10  80  47  64   8   1   0 0.01    M    M  6.2 32 200   M    M   4        38 200
11  79  50  65  10   0   0    T    M    M  5.8 17 120   M    M   5 3      21 120
12  83  43  63   8   2   0 0.04    M    M  8.9 23 220   M    M   2 38     28 220
13  78  45  62   8   3   0    T    M    M 10.8 33 230   M    M   2 3      39 250
14  77  47  62   8   3   0    T    M    M 10.6 33 230   M    M   5        38 230
15  66  42  54   0  11   0 0.03    M    M 13.6 29 290   M    M   7 3      35 230
16  61  33  47  -6  18   0    T    M    M 11.6 30 250   M    M   4        38 250
17  68  27  48  -5  17   0 0.01    M    M  9.1 40 260   M    M   4 8      53 260
18  73  37  55   3  10   0 0.00    M    M 12.4 23 220   M    M   1        30 240
19  72  36  54   2  11   0    T    M    M 17.3 40 250   M    M   4        49 230
20  70  35  53   1  12   0 0.00    M    M 15.7 33 240   M    M   4        46 230
21  78  43  61  10   4   0    T    M    M 15.6 36 220   M    M   0        47 230
22  67  35  51   0  14   0 0.13    M    M 11.3 32 230   M    M   6 3      38 210
23  46  36  41  -9  24   0 0.29    M    M  7.9 21 150   M    M   8 1      25 150
================================================================================
SM 1714  934       166   1  0.53    M    227.1          M       68
================================================================================
AV 74.5 40.6                               9.9 FASTST   M    M   3    MAX(MPH)
                                 MISC ---->  # 40 260               # 53  260
================================================================================
NOTES:
# LAST OF SEVERAL OCCURRENCES

COLUMN 17 PEAK WIND IN M.P.H.

PRELIMINARY LOCAL CLIMATOLOGICAL DATA (WS FORM: F-6) , PAGE 2

                                          STATION:  LARAMIE WYOMING AIRPORT
                                          MONTH:    SEPTEMBER
                                          YEAR:     2017
                                          LATITUDE:   41 18 N
                                          LONGITUDE: 105 40 W

[TEMPERATURE DATA]      [PRECIPITATION DATA]       SYMBOLS USED IN COLUMN 16

AVERAGE MONTHLY: 57.6   TOTAL FOR MONTH:   0.53    1 = FOG OR MIST
DPTR FM NORMAL:   2.9   DPTR FM NORMAL:   -0.34    2 = FOG REDUCING VISIBILITY
HIGHEST:    87 ON  3    GRTST 24HR  0.29 ON 23-23      TO 1/4 MILE OR LESS
LOWEST:     27 ON 17                               3 = THUNDER
                        SNOW, ICE PELLETS, HAIL    4 = ICE PELLETS
                        TOTAL MONTH:    M          5 = HAIL
                        GRTST 24HR    M  ON   M    6 = FREEZING RAIN OR DRIZZLE
                        GRTST DEPTH:  M  ON   M    7 = DUSTSTORM OR SANDSTORM:
                                                       VSBY 1/2 MILE OR LESS
                                                   8 = SMOKE OR HAZE
[NO. OF DAYS WITH]      [WEATHER - DAYS WITH]      9 = BLOWING SNOW
                                                   X = TORNADO
MAX 32 OR BELOW:   0    0.01 INCH OR MORE:   7
MAX 90 OR ABOVE:   0    0.10 INCH OR MORE:   2
MIN 32 OR BELOW:   1    0.50 INCH OR MORE:   0
MIN  0 OR BELOW:   0    1.00 INCH OR MORE:   0

[HDD (BASE 65) ]
TOTAL THIS MO.   166    CLEAR  (SCALE 0-3)  13
DPTR FM NORMAL   -72    PTCLDY (SCALE 4-7)   9
TOTAL FM JUL 1   278    CLOUDY (SCALE 8-10)  1
DPTR FM NORMAL  -132

[CDD (BASE 65) ]
TOTAL THIS MO.     1
DPTR FM NORMAL     1    [PRESSURE DATA]
TOTAL FM JAN 1   101    HIGHEST SLP M ON M
DPTR FM NORMAL    35    LOWEST  SLP 29.41 ON 19

[REMARKS]
