000
CXUS55 KCYS 011539
CF6LAR
PRELIMINARY LOCAL CLIMATOLOGICAL DATA (WS FORM: F-6)

                                          STATION:   LARAMIE WYOMING AIRPORT
                                          MONTH:     SEPTEMBER
                                          YEAR:      2014
                                          LATITUDE:   41 18 N
                                          LONGITUDE: 105 40 W

  TEMPERATURE IN F:       :PCPN:    SNOW:  WIND      :SUNSHINE: SKY     :PK WND
================================================================================
1   2   3   4   5  6A  6B    7    8   9   10  11  12  13   14  15   16   17  18
                                     12Z  AVG MX 2MIN
DY MAX MIN AVG DEP HDD CDD  WTR  SNW DPTH SPD SPD DIR MIN PSBL S-S WX    SPD DR
================================================================================

 1  69  39  54  -5  11   0 0.00    M    M 13.0 32 260   M    M   3        41 260
 2  78  37  58   0   7   0 0.00    M    M 11.6 29 270   M    M   0        41 290
 3  83  45  64   6   1   0 0.00    M    M 12.2 25 240   M    M   0        32 270
 4  70  41  56  -2   9   0    T    M    M 12.1 30 150   M    M   1        35 140
 5  63  44  54  -3  11   0 0.33    M    M 15.5 29 180   M    M   7 13     36 190
 6  71  39  55  -2  10   0 0.00    M    M  4.4 21 160   M    M   1        24 150
 7  73  42  58   1   7   0    T    M    M 10.0 26 270   M    M   1 3      33 270
 8  73  45  59   3   6   0    T    M    M 12.8 29 230   M    M   2 3      37 240
 9  61  47  54  -2  11   0 0.24    M    M  7.9 22 320   M    M   8 1      26 320
10  66  42  54  -2  11   0 0.03    M    M 11.2 28 270   M    M   3 1      33 250
11  56  27  42 -13  23   0 0.01    M    M 11.7 25 160   M    M   6 12     29 160
12  54  27  41 -14  24   0 0.00    M    M  7.6 16 160   M    M   4        19 150
13  70  29  50  -4  15   0 0.00    M    M 12.2 26 150   M    M   1        31 150
14  76  40  58   4   7   0    T    M    M 13.4 39 300   M    M   1 3      54 310
15  75  34  55   1  10   0 0.00    M    M  7.3 17 160   M    M   2 12     22 160
16  78  42  60   7   5   0 0.00    M    M 11.3 23 310   M    M   3        31 320
17  79  43  61   8   4   0 0.03    M    M  7.3 33 290   M    M   1 3      40 280
18  82  40  61   9   4   0 0.00    M    M  9.0 17 160   M    M   0        21 150
19  79  47  63  11   2   0 0.00    M    M  9.8 23 290   M    M   2        29 320
20  75  38  57   5   8   0 0.00    M    M  7.1 20 100   M    M   0        25  90
21  72  43  58   7   7   0    T    M    M 13.7 28 160   M    M   1 3      33 160
22  68  47  58   7   7   0 0.07    M    M 13.3 43 240   M    M   5 13     50 240
23  70  43  57   7   8   0 0.00    M    M 12.0 29 280   M    M   2        35 280
24  77  39  58   8   7   0 0.00    M    M  7.2 14 170   M    M   0        18 180
25  83  40  62  13   3   0 0.00    M    M 10.0 21 160   M    M   0        26 160
26  83  44  64  15   1   0 0.00    M    M  6.6 18  80   M    M   1        24 110
27  80  42  61  12   4   0 0.00    M    M 11.2 26 120   M    M   0        33 120
28  61  40  51   3  14   0 0.53    M    M  9.0 25  90   M    M   7 13     30  90
29  60  40  50   2  15   0 0.83    M    M  8.7 24 160   M    M   7 13     29 160
30  51  39  45  -3  20   0    T    M    M 17.0 33 280   M    M   6        41 280
================================================================================
SM 2136 1205       272   0  2.07    M    316.1          M       75
================================================================================
AV 71.2 40.2                              10.5 FASTST   M    M   3    MAX(MPH)
                                 MISC ---->  # 43 240               # 54  310
================================================================================
NOTES:
# LAST OF SEVERAL OCCURRENCES

COLUMN 17 PEAK WIND IN M.P.H.

PRELIMINARY LOCAL CLIMATOLOGICAL DATA (WS FORM: F-6) , PAGE 2

                                          STATION:  LARAMIE WYOMING AIRPORT
                                          MONTH:    SEPTEMBER
                                          YEAR:     2014
                                          LATITUDE:   41 18 N
                                          LONGITUDE: 105 40 W

[TEMPERATURE DATA]      [PRECIPITATION DATA]       SYMBOLS USED IN COLUMN 16

AVERAGE MONTHLY: 55.7   TOTAL FOR MONTH:   2.07    1 = FOG OR MIST
DPTR FM NORMAL:   2.4   DPTR FM NORMAL:    0.96    2 = FOG REDUCING VISIBILITY
HIGHEST:    83 ON 26,25 GRTST 24HR  0.83 ON 29-29      TO 1/4 MILE OR LESS
LOWEST:     27 ON 12,11                            3 = THUNDER
                        SNOW, ICE PELLETS, HAIL    4 = ICE PELLETS
                        TOTAL MONTH:    M          5 = HAIL
                        GRTST 24HR    M  ON   M    6 = FREEZING RAIN OR DRIZZLE
                        GRTST DEPTH:  M  ON   M    7 = DUSTSTORM OR SANDSTORM:
                                                       VSBY 1/2 MILE OR LESS
                                                   8 = SMOKE OR HAZE
[NO. OF DAYS WITH]      [WEATHER - DAYS WITH]      9 = BLOWING SNOW
                                                   X = TORNADO
MAX 32 OR BELOW:   0    0.01 INCH OR MORE:   8
MAX 90 OR ABOVE:   0    0.10 INCH OR MORE:   4
MIN 32 OR BELOW:   3    0.50 INCH OR MORE:   2
MIN  0 OR BELOW:   0    1.00 INCH OR MORE:   0

[HDD (BASE 65) ]
TOTAL THIS MO.   272    CLEAR  (SCALE 0-3)  22
DPTR FM NORMAL   -81    PTCLDY (SCALE 4-7)   8
TOTAL FM JUL 1   451    CLOUDY (SCALE 8-10)  0
DPTR FM NORMAL   -74

[CDD (BASE 65) ]
TOTAL THIS MO.     0
DPTR FM NORMAL    -1    [PRESSURE DATA]
TOTAL FM JAN 1    67    HIGHEST SLP 30.44 ON 12
DPTR FM NORMAL     0    LOWEST  SLP 29.61 ON  3

[REMARKS]
#FINAL-09-14#
