000
CXUS55 KLOX 221655
CF6LAX
PRELIMINARY LOCAL CLIMATOLOGICAL DATA (WS FORM: F-6)

                                          STATION:   LOS ANGELES INTL AIRPORT CA
                                          MONTH:     DECEMBER
                                          YEAR:      2014
                                          LATITUDE:   33 55 N
                                          LONGITUDE: 118 24 W

  TEMPERATURE IN F:       :PCPN:    SNOW:  WIND      :SUNSHINE: SKY     :PK WND
================================================================================
1   2   3   4   5  6A  6B    7    8   9   10  11  12  13   14  15   16   17  18
                                     12Z  AVG MX 2MIN
DY MAX MIN AVG DEP HDD CDD  WTR  SNW DPTH SPD SPD DIR MIN PSBL S-S WX    SPD DR
================================================================================

 1  68  58  63   5   2   0 0.00  0.0    0  3.6  9  40   M    M   8         M  M
 2  65  57  61   3   4   0 1.12  0.0    0  8.7 21  90   M    M   9 1      25 100
 3  64  58  61   3   4   0 0.21  0.0    0  5.8 13  60   M    M  10 1      22 320
 4  67  57  62   4   3   0 0.00  0.0    0  6.4 14 260   M    M   5        20 290
 5  67  58  63   6   2   0 0.00  0.0    0  5.2 14 270   M    M   8        17 290
 6  66  56  61   4   4   0 0.00  0.0    0  4.5 12 240   M    M   3        16 230
 7  72  54  63   6   2   0 0.00  0.0    0  4.4 16 270   M    M   5        17 280
 8  75  56  66   9   0   1 0.00  0.0    0  4.3 17 260   M    M   4 1      18 270
 9  72  55  64   7   1   0 0.00  0.0    0  3.4 12 250   M    M   3        17 230
10  69  53  61   4   4   0 0.00  0.0    0  4.5 13 270   M    M   7 128    14 320
11  65  60  63   6   2   0    T  0.0    0  9.3 21 130   M    M  10 18     26 130
12  62  54  58   1   7   0 1.49  0.0    0 11.7 30 270   M    M   7 18     40 220
13  62  50  56   0   9   0 0.00  0.0    0  5.3 14 260   M    M   3        18 310
14  63  48  56   0   9   0 0.00  0.0    0  4.6 10 250   M    M   4        14 270
15  64  49  57   1   8   0    T    M    0  3.6 13 130   M    M   7        17 180
16  60  53  57   1   8   0 0.73  0.0    0  7.4 14  50   M    M   8 18     29  20
17  61  52  57   1   8   0 0.18  0.0    0  5.1 18 270   M    M   7 13     21 270
18  61  49  55  -1  10   0    T    M    0  3.1  9  70   M    M   5        12 210
19  63  50  57   1   8   0 0.00  0.0    0  4.7 15 270   M    M   6        17 290
20  62  50  56   0   9   0 0.00  0.0    0  3.7 10 270   M    M   6        14 230
21  65  51  58   2   7   0 0.00  0.0    0  4.3 13 270   M    M   7 18     15 270
================================================================================
SM 1373 1128       111   1  3.73     0.0 113.6          M      132
================================================================================
AV 65.4 53.7                               5.4 FASTST   M    M   6    MAX(MPH)
                                 MISC ---->  # 30 270               # 40  220
================================================================================
NOTES:
# LAST OF SEVERAL OCCURRENCES

COLUMN 17 PEAK WIND IN M.P.H.

PRELIMINARY LOCAL CLIMATOLOGICAL DATA (WS FORM: F-6) , PAGE 2

                                          STATION:  LOS ANGELES INTL AIRPORT CA
                                          MONTH:    DECEMBER
                                          YEAR:     2014
                                          LATITUDE:   33 55 N
                                          LONGITUDE: 118 24 W

[TEMPERATURE DATA]      [PRECIPITATION DATA]       SYMBOLS USED IN COLUMN 16

AVERAGE MONTHLY: 59.5   TOTAL FOR MONTH:   3.73    1 = FOG OR MIST
DPTR FM NORMAL:   2.8   DPTR FM NORMAL:    2.49    2 = FOG REDUCING VISIBILITY
HIGHEST:    75 ON  8    GRTST 24HR  1.49 ON 11-12      TO 1/4 MILE OR LESS
LOWEST:     48 ON 14                               3 = THUNDER
                        SNOW, ICE PELLETS, HAIL    4 = ICE PELLETS
                        TOTAL MONTH:   0.0 INCH    5 = HAIL
                        GRTST 24HR     0.0         6 = FREEZING RAIN OR DRIZZLE
                        GRTST DEPTH:   0           7 = DUSTSTORM OR SANDSTORM:
                                                       VSBY 1/2 MILE OR LESS
                                                   8 = SMOKE OR HAZE
[NO. OF DAYS WITH]      [WEATHER - DAYS WITH]      9 = BLOWING SNOW
                                                   X = TORNADO
MAX 32 OR BELOW:   0    0.01 INCH OR MORE:   5
MAX 90 OR ABOVE:   0    0.10 INCH OR MORE:   5
MIN 32 OR BELOW:   0    0.50 INCH OR MORE:   3
MIN  0 OR BELOW:   0    1.00 INCH OR MORE:   2

[HDD (BASE 65) ]
TOTAL THIS MO.   111    CLEAR  (SCALE 0-3)   3
DPTR FM NORMAL   -63    PTCLDY (SCALE 4-7)  12
TOTAL FM JUL 1   153    CLOUDY (SCALE 8-10)  6
DPTR FM NORMAL  -203

[CDD (BASE 65) ]
TOTAL THIS MO.     1
DPTR FM NORMAL     1    [PRESSURE DATA]
TOTAL FM JAN 1  1175    HIGHEST SLP M ON M
DPTR FM NORMAL   625    LOWEST  SLP 29.73 ON 12

[REMARKS]
