000
CXUS55 KLOX 011155
CF6LAX
PRELIMINARY LOCAL CLIMATOLOGICAL DATA (WS FORM: F-6)

                                          STATION:   LOS ANGELES INTL AIRPORT CA
                                          MONTH:     AUGUST
                                          YEAR:      2015
                                          LATITUDE:   33 55 N
                                          LONGITUDE: 118 24 W

  TEMPERATURE IN F:       :PCPN:    SNOW:  WIND      :SUNSHINE: SKY     :PK WND
================================================================================
1   2   3   4   5  6A  6B    7    8   9   10  11  12  13   14  15   16   17  18
                                     12Z  AVG MX 2MIN
DY MAX MIN AVG DEP HDD CDD  WTR  SNW DPTH SPD SPD DIR MIN PSBL S-S WX    SPD DR
================================================================================

 1  75  67  71   2   0   6 0.00  0.0    0  7.6 15 260   M    M   6 1      22 260
 2  77  68  73   4   0   8 0.00  0.0    0  6.5 17 270   M    M   4 8      23 260
 3  77  67  72   3   0   7 0.00  0.0    0  7.4 20 260   M    M   3        23 270
 4  80  66  73   4   0   8 0.00  0.0    0  8.5 25 270   M    M   3        29 260
 5  80  66  73   4   0   8 0.00  0.0    0  7.1 22 280   M    M   5        26 280
 6  76  67  72   3   0   7 0.00  0.0    0  6.9 17 260   M    M   6        20 260
 7  77  66  72   3   0   7 0.00  0.0    0  8.9 18 260   M    M   6        22 280
 8  74  65  70   1   0   5 0.00  0.0    0  8.4 18 270   M    M   4        28 260
 9  73  64  69  -1   0   4 0.00  0.0    0  8.1 17 240   M    M   3        22 260
10  74  65  70   0   0   5 0.00  0.0    0  9.4 20 270   M    M   5        25 270
11  75  64  70   0   0   5 0.00  0.0    0  7.9 18 260   M    M   5        22 260
12  77  64  71   1   0   6 0.00  0.0    0  6.9 20 280   M    M   2        24 270
13  81  68  75   5   0  10 0.00  0.0    0  7.0 21 240   M    M   4        25 230
14  81  69  75   5   0  10 0.00  0.0    0  7.2 20 270   M    M   3        22 250
15  81  69  75   5   0  10 0.00  0.0    0  7.0 18 260   M    M   1        22 250
16  82  68  75   5   0  10 0.00  0.0    0  6.8 16 270   M    M   1        20 270
17  82  68  75   5   0  10 0.00  0.0    0  6.3 17 280   M    M   4 1      28 290
18  77  67  72   2   0   7 0.00  0.0    0  8.3 16 260   M    M   6        21 260
19  75  66  71   1   0   6 0.00  0.0    0  7.7 17 270   M    M   6        23 270
20  77  67  72   2   0   7 0.00  0.0    0  8.3 17 270   M    M   5        22 260
21  75  67  71   1   0   6 0.00  0.0    0  7.6 15 270   M    M   6 8      20 250
22  75  67  71   1   0   6 0.00  0.0    0  8.0 18 270   M    M   6        23 260
23  74  66  70   0   0   5 0.00  0.0    0  7.0 16 260   M    M   4        22 270
24  74  64  69  -1   0   4 0.00  0.0    0  6.1 15 260   M    M   4 18     31 340
25  83  68  76   6   0  11 0.00  0.0    0  5.6 20 270   M    M   6 18     23 150
26  81  69  75   5   0  10 0.00  0.0    0  5.6 15 270   M    M   5 18     18 270
27  83  71  77   7   0  12 0.00  0.0    0  6.0 15 280   M    M   3 8      18 220
28  86  72  79   9   0  14 0.00  0.0    0  6.6 18 270   M    M   2 8      22 270
29  84  70  77   7   0  12 0.00  0.0    0  8.7 23 260   M    M   1        25 260
30  82  70  76   6   0  11 0.00  0.0    0  7.1 14 240   M    M   3         M  M
31  81  68  75   5   0  10 0.00  0.0    0  6.6 17 260   M    M   5        22 260
================================================================================
SM 2429 2083         0 247  0.00     0.0 227.1          M      127
================================================================================
AV 78.4 67.2                               7.3 FASTST   M    M   4    MAX(MPH)
                                 MISC ---->  # 25 270               # 31  340
================================================================================
NOTES:
# LAST OF SEVERAL OCCURRENCES

COLUMN 17 PEAK WIND IN M.P.H.

PRELIMINARY LOCAL CLIMATOLOGICAL DATA (WS FORM: F-6) , PAGE 2

                                          STATION:  LOS ANGELES INTL AIRPORT CA
                                          MONTH:    AUGUST
                                          YEAR:     2015
                                          LATITUDE:   33 55 N
                                          LONGITUDE: 118 24 W

[TEMPERATURE DATA]      [PRECIPITATION DATA]       SYMBOLS USED IN COLUMN 16

AVERAGE MONTHLY: 72.8   TOTAL FOR MONTH:   0.00    1 = FOG OR MIST
DPTR FM NORMAL:   3.2   DPTR FM NORMAL:   -0.05    2 = FOG REDUCING VISIBILITY
HIGHEST:    86 ON 28    GRTST 24HR  0.00 ON 31-31      TO 1/4 MILE OR LESS
LOWEST:     64 ON 24,12                            3 = THUNDER
                        SNOW, ICE PELLETS, HAIL    4 = ICE PELLETS
                        TOTAL MONTH:   0.0 INCH    5 = HAIL
                        GRTST 24HR     0.0         6 = FREEZING RAIN OR DRIZZLE
                        GRTST DEPTH:   0           7 = DUSTSTORM OR SANDSTORM:
                                                       VSBY 1/2 MILE OR LESS
                                                   8 = SMOKE OR HAZE
[NO. OF DAYS WITH]      [WEATHER - DAYS WITH]      9 = BLOWING SNOW
                                                   X = TORNADO
MAX 32 OR BELOW:   0    0.01 INCH OR MORE:   0
MAX 90 OR ABOVE:   0    0.10 INCH OR MORE:   0
MIN 32 OR BELOW:   0    0.50 INCH OR MORE:   0
MIN  0 OR BELOW:   0    1.00 INCH OR MORE:   0

[HDD (BASE 65) ]
TOTAL THIS MO.     0    CLEAR  (SCALE 0-3)   9
DPTR FM NORMAL    -2    PTCLDY (SCALE 4-7)  22
TOTAL FM JUL 1     0    CLOUDY (SCALE 8-10)  0
DPTR FM NORMAL    -4

[CDD (BASE 65) ]
TOTAL THIS MO.   247
DPTR FM NORMAL   102    [PRESSURE DATA]
TOTAL FM JAN 1   587    HIGHEST SLP M ON M
DPTR FM NORMAL   241    LOWEST  SLP 29.75 ON 16

[REMARKS]
#FINAL-08-15#
