000
CXUS52 KILM 291000
CF6LBT
PRELIMINARY LOCAL CLIMATOLOGICAL DATA (WS FORM: F-6)

                                          STATION:   LUMBERTON NC
                                          MONTH:     JULY
                                          YEAR:      2015
                                          LATITUDE:   34 35 N
                                          LONGITUDE:  79  4 W

  TEMPERATURE IN F:       :PCPN:    SNOW:  WIND      :SUNSHINE: SKY     :PK WND
================================================================================
1   2   3   4   5  6A  6B    7    8   9   10  11  12  13   14  15   16   17  18
                                     12Z  AVG MX 2MIN
DY MAX MIN AVG DEP HDD CDD  WTR  SNW DPTH SPD SPD DIR MIN PSBL S-S WX    SPD DR
================================================================================

 1  85  70  78  -3   0  13 0.00    M    M  6.4 12 230   M    M   5 1      14 240
 2  91  72  82   1   0  17 0.15    M    M  9.8 18 240   M    M   2 38     23 230
 3  87  70  79  -2   0  14 0.20    M    M  7.9 16 230   M    M   5 13     22 240
 4  89  74  82   1   0  17 0.00    M    M 10.6 22 250   M    M   0        27 250
 5  92  72  82   1   0  17 0.00    M    M  6.4 20 210   M    M   1        26 220
 6  92  73  83   2   0  18 0.00    M    M  5.4 15 160   M    M   1        18 160
 7  93  73  83   2   0  18 0.00    M    M  6.0 16 140   M    M   1 1      21 160
 8  95  75  85   4   0  20 0.49    M    M  6.0 23 310   M    M   0 13     28 300
 9  96  75  86   5   0  21 0.00    M    M  8.0 14 210   M    M   0        23 230
10  98  77  88   7   0  23 0.00    M    M  5.1 12 290   M    M   0 1      15 310
11  98  74  86   5   0  21 0.00    M    M  7.4 17 290   M    M   1        21  40
12  93  72  83   2   0  18 0.00    M    M  5.0 13  30   M    M   1        17  30
13  91  74  83   2   0  18 0.14    M    M  6.6 17 160   M    M   3 138    28 170
14  92  73  83   2   0  18 0.00    M    M  7.1 18 240   M    M   2 128    25 240
15  93  74  84   3   0  19    T    M    M  6.0 18 240   M    M   2        22 240
16  93  70  82   1   0  17 0.00    M    M  6.6 15  40   M    M   2        20  30
17  93  74  84   3   0  19 0.00    M    M  5.2 10 110   M    M   3 1      13  60
18  95  70  83   2   0  18 0.13    M    M  2.3 12 170   M    M   2 13     16 160
19  96  72  84   3   0  19 0.11    M    M  3.4 20 320   M    M   0 13     26 300
20  96  75  86   5   0  21 0.00    M    M  4.2 16 260   M    M   0 18     19 260
21  99  78  89   8   0  24 0.00    M    M  7.2 26 310   M    M   1 1      33 300
22  96  74  85   4   0  20 0.00    M    M  5.5 13  30   M    M   1        17 360
23  95  76  86   5   0  21 0.05    M    M  6.0 26  30   M    M   3 138    33  30
24  90  70  80  -1   0  15 0.00    M    M  7.6 17  60   M    M   5        25  60
25  91  65  78  -3   0  13 0.00    M    M  4.1 16  50   M    M   0 18     20  60
26  94  64  79  -2   0  14 0.00    M    M  5.2 14 120   M    M   0 1      17 120
27  96  71  84   3   0  19 0.00    M    M  4.4 17 140   M    M   2        23 130
28  95  71  83   2   0  18 0.00    M    M  5.3 14 100   M    M   0 1      20 100
================================================================================
SM 2614 2028         0 510  1.27    M    170.7          M       43
================================================================================
AV 93.4 72.4                               6.1 FASTST   M    M   2    MAX(MPH)
                                 MISC ---->  # 26 310               # 33  300
================================================================================
NOTES:
# LAST OF SEVERAL OCCURRENCES

COLUMN 17 PEAK WIND IN M.P.H.

PRELIMINARY LOCAL CLIMATOLOGICAL DATA (WS FORM: F-6) , PAGE 2

                                          STATION:  LUMBERTON NC
                                          MONTH:    JULY
                                          YEAR:     2015
                                          LATITUDE:   34 35 N
                                          LONGITUDE:  79  4 W

[TEMPERATURE DATA]      [PRECIPITATION DATA]       SYMBOLS USED IN COLUMN 16

AVERAGE MONTHLY: 82.9   TOTAL FOR MONTH:   1.27    1 = FOG OR MIST
DPTR FM NORMAL:   1.9   DPTR FM NORMAL:   -3.62    2 = FOG REDUCING VISIBILITY
HIGHEST:    99 ON 21    GRTST 24HR  0.49 ON  8- 8      TO 1/4 MILE OR LESS
LOWEST:     64 ON 26                               3 = THUNDER
                        SNOW, ICE PELLETS, HAIL    4 = ICE PELLETS
                        TOTAL MONTH:    M          5 = HAIL
                        GRTST 24HR    M  ON   M    6 = FREEZING RAIN OR DRIZZLE
                        GRTST DEPTH:  M  ON   M    7 = DUSTSTORM OR SANDSTORM:
                                                       VSBY 1/2 MILE OR LESS
                                                   8 = SMOKE OR HAZE
[NO. OF DAYS WITH]      [WEATHER - DAYS WITH]      9 = BLOWING SNOW
                                                   X = TORNADO
MAX 32 OR BELOW:   0    0.01 INCH OR MORE:   7
MAX 90 OR ABOVE:  25    0.10 INCH OR MORE:   6
MIN 32 OR BELOW:   0    0.50 INCH OR MORE:   0
MIN  0 OR BELOW:   0    1.00 INCH OR MORE:   0

[HDD (BASE 65) ]
TOTAL THIS MO.     0    CLEAR  (SCALE 0-3)  24
DPTR FM NORMAL     0    PTCLDY (SCALE 4-7)   4
TOTAL FM JUL 1     0    CLOUDY (SCALE 8-10)  0
DPTR FM NORMAL     0

[CDD (BASE 65) ]
TOTAL THIS MO.   510
DPTR FM NORMAL    62    [PRESSURE DATA]
TOTAL FM JAN 1  1393    HIGHEST SLP M ON M
DPTR FM NORMAL   307    LOWEST  SLP 29.68 ON 14

[REMARKS]
