000
CXUS52 KILM 281000
CF6LBT
PRELIMINARY LOCAL CLIMATOLOGICAL DATA (WS FORM: F-6)

                                          STATION:   LUMBERTON NORTH CAROLINA
                                          MONTH:     JUNE
                                          YEAR:      2017
                                          LATITUDE:   34 35 N
                                          LONGITUDE:  79  4 W

  TEMPERATURE IN F:       :PCPN:    SNOW:  WIND      :SUNSHINE: SKY     :PK WND
================================================================================
1   2   3   4   5  6A  6B    7    8   9   10  11  12  13   14  15   16   17  18
                                     12Z  AVG MX 2MIN
DY MAX MIN AVG DEP HDD CDD  WTR  SNW DPTH SPD SPD DIR MIN PSBL S-S WX    SPD DR
================================================================================

 1  88  68  78   4   0  13 0.00    M    M  4.0 13 240   M    M   1 1      17 240
 2  90  69  80   5   0  15 0.00    M    M  3.3 13 350   M    M   0        17 340
 3  91  62  77   2   0  12 0.25    M    M  4.1 33  80   M    M   2 13     78  30
 4  89  66  78   3   0  13    T    M    M  5.2 16 200   M    M   1 1      24 150
 5  88  71  80   4   0  15 0.49    M    M  8.9 31 230   M    M   5 13     40 240
 6  83  72  78   2   0  13 0.22    M    M  5.0 13 250   M    M   5 1      16 240
 7  74  64  69  -7   0   4 0.00    M    M  9.6 20  40   M    M   5 18     27  30
 8  74  57  66 -10   0   1 0.01    M    M  9.3 21  30   M    M   7 1      27  40
 9  86  54  70  -7   0   5 0.00    M    M  5.8 14 280   M    M   2 1      24 230
10  90  63  77   0   0  12 0.00    M    M  5.6 14 250   M    M   1        18 260
11  90  64  77   0   0  12 0.00    M    M  3.8 13 190   M    M   1        15 190
12  91  66  79   2   0  14 0.00    M    M  3.5 12 140   M    M   0 1      15 140
13  90  65  78   0   0  13 0.00    M    M  3.6 14 190   M    M   0        18 190
14  95  66  81   3   0  16 0.25    M    M  6.9 20 240   M    M   2 13     26 260
15  92  71  82   4   0  17 0.14    M    M  4.1 16 360   M    M   2 13     20 240
16  91  70  81   3   0  16    T    M    M  4.9 17 190   M    M   3 13     24 190
17  88  72  80   2   0  15 0.27    M    M  5.1 21 220   M    M   2 13     26 240
18  92  73  83   4   0  18 0.00    M    M  7.4 12 150   M    M   3 1      21 150
19  89  75  82   3   0  17 0.05    M    M  9.4 23 150   M    M   3 13     30 140
20  79  68  74  -5   0   9 0.86    M    M  5.5 18  30   M    M   9 1      21  30
21  84  70  77  -2   0  12 0.09    M    M  5.4 12 200   M    M   6        15 220
22  84  74  79   0   0  14 0.01    M    M  3.2 16 310   M    M   5 1      20 300
23  91  76  84   4   0  19    T    M    M  9.9 18 240   M    M   5        24 250
24  91  75  83   3   0  18 0.40    M    M  8.4 22 300   M    M   4 13     29 320
25  88  75  82   2   0  17 0.00    M    M  5.2 13  10   M    M   6        16  10
26  87  66  77  -3   0  12 0.00    M    M  5.2 15  20   M    M   3        19  10
27  87  64  76  -4   0  11    T    M    M  3.2 13 350   M    M   0        15 320
================================================================================
SM 2362 1836         0 353  3.04    M    155.5          M       83
================================================================================
AV 87.5 68.0                               5.8 FASTST   M    M   3    MAX(MPH)
                                 MISC ---->  # 33  80               # 78   30
================================================================================
NOTES:
# LAST OF SEVERAL OCCURRENCES

COLUMN 17 PEAK WIND IN M.P.H.

PRELIMINARY LOCAL CLIMATOLOGICAL DATA (WS FORM: F-6) , PAGE 2

                                          STATION:  LUMBERTON NORTH CAROLINA
                                          MONTH:    JUNE
                                          YEAR:     2017
                                          LATITUDE:   34 35 N
                                          LONGITUDE:  79  4 W

[TEMPERATURE DATA]      [PRECIPITATION DATA]       SYMBOLS USED IN COLUMN 16

AVERAGE MONTHLY: 77.7   TOTAL FOR MONTH:   3.04    1 = FOG OR MIST
DPTR FM NORMAL:   0.1   DPTR FM NORMAL:   -0.90    2 = FOG REDUCING VISIBILITY
HIGHEST:    95 ON 14    GRTST 24HR  0.86 ON 20-20      TO 1/4 MILE OR LESS
LOWEST:     54 ON  9                               3 = THUNDER
                        SNOW, ICE PELLETS, HAIL    4 = ICE PELLETS
                        TOTAL MONTH:    M          5 = HAIL
                        GRTST 24HR    M  ON   M    6 = FREEZING RAIN OR DRIZZLE
                        GRTST DEPTH:  M  ON   M    7 = DUSTSTORM OR SANDSTORM:
                                                       VSBY 1/2 MILE OR LESS
                                                   8 = SMOKE OR HAZE
[NO. OF DAYS WITH]      [WEATHER - DAYS WITH]      9 = BLOWING SNOW
                                                   X = TORNADO
MAX 32 OR BELOW:   0    0.01 INCH OR MORE:  12
MAX 90 OR ABOVE:  12    0.10 INCH OR MORE:   8
MIN 32 OR BELOW:   0    0.50 INCH OR MORE:   1
MIN  0 OR BELOW:   0    1.00 INCH OR MORE:   0

[HDD (BASE 65) ]
TOTAL THIS MO.     0    CLEAR  (SCALE 0-3)  15
DPTR FM NORMAL     0    PTCLDY (SCALE 4-7)  11
TOTAL FM JUL 1  2079    CLOUDY (SCALE 8-10)  1
DPTR FM NORMAL  -682

[CDD (BASE 65) ]
TOTAL THIS MO.   353
DPTR FM NORMAL    11    [PRESSURE DATA]
TOTAL FM JAN 1   759    HIGHEST SLP M ON M
DPTR FM NORMAL   167    LOWEST  SLP 29.71 ON M

[REMARKS]
