000
CXUS54 KHGX 291415
CF6LBX
PRELIMINARY LOCAL CLIMATOLOGICAL DATA (WS FORM: F-6)

                                          STATION:   ANGLETON/LAKE_JACKS
                                          MONTH:     APRIL
                                          YEAR:      2016
                                          LATITUDE:   29  6 N
                                          LONGITUDE:  95 28 W

  TEMPERATURE IN F:       :PCPN:    SNOW:  WIND      :SUNSHINE: SKY     :PK WND
================================================================================
1   2   3   4   5  6A  6B    7    8   9   10  11  12  13   14  15   16   17  18
                                     12Z  AVG MX 2MIN
DY MAX MIN AVG DEP HDD CDD  WTR  SNW DPTH SPD SPD DIR MIN PSBL S-S WX    SPD DR
================================================================================

 1  72  55  64  -1   1   0 0.02  0.0    0 14.5 30  40   M    M   6 123    41  40
 2  75  48  62  -4   3   0 0.00  0.0    0  7.9 22 360   M    M   0        27  10
 3  77  43  60  -6   5   0 0.00  0.0    0  3.4 15 160   M    M   0        22 150
 4  81  47  64  -2   1   0 0.00  0.0    0  4.2 20 170   M    M   0        22 170
 5  81  50  66   0   0   1 0.00  0.0    0  5.0 16 160   M    M   1 12     20 160
 6  80  54  67   1   0   2 0.02  0.0    0  5.6 20 190   M    M   3        23 190
 7  84  47  66  -1   0   1 0.00  0.0    0  4.0 15 180   M    M   0        18 180
 8  80  49  65  -2   0   0 0.00  0.0    0  6.1 22  60   M    M   0 1      29  50
 9  79  53  66  -1   0   1 0.00  0.0    0  9.3 21 170   M    M   2 3      27 150
10  81  65  73   6   0   8 0.00  0.0    0 16.3 29 170   M    M   6        35 170
11  82  72  77   9   0  12 0.01  0.0    0 13.5 26 190   M    M  10        33 190
12  83  72  78  10   0  13 0.01  0.0    0  6.6 16  80   M    M  10 13     23  90
13  78  65  72   4   0   7 2.49  0.0    0  7.1 23 350   M    M   9 13     28  10
14  79  61  70   2   0   5 0.00  0.0    0  6.2 13 340   M    M   6 1      20 360
15  80  61  71   3   0   6 0.00  0.0    0  5.6 15 130   M    M   5        19 140
16  77  67  72   3   0   7 0.02  0.0    0 14.9 24 110   M    M   9 1      39 120
17  79  73  76   7   0  11 0.17  0.0    0 16.6 26 130   M    M  10 13     38 130
18  76  66  71   2   0   6 1.41  0.0    0  9.8 26 150   M    M   8 13     33 160
19  81  67  74   4   0   9 0.01  0.0    0  6.3 14 180   M    M   5        18 150
20  82  66  74   4   0   9 0.40  0.0    0  7.0 17 360   M    M   6 13     23 360
21  78  64  71   1   0   6 0.09  0.0    0  4.5 25 340   M    M   6 123    37 320
22  85  62  74   4   0   9 0.00  0.0    0  3.8 13 360   M    M   1 1      19 340
23  83  58  71   1   0   6 0.00  0.0    0  3.6 12 110   M    M   2 12     15 140
24  81  60  71   0   0   6 0.38  0.0    0  7.0 21 150   M    M   5 1      26 150
25  84  69  77   6   0  12 0.00  0.0    0 11.8 18 160   M    M   7        23 170
26  85  75  80   9   0  15 0.00  0.0    0 14.7 22 180   M    M   9        28 160
27  84  65  75   4   0  10 0.77  0.0    0  9.6 25 350   M    M   7 13     38 350
28  84  70  77   5   0  12    T  0.0    0  8.1 18 130   M    M   9 12     23 130
================================================================================
SM 2251 1704        10 174  5.80     0.0 233.0          M      142
================================================================================
AV 80.4 60.9                               8.3 FASTST   M    M   5    MAX(MPH)
                                 MISC ---->  # 30  40               # 41   40
================================================================================
NOTES:
# LAST OF SEVERAL OCCURRENCES

COLUMN 17 PEAK WIND IN M.P.H.

PRELIMINARY LOCAL CLIMATOLOGICAL DATA (WS FORM: F-6) , PAGE 2

                                          STATION:  ANGLETON/LAKE_JACKS
                                          MONTH:    APRIL
                                          YEAR:     2016
                                          LATITUDE:   29  6 N
                                          LONGITUDE:  95 28 W

[TEMPERATURE DATA]      [PRECIPITATION DATA]       SYMBOLS USED IN COLUMN 16

AVERAGE MONTHLY: 70.6   TOTAL FOR MONTH:   5.80    1 = FOG OR MIST
DPTR FM NORMAL:   2.2   DPTR FM NORMAL:    3.46    2 = FOG REDUCING VISIBILITY
HIGHEST:    85 ON 26,22 GRTST 24HR  2.49 ON 13-13      TO 1/4 MILE OR LESS
LOWEST:     43 ON  3                               3 = THUNDER
                        SNOW, ICE PELLETS, HAIL    4 = ICE PELLETS
                        TOTAL MONTH:   0.0 INCH    5 = HAIL
                        GRTST 24HR     0.0         6 = FREEZING RAIN OR DRIZZLE
                        GRTST DEPTH:   0           7 = DUSTSTORM OR SANDSTORM:
                                                       VSBY 1/2 MILE OR LESS
                                                   8 = SMOKE OR HAZE
[NO. OF DAYS WITH]      [WEATHER - DAYS WITH]      9 = BLOWING SNOW
                                                   X = TORNADO
MAX 32 OR BELOW:   0    0.01 INCH OR MORE:  13
MAX 90 OR ABOVE:   0    0.10 INCH OR MORE:   6
MIN 32 OR BELOW:   0    0.50 INCH OR MORE:   3
MIN  0 OR BELOW:   0    1.00 INCH OR MORE:   2

[HDD (BASE 65) ]
TOTAL THIS MO.    10    CLEAR  (SCALE 0-3)  10
DPTR FM NORMAL   -30    PTCLDY (SCALE 4-7)  11
TOTAL FM JUL 1   864    CLOUDY (SCALE 8-10)  7
DPTR FM NORMAL  -449

[CDD (BASE 65) ]
TOTAL THIS MO.   174
DPTR FM NORMAL    39    [PRESSURE DATA]
TOTAL FM JAN 1   337    HIGHEST SLP M ON M
DPTR FM NORMAL   110    LOWEST  SLP 29.58 ON 27

[REMARKS]
