000
CXUS54 KLCH 301211
CF6LCH
PRELIMINARY LOCAL CLIMATOLOGICAL DATA (WS FORM: F-6)

                                          STATION:   LAKE CHARLES
                                          MONTH:     SEPTEMBER
                                          YEAR:      2014
                                          LATITUDE:   30  7 N
                                          LONGITUDE:  93 13 W

  TEMPERATURE IN F:       :PCPN:    SNOW:  WIND      :SUNSHINE: SKY     :PK WND
================================================================================
1   2   3   4   5  6A  6B    7    8   9   10  11  12  13   14  15   16   17  18
                                     12Z  AVG MX 2MIN
DY MAX MIN AVG DEP HDD CDD  WTR  SNW DPTH SPD SPD DIR MIN PSBL S-S WX    SPD DR
================================================================================

 1  90  76  83   1   0  18 0.40  0.0    0  8.1 20 150   M    M   2 18     25 190
 2  90  78  84   2   0  19 0.02  0.0    0  5.8 15 160   M    M   2 13     20 180
 3  91  75  83   1   0  18 0.14  0.0    0  4.9 25 150   M    M   1 3      30 150
 4  91  74  83   2   0  18 0.00  0.0    0  4.3 13 150   M    M   2        19 190
 5  91  76  84   3   0  19 0.08  0.0    0  4.1 22 120   M    M   2 13     26 120
 6  90  74  82   1   0  17 1.54  0.0    0  2.5 17  40   M    M   3 13     23  40
 7  92  73  83   2   0  18    T  0.0    0  3.5 18  50   M    M   1 13     24  50
 8  92  74  83   2   0  18    T  0.0    0  3.5 10  20   M    M   1 18     13  20
 9  90  76  83   3   0  18    T  0.0    0  3.5 12 210   M    M   2 18     16 210
10  90  76  83   3   0  18 0.37  0.0    0  5.8 16 210   M    M   0 18     24 210
11  92  76  84   4   0  19 0.27  0.0    0  4.5 18  20   M    M   2 3      25  30
12  90  75  83   3   0  18 0.08  0.0    0  5.7 17  60   M    M   2 13     20  50
13  78  67  73  -7   0   8 0.00  0.0    0 12.2 21  40   M    M   9 1      25  40
14  81  66  74  -5   0   9 0.00  0.0    0  8.8 15  30   M    M   6 1      19  30
15  92  70  81   2   0  16    T  0.0    0  6.3 13  80   M    M   3 13     18  50
16  89  75  82   3   0  17 1.22  0.0    0  3.7 22 110   M    M   2 13     25 110
17  87  73  80   2   0  15 0.37  0.0    0  2.4 14 170   M    M   4 1238X  20 160
18  81  74  78   0   0  13 0.48  0.0    0  3.0 12 160   M    M   8 1      14 210
19  87  73  80   2   0  15 0.00  0.0    0  6.1 15 110   M    M   6 1      21  70
20  90  71  81   3   0  16 0.00  0.0    0  7.2 17  60   M    M   1        21  90
21  91  69  80   3   0  15 0.00  0.0    0  4.8 15  50   M    M   1 1      21  90
22  89  67  78   1   0  13 0.00  0.0    0  8.1 18  20   M    M   0 1      23  30
23  85  61  73  -4   0   8 0.00  0.0    0  9.6 17  60   M    M   0        23  50
24  87  62  75  -1   0  10 0.00  0.0    0  7.0 15  60   M    M   2        19  90
25  83  69  76   0   0  11 0.00  0.0    0  7.4 18  80   M    M   5 18     24  90
26  85  67  76   0   0  11 0.00  0.0    0  5.8 14  60   M    M   1        19  80
27   M   M   M   M   M   M    M    M    M   M   M   M   M    M   M         M  M
28  84  72  78   3   0  13    T  0.0    0  8.0 20  40   M    M   6        23  40
29  88  72  80   5   0  15    T  0.0    0  6.5 13  40   M    M   6 1      16  30
================================================================================
SM 2466 2011         0 423  4.97     0.0 163.1          M       80
================================================================================
AV 88.1 71.8                               5.8 FASTST   M    M   3    MAX(MPH)
                                 MISC ---->  # 25 150               # 30  150
================================================================================
NOTES:
# LAST OF SEVERAL OCCURRENCES

COLUMN 17 PEAK WIND IN M.P.H.

PRELIMINARY LOCAL CLIMATOLOGICAL DATA (WS FORM: F-6) , PAGE 2

                                          STATION:  LAKE CHARLES
                                          MONTH:    SEPTEMBER
                                          YEAR:     2014
                                          LATITUDE:   30  7 N
                                          LONGITUDE:  93 13 W

[TEMPERATURE DATA]      [PRECIPITATION DATA]       SYMBOLS USED IN COLUMN 16

AVERAGE MONTHLY: 79.9   TOTAL FOR MONTH:   4.97    1 = FOG OR MIST
DPTR FM NORMAL:   1.2   DPTR FM NORMAL:   -0.15    2 = FOG REDUCING VISIBILITY
HIGHEST:    92 ON 15,11 GRTST 24HR  1.58 ON  5- 6      TO 1/4 MILE OR LESS
LOWEST:     61 ON 23                               3 = THUNDER
                        SNOW, ICE PELLETS, HAIL    4 = ICE PELLETS
                        TOTAL MONTH:   0.0 INCH    5 = HAIL
                        GRTST 24HR     0.0         6 = FREEZING RAIN OR DRIZZLE
                        GRTST DEPTH:   0           7 = DUSTSTORM OR SANDSTORM:
                                                       VSBY 1/2 MILE OR LESS
                                                   8 = SMOKE OR HAZE
[NO. OF DAYS WITH]      [WEATHER - DAYS WITH]      9 = BLOWING SNOW
                                                   X = TORNADO
MAX 32 OR BELOW:   0    0.01 INCH OR MORE:  11
MAX 90 OR ABOVE:  15    0.10 INCH OR MORE:   8
MIN 32 OR BELOW:   0    0.50 INCH OR MORE:   2
MIN  0 OR BELOW:   0    1.00 INCH OR MORE:   2

[HDD (BASE 65) ]
TOTAL THIS MO.     0    CLEAR  (SCALE 0-3)  19
DPTR FM NORMAL     0    PTCLDY (SCALE 4-7)   8
TOTAL FM JUL 1     0    CLOUDY (SCALE 8-10)  1
DPTR FM NORMAL     0

[CDD (BASE 65) ]
TOTAL THIS MO.   423
DPTR FM NORMAL    23    [PRESSURE DATA]
TOTAL FM JAN 1  2433    HIGHEST SLP M ON M
DPTR FM NORMAL   -96    LOWEST  SLP 29.87 ON 29

[REMARKS]
