000
CXUS53 KLMK 200800
CF6LEX
PRELIMINARY LOCAL CLIMATOLOGICAL DATA (WS FORM: F-6)

                                          STATION:   LEXINGTON KY
                                          MONTH:     AUGUST
                                          YEAR:      2017
                                          LATITUDE:   38  1 N
                                          LONGITUDE:  84 36 W

  TEMPERATURE IN F:       :PCPN:    SNOW:  WIND      :SUNSHINE: SKY     :PK WND
================================================================================
1   2   3   4   5  6A  6B    7    8   9   10  11  12  13   14  15   16   17  18
                                     12Z  AVG MX 2MIN
DY MAX MIN AVG DEP HDD CDD  WTR  SNW DPTH SPD SPD DIR MIN PSBL S-S WX    SPD DR
================================================================================

 1  85  67  76   0   0  11 0.00  0.0    0  3.7 22  50   M    M   1 3      24  50
 2  86  66  76   0   0  11 0.65  0.0    0  5.0 37 260   M    M   2 3      47 270
 3  87  65  76   0   0  11 0.02  0.0    0  6.2 16 200   M    M   2 3      20 210
 4  80  59  70  -6   0   5 0.09  0.0    0 10.8 22 270   M    M   3 13     27 280
 5  79  53  66 -10   0   1 0.00  0.0    0  3.2 10  40   M    M   0        14  60
 6  74  59  67  -9   0   2 0.86  0.0    0  5.5 15 220   M    M   7 1      19 210
 7  74  64  69  -7   0   4 0.08  0.0    0  5.8 13  10   M    M   8 1      16  40
 8  82  60  71  -5   0   6 0.00  0.0    0  6.3 14  20   M    M   2 12     18 360
 9  85  57  71  -5   0   6 0.00  0.0    0  5.3 12  70   M    M   0        17  80
10  85  67  76   0   0  11 0.00  0.0    0  5.7 12 290   M    M   3        15 280
11  84  67  76   0   0  11 0.00  0.0    0  3.7  9 200   M    M   2 12     12 230
12  84  66  75  -1   0  10 0.00  0.0    0  5.4 15 340   M    M   5 18     21 330
13  84  60  72  -4   0   7 0.00  0.0    0  6.1 10 100   M    M   1        15 110
14  83  67  75  -1   0  10 0.42  0.0    0  4.6 10  40   M    M   6 1      12 190
15  87  70  79   3   0  14    T  0.0    0  2.9 10 280   M    M   4 1      14 270
16  88  68  78   2   0  13 0.46  0.0    0  4.8 23 210   M    M   2 1      28 210
17  90  73  82   6   0  17 0.51  0.0    0 10.4 23 220   M    M   2 13     29 220
18  84  69  77   1   0  12 0.04  0.0    0  8.1 18 260   M    M   6 1      23 270
19  87  65  76   1   0  11    T  0.0    0  5.7 13 230   M    M   1        17 240
================================================================================
SM 1588 1222         0 173  3.13     0.0 109.2          M       57
================================================================================
AV 83.6 64.3                               5.7 FASTST   M    M   3    MAX(MPH)
                                 MISC ---->  # 37 260               # 47  270
================================================================================
NOTES:
# LAST OF SEVERAL OCCURRENCES

COLUMN 17 PEAK WIND IN M.P.H.

PRELIMINARY LOCAL CLIMATOLOGICAL DATA (WS FORM: F-6) , PAGE 2

                                          STATION:  LEXINGTON KY
                                          MONTH:    AUGUST
                                          YEAR:     2017
                                          LATITUDE:   38  1 N
                                          LONGITUDE:  84 36 W

[TEMPERATURE DATA]      [PRECIPITATION DATA]       SYMBOLS USED IN COLUMN 16

AVERAGE MONTHLY: 74.0   TOTAL FOR MONTH:   3.13    1 = FOG OR MIST
DPTR FM NORMAL:  -2.0   DPTR FM NORMAL:    1.03    2 = FOG REDUCING VISIBILITY
HIGHEST:    90 ON 17    GRTST 24HR  0.86 ON  6- 6      TO 1/4 MILE OR LESS
LOWEST:     53 ON  5                               3 = THUNDER
                        SNOW, ICE PELLETS, HAIL    4 = ICE PELLETS
                        TOTAL MONTH:   0.0 INCH    5 = HAIL
                        GRTST 24HR     0.0         6 = FREEZING RAIN OR DRIZZLE
                        GRTST DEPTH:   0           7 = DUSTSTORM OR SANDSTORM:
                                                       VSBY 1/2 MILE OR LESS
                                                   8 = SMOKE OR HAZE
[NO. OF DAYS WITH]      [WEATHER - DAYS WITH]      9 = BLOWING SNOW
                                                   X = TORNADO
MAX 32 OR BELOW:   0    0.01 INCH OR MORE:   9
MAX 90 OR ABOVE:   1    0.10 INCH OR MORE:   5
MIN 32 OR BELOW:   0    0.50 INCH OR MORE:   3
MIN  0 OR BELOW:   0    1.00 INCH OR MORE:   0

[HDD (BASE 65) ]
TOTAL THIS MO.     0    CLEAR  (SCALE 0-3)  12
DPTR FM NORMAL     0    PTCLDY (SCALE 4-7)   7
TOTAL FM JUL 1     0    CLOUDY (SCALE 8-10)  0
DPTR FM NORMAL     0

[CDD (BASE 65) ]
TOTAL THIS MO.   173
DPTR FM NORMAL   -34    [PRESSURE DATA]
TOTAL FM JAN 1   999    HIGHEST SLP M ON M
DPTR FM NORMAL    96    LOWEST  SLP 29.85 ON M

[REMARKS]
