000
CXUS53 KLMK 011720
CF6LEX
PRELIMINARY LOCAL CLIMATOLOGICAL DATA (WS FORM: F-6)

                                          STATION:   LEXINGTON KY
                                          MONTH:     FEBRUARY
                                          YEAR:      2015
                                          LATITUDE:   38  1 N
                                          LONGITUDE:  84 36 W

  TEMPERATURE IN F:       :PCPN:    SNOW:  WIND      :SUNSHINE: SKY     :PK WND
================================================================================
1   2   3   4   5  6A  6B    7    8   9   10  11  12  13   14  15   16   17  18
                                     12Z  AVG MX 2MIN
DY MAX MIN AVG DEP HDD CDD  WTR  SNW DPTH SPD SPD DIR MIN PSBL S-S WX    SPD DR
================================================================================

 1  49  33  41   7  24   0 0.58  0.0    0 13.2 24 270   M    M  10 1      31 270
 2  44  22  33  -1  32   0    T    T    0 13.2 26 280   M    M  10 1      34 300
 3  37  20  29  -5  36   0 0.00  0.0    0  8.7 15 200   M    M   5        19 210
 4  52  28  40   6  25   0    T    T    0 12.3 23 340   M    M   2 1      28 330
 5  30  15  23 -12  42   0 0.02  0.3    T  9.2 22  10   M    M   4 1      29  10
 6  40  12  26  -9  39   0 0.00  0.0    0  8.1 13 220   M    M   1        16 220
 7  60  32  46  11  19   0 0.00  0.0    0 13.6 26 210   M    M   0        34 220
 8  56  48  52  17  13   0 0.01  0.0    0 15.0 28 220   M    M   6 1      37 210
 9  52  26  39   4  26   0 0.01    T    0 10.6 17 350   M    M   9 12     22 350
10  32  23  28  -8  37   0    T  0.1    T  8.3 16  10   M    M  10 1      19  20
11  46  19  33  -3  32   0 0.00  0.0    0  7.2 20 320   M    M   4 18     24 310
12  35  19  27  -9  38   0    T    T    0 14.2 24 310   M    M  10        33 300
13  31  14  23 -13  42   0 0.00  0.0    0  5.9 14 240   M    M   5        20 240
14  35   9  22 -14  43   0 0.04  0.3    0 17.4 32 310   M    M   7 1      47 300
15  22   4  13 -24  52   0 0.00  0.0    0  8.0 15 330   M    M   2        20 330
16  18   8  13 -24  52   0 1.05 10.2    2 11.8 17  50   M    M  10 12     21  80
17  21  -1  10 -27  55   0 0.00  0.0   10  7.0 13 200   M    M   3 1      15 200
18  21   1  11 -27  54   0 0.11  4.0   10 13.0 26 260   M    M   7 18     33 270
19   7  -8   0 -38  65   0 0.00  0.0    9  8.0 18 270   M    M   2 1      21 260
20  25 -18   4 -34  61   0    T  0.0    7  7.6 18 160   M    M   5 6      22 160
21  36  25  31  -7  34   0 1.18  0.5    7 11.5 24 180   M    M  10 126    32 190
22  37  28  33  -6  32   0 0.00  0.0    6  6.8 16 350   M    M   8 12     20 350
23  27   6  17 -22  48   0 0.00  0.0    5 12.5 20  30   M    M   4        23  30
24  28   5  17 -22  48   0 0.00  0.0    5  8.4 21 220   M    M   2        24 210
25  35  22  29 -11  36   0 0.00  0.0    3  5.5 13 220   M    M   3        17 220
26  33  15  24 -16  41   0    T    T    3  9.9 18 360   M    M   8        23 360
27  23   7  15 -25  50   0    T    T    3  5.0 13 360   M    M   2 1      16 360
28  34  16  25 -15  40   0    T    T    3  8.7 14  70   M    M   9        18  80
================================================================================
SM  966  430      1116   0  3.00    15.4 280.6          M      158
================================================================================
AV 34.5 15.4                              10.0 FASTST   M    M   6    MAX(MPH)
                                 MISC ---->  # 32 310               # 47  300
================================================================================
NOTES:
# LAST OF SEVERAL OCCURRENCES

COLUMN 17 PEAK WIND IN M.P.H.

PRELIMINARY LOCAL CLIMATOLOGICAL DATA (WS FORM: F-6) , PAGE 2

                                          STATION:  LEXINGTON KY
                                          MONTH:    FEBRUARY
                                          YEAR:     2015
                                          LATITUDE:   38  1 N
                                          LONGITUDE:  84 36 W

[TEMPERATURE DATA]      [PRECIPITATION DATA]       SYMBOLS USED IN COLUMN 16

AVERAGE MONTHLY: 24.9   TOTAL FOR MONTH:   3.00    1 = FOG OR MIST
DPTR FM NORMAL: -12.0   DPTR FM NORMAL:   -0.20    2 = FOG REDUCING VISIBILITY
HIGHEST:    60 ON  7    GRTST 24HR  1.18 ON 21-21      TO 1/4 MILE OR LESS
LOWEST:    -18 ON 20                               3 = THUNDER
                        SNOW, ICE PELLETS, HAIL    4 = ICE PELLETS
                        TOTAL MONTH:  15.4 INCHES  5 = HAIL
                        GRTST 24HR  10.2 ON   M    6 = FREEZING RAIN OR DRIZZLE
                        GRTST DEPTH:  10 ON 18,17  7 = DUSTSTORM OR SANDSTORM:
                                                       VSBY 1/2 MILE OR LESS
                                                   8 = SMOKE OR HAZE
[NO. OF DAYS WITH]      [WEATHER - DAYS WITH]      9 = BLOWING SNOW
                                                   X = TORNADO
MAX 32 OR BELOW:  12    0.01 INCH OR MORE:   8
MAX 90 OR ABOVE:   0    0.10 INCH OR MORE:   4
MIN 32 OR BELOW:  26    0.50 INCH OR MORE:   3
MIN  0 OR BELOW:   3    1.00 INCH OR MORE:   2

[HDD (BASE 65) ]
TOTAL THIS MO.  1116    CLEAR  (SCALE 0-3)   8
DPTR FM NORMAL   328    PTCLDY (SCALE 4-7)  12
TOTAL FM JUL 1  3978    CLOUDY (SCALE 8-10)  8
DPTR FM NORMAL   407

[CDD (BASE 65) ]
TOTAL THIS MO.     0
DPTR FM NORMAL     0    [PRESSURE DATA]
TOTAL FM JAN 1     0    HIGHEST SLP 30.72 ON 28
DPTR FM NORMAL     0    LOWEST  SLP 29.55 ON  1

[REMARKS]
#FINAL-02-15#
